2021-11-14 20:45:37.576 1837-2422/? E/BtGatt.GattService: [GSIM LOG]: gsimLogHandler, msg: MESSAGE_SCAN_STOP, appName: com.google.uid.shared, scannerId: 4, reportDelayMillis=0
2021-11-14 20:45:37.576 1837-2422/? W/BtGatt.GattService: [GSIM LOG]: this is opportunistic scan, do not update DB
2021-11-14 20:45:37.576 1837-1855/? D/BtGatt.ContextMap: remove() - id: 4
2021-11-14 20:45:37.576 1837-1855/? E/BtGatt.ContextMap: remove() - removed: 4
2021-11-14 20:45:37.577 28734-29214/? I/Nearby: M hardware scan: 1 clients, scanMode= LOW_LATENCY, callback type= ALL_MATCHES [CONTEXT service_id=49 ]
2021-11-14 20:45:37.577 28734-29214/? D/BluetoothAdapter: STATE_ON
2021-11-14 20:45:37.578 28734-29214/? D/BluetoothAdapter: STATE_ON
2021-11-14 20:45:37.578 28734-29214/? D/BluetoothLeScanner: Start Scan with callback
2021-11-14 20:45:37.579 31263-31263/? I/HONEYBOARD: c onCapabilityChanged network = 615
2021-11-14 20:45:37.579 31263-31263/? I/HONEYBOARD: c onCapabilityChanged resetStates
2021-11-14 20:45:37.579 1837-1855/? D/BtGatt.ContextMap: add() - appUid: 10041, appPid: 28734, appName: com.google.uid.shared
2021-11-14 20:45:37.580 1837-2623/? I/bt_stack: [INFO:gatt_api.cc(958)] GATT_Register a4fed4e0-70cc-4ec2-8788-fb9374a2b3fb
2021-11-14 20:45:37.580 1837-2623/? I/bt_stack: [INFO:gatt_api.cc(995)] allocated gatt_if=4
2021-11-14 20:45:37.580 1837-1996/? D/BtGatt.GattService: onScannerRegistered() - UUID=a4fed4e0-70cc-4ec2-8788-fb9374a2b3fb, scannerId=4, status=0
2021-11-14 20:45:37.580 28734-29118/? D/BluetoothAdapter: STATE_ON
2021-11-14 20:45:37.580 3669-4090/? D/KnoxHelper: getActivityList callingUserId: 0, target user: 0
2021-11-14 20:45:37.580 28734-25581/? D/BluetoothLeScanner: onScannerRegistered() - status=0 scannerId=4 mScannerId=0
2021-11-14 20:45:37.580 31263-31263/? E/HONEYBOARD: c activeNetwork is null
2021-11-14 20:45:37.581 28734-29118/? I/NearbyDiscovery: FastPairScanner2: eventType=SCREEN_ON, intReq=false, scanning=false, scanAllowed=true, bleEnabled=true, bleScanAvailable=true, lockScanRate=false [CONTEXT service_id=49 ]
2021-11-14 20:45:37.582 3669-4090/? D/KnoxHelper: getActivityList callingUserId: 0, target user: 0
2021-11-14 20:45:37.582 1837-1855/? D/BluetoothAdapter: STATE_ON
2021-11-14 20:45:37.583 3669-4090/? D/KnoxHelper: getActivityList callingUserId: 0, target user: 0
2021-11-14 20:45:37.584 791-2621/? I/vendor.qti.bluetooth@1.0-ibs_handler: ProcessIbsCmd: Received IBS_SLEEP_IND: 0xFE
2021-11-14 20:45:37.585 3669-4090/? D/KnoxHelper: getActivityList callingUserId: 0, target user: 0
2021-11-14 20:45:37.585 1837-2420/? D/BluetoothAdapter: STATE_ON
2021-11-14 20:45:37.586 3669-4090/? D/KnoxHelper: getActivityList callingUserId: 0, target user: 0
2021-11-14 20:45:37.586 1837-2422/? E/BtGatt.GattService: [GSIM LOG]: gsimLogHandler, msg: MESSAGE_SCAN_START, appName: com.google.uid.shared, scannerId: 4, reportDelayMillis=0
2021-11-14 20:45:37.586 1837-2420/? D/BluetoothAdapter: STATE_ON
2021-11-14 20:45:37.586 1837-2420/? D/BluetoothAdapter: STATE_ON
2021-11-14 20:45:37.587 28734-28990/? I/NearbySharing: Fast Initiation Scanning has stopped [CONTEXT service_id=194 ]
2021-11-14 20:45:37.587 3669-4090/? D/KnoxHelper: getActivityList callingUserId: 0, target user: 0
2021-11-14 20:45:37.587 791-2621/? I/vendor.qti.bluetooth@1.0-ibs_handler: ProcessIbsCmd: Received IBS_WAKE_IND: 0xFD
2021-11-14 20:45:37.587 791-2621/? I/vendor.qti.bluetooth@1.0-ibs_handler: ProcessIbsCmd: Writing IBS_WAKE_ACK
2021-11-14 20:45:37.588 1837-2420/? D/BtGatt.ScanManager: configureFilterParamter() : onFoundTimeout | onLostTimeout | onFoundCount | numOfTrackingEntries | scanFilterRssiThreshold | trackableScanFilterRssiThreshold | matchMode
2021-11-14 20:45:37.588 1837-2420/? D/BtGatt.ScanManager: configureFilterParamter() : __________500__|________10000__|___________1__|___________________0__|___________________-128__|____________________________-128__|________1_
2021-11-14 20:45:37.590 3669-4090/? D/KnoxHelper: getActivityList callingUserId: 0, target user: 0
2021-11-14 20:45:37.591 3669-4090/? I/chatty: uid=10136(com.google.android.as) aiai-app-predic identical 1 line
2021-11-14 20:45:37.593 3669-4090/? D/KnoxHelper: getActivityList callingUserId: 0, target user: 0
2021-11-14 20:45:37.595 1837-2420/? D/BtGatt.ScanManager: configureFilterParamter() : onFoundTimeout | onLostTimeout | onFoundCount | numOfTrackingEntries | scanFilterRssiThreshold | trackableScanFilterRssiThreshold | matchMode
2021-11-14 20:45:37.595 1837-2420/? D/BtGatt.ScanManager: configureFilterParamter() : __________500__|________10000__|___________1__|___________________0__|___________________-128__|____________________________-128__|________1_
2021-11-14 20:45:37.596 1246-1246/? D/PowerManagerService: [PWL] sb release: PowerManagerService.Broadcasts
2021-11-14 20:45:37.596 3669-4090/? D/KnoxHelper: getActivityList callingUserId: 0, target user: 0
2021-11-14 20:45:37.599 1837-2420/? D/BtGatt.ScanManager: configureFilterParamter() : onFoundTimeout | onLostTimeout | onFoundCount | numOfTrackingEntries | scanFilterRssiThreshold | trackableScanFilterRssiThreshold | matchMode
2021-11-14 20:45:37.599 1837-2420/? D/BtGatt.ScanManager: configureFilterParamter() : __________500__|________10000__|___________1__|___________________0__|___________________-128__|____________________________-128__|________1_
2021-11-14 20:45:37.601 3669-4090/? D/KnoxHelper: getActivityList callingUserId: 0, target user: 0
2021-11-14 20:45:37.601 1837-2420/? D/BtGatt.ScanManager: configureFilterParamter() : onFoundTimeout | onLostTimeout | onFoundCount | numOfTrackingEntries | scanFilterRssiThreshold | trackableScanFilterRssiThreshold | matchMode
2021-11-14 20:45:37.601 1837-2420/? D/BtGatt.ScanManager: configureFilterParamter() : __________500__|________10000__|___________1__|___________________0__|___________________-128__|____________________________-128__|________1_
2021-11-14 20:45:37.602 3669-4090/? D/KnoxHelper: getActivityList callingUserId: 0, target user: 0
2021-11-14 20:45:37.602 3182-13249/? I/DiscoveryManager: Filter criteria(%urn:x-cast:com.google.cast.media) scannerFlags(0)
2021-11-14 20:45:37.603 1837-2420/? D/BtGatt.ScanManager: configureFilterParamter() : onFoundTimeout | onLostTimeout | onFoundCount | numOfTrackingEntries | scanFilterRssiThreshold | trackableScanFilterRssiThreshold | matchMode
2021-11-14 20:45:37.603 1837-2420/? D/BtGatt.ScanManager: configureFilterParamter() : __________500__|________10000__|___________1__|___________________0__|___________________-128__|____________________________-128__|________1_
2021-11-14 20:45:37.604 3669-4090/? D/KnoxHelper: getActivityList callingUserId: 0, target user: 0
2021-11-14 20:45:37.605 3182-13249/? W/GuestModeDeviceProber: setFilterCriteria
2021-11-14 20:45:37.605 1837-2623/? W/bt_btm: btm_ble_disable_resolving_list() rl_state = 0x0, rl_mask = 0x2, to_resume = 1
2021-11-14 20:45:37.605 3669-4090/? D/KnoxHelper: getActivityList callingUserId: 0, target user: 0
2021-11-14 20:45:37.605 1837-2623/? W/bt_btm: btm_ble_disable_resolving_list() rl_state = 0x0, rl_mask = 0x2, to_resume = 1
2021-11-14 20:45:37.605 1837-2623/? W/bt_btm: btm_ble_disable_resolving_list() rl_state = 0x0, rl_mask = 0x2, to_resume = 1
2021-11-14 20:45:37.607 3669-4090/? D/KnoxHelper: getActivityList callingUserId: 0, target user: 0
2021-11-14 20:45:37.607 28734-28734/? D/BoundBrokerSvc: onRebind: Intent { act=com.google.android.gms.clearcut.bootcount.service.START cmp=com.google.android.gms/.chimera.PersistentBoundBrokerService }
2021-11-14 20:45:37.608 3669-4090/? D/KnoxHelper: getActivityList callingUserId: 0, target user: 0
2021-11-14 20:45:37.610 3669-4090/? I/chatty: uid=10136(com.google.android.as) aiai-app-predic identical 1 line
2021-11-14 20:45:37.611 3669-4090/? D/KnoxHelper: getActivityList callingUserId: 0, target user: 0
2021-11-14 20:45:37.611 28734-29118/? I/NearbyDiscovery: FastPairScanner2: isScreenOn=true, scanWithScreenOff=false, isLocationEnabled=true, disableLocationRequirement=false, isDiscoveryScanningEnabled=true [CONTEXT service_id=49 ]
2021-11-14 20:45:37.613 3669-4090/? D/KnoxHelper: getActivityList callingUserId: 0, target user: 0
2021-11-14 20:45:37.614 28734-29118/? D/BluetoothAdapter: STATE_ON
2021-11-14 20:45:37.614 3669-4090/? D/KnoxHelper: getActivityList callingUserId: 0, target user: 0
2021-11-14 20:45:37.615 28734-29118/? D/BluetoothAdapter: STATE_ON
2021-11-14 20:45:37.615 28734-29118/? D/BluetoothLeScanner: Start Scan with callback
2021-11-14 20:45:37.616 3669-4090/? D/KnoxHelper: getActivityList callingUserId: 0, target user: 0
2021-11-14 20:45:37.616 1837-1855/? D/BtGatt.ContextMap: add() - appUid: 10041, appPid: 28734, appName: com.google.uid.shared
2021-11-14 20:45:37.616 1837-2623/? I/bt_stack: [INFO:gatt_api.cc(958)] GATT_Register 77e2ed5f-1380-4a31-a8de-f8220883ebb0
2021-11-14 20:45:37.616 1837-2623/? I/bt_stack: [INFO:gatt_api.cc(995)] allocated gatt_if=5
2021-11-14 20:45:37.617 1837-1996/? D/BtGatt.GattService: onScannerRegistered() - UUID=77e2ed5f-1380-4a31-a8de-f8220883ebb0, scannerId=5, status=0
2021-11-14 20:45:37.617 28734-29100/? D/BluetoothLeScanner: onScannerRegistered() - status=0 scannerId=5 mScannerId=0
2021-11-14 20:45:37.617 3669-4090/? D/KnoxHelper: getActivityList callingUserId: 0, target user: 0
2021-11-14 20:45:37.618 1837-1855/? D/BluetoothAdapter: STATE_ON
2021-11-14 20:45:37.619 3669-4090/? D/KnoxHelper: getActivityList callingUserId: 0, target user: 0
2021-11-14 20:45:37.620 28734-29118/? I/NearbyDiscovery: FastPairScanner2: Starting LOW_LATENCY_SCANNING scan for 6 seconds [CONTEXT service_id=49 ]
2021-11-14 20:45:37.620 1837-2420/? D/BluetoothAdapter: STATE_ON
2021-11-14 20:45:37.620 3669-4090/? D/KnoxHelper: getActivityList callingUserId: 0, target user: 0
2021-11-14 20:45:37.621 1837-2422/? E/BtGatt.GattService: [GSIM LOG]: gsimLogHandler, msg: MESSAGE_SCAN_START, appName: com.google.uid.shared, scannerId: 5, reportDelayMillis=0
2021-11-14 20:45:37.621 1837-2420/? D/BluetoothAdapter: STATE_ON
2021-11-14 20:45:37.621 1837-2420/? D/BluetoothAdapter: STATE_ON
2021-11-14 20:45:37.622 3860-3860/? I/[MCFServer]_BleScanner(Subscriber): buildScanFilters - # of service = 1, Data = [02140000050100000001], Mask = [FFFF0000FFFF00000001]
2021-11-14 20:45:37.622 3860-3860/? I/[MCFServer]_BleScanner(Subscriber): startScan - starting scanning
2021-11-14 20:45:37.622 3669-4090/? D/KnoxHelper: getActivityList callingUserId: 0, target user: 0
2021-11-14 20:45:37.623 1837-2420/? D/BtGatt.ScanManager: configureFilterParamter() : onFoundTimeout | onLostTimeout | onFoundCount | numOfTrackingEntries | scanFilterRssiThreshold | trackableScanFilterRssiThreshold | matchMode
2021-11-14 20:45:37.623 1837-2420/? D/BtGatt.ScanManager: configureFilterParamter() : __________500__|________10000__|___________1__|___________________0__|___________________-128__|____________________________-128__|________1_
2021-11-14 20:45:37.623 3860-3860/? D/BluetoothAdapter: STATE_ON
2021-11-14 20:45:37.623 3669-4090/? D/KnoxHelper: getActivityList callingUserId: 0, target user: 0
2021-11-14 20:45:37.624 3860-3860/? D/BluetoothAdapter: STATE_ON
2021-11-14 20:45:37.624 3860-3860/? D/BluetoothLeScanner: Start Scan with callback
2021-11-14 20:45:37.625 1837-14527/? D/BtGatt.ContextMap: add() - appUid: 1000, appPid: 3860, appName: android.uid.system
2021-11-14 20:45:37.625 1837-2623/? I/bt_stack: [INFO:gatt_api.cc(958)] GATT_Register d95e0f36-c03e-4305-96a5-a298bf25c35b
2021-11-14 20:45:37.625 1837-2623/? I/bt_stack: [INFO:gatt_api.cc(995)] allocated gatt_if=6
2021-11-14 20:45:37.625 1837-1996/? D/BtGatt.GattService: onScannerRegistered() - UUID=d95e0f36-c03e-4305-96a5-a298bf25c35b, scannerId=6, status=0
2021-11-14 20:45:37.625 3860-12242/? D/BluetoothLeScanner: onScannerRegistered() - status=0 scannerId=6 mScannerId=0
2021-11-14 20:45:37.625 1837-14527/? D/BluetoothAdapter: STATE_ON
2021-11-14 20:45:37.627 3669-4090/? D/KnoxHelper: getActivityList callingUserId: 0, target user: 0
2021-11-14 20:45:37.629 1837-2420/? D/BluetoothAdapter: STATE_ON
2021-11-14 20:45:37.630 3669-4090/? D/KnoxHelper: getActivityList callingUserId: 0, target user: 0
2021-11-14 20:45:37.630 1837-2422/? E/BtGatt.GattService: [GSIM LOG]: gsimLogHandler, msg: MESSAGE_SCAN_START, appName: android.uid.system, scannerId: 6, reportDelayMillis=0
2021-11-14 20:45:37.630 1837-2420/? D/BluetoothAdapter: STATE_ON
2021-11-14 20:45:37.630 1837-2420/? D/BluetoothAdapter: STATE_ON
2021-11-14 20:45:37.632 1837-2420/? D/BtGatt.ScanManager: configureFilterParamter() : onFoundTimeout | onLostTimeout | onFoundCount | numOfTrackingEntries | scanFilterRssiThreshold | trackableScanFilterRssiThreshold | matchMode
2021-11-14 20:45:37.632 1837-2420/? D/BtGatt.ScanManager: configureFilterParamter() : __________500__|________10000__|___________1__|___________________0__|___________________-128__|____________________________-128__|________1_
2021-11-14 20:45:37.635 3182-3182/? D/BoundBrokerSvc: onBind: Intent { act=com.google.android.gms.mdns.service.START cmp=com.google.android.gms/.chimera.GmsBoundBrokerService }
2021-11-14 20:45:37.635 3182-3182/? D/BoundBrokerSvc: Loading bound service for intent: Intent { act=com.google.android.gms.mdns.service.START cmp=com.google.android.gms/.chimera.GmsBoundBrokerService }
2021-11-14 20:45:37.641 8133-8202/? I/BeaconManager[10.0.41.0]: BleScanHelper.startBleScan - Start filter Scan(SCREEN_ON)
2021-11-14 20:45:37.641 8133-8202/? D/BeaconManager[10.0.41.0]: BleScanHelper.getMyScanPreferences - interval:3120, window:160
2021-11-14 20:45:37.642 8133-8202/? D/BluetoothAdapter: STATE_ON
2021-11-14 20:45:37.642 8133-8202/? D/BluetoothAdapter: STATE_ON
2021-11-14 20:45:37.642 8133-8202/? D/BluetoothLeScanner: Start Scan with callback
2021-11-14 20:45:37.643 1837-14527/? D/BtGatt.ContextMap: add() - appUid: 5006, appPid: 8133, appName: android.uid.bcmgr
2021-11-14 20:45:37.643 1837-2623/? I/bt_stack: [INFO:gatt_api.cc(958)] GATT_Register 86885518-6ed0-44b1-9e4f-e6996ca8a2ce
2021-11-14 20:45:37.643 1837-2623/? I/bt_stack: [INFO:gatt_api.cc(995)] allocated gatt_if=7
2021-11-14 20:45:37.643 1837-1996/? D/BtGatt.GattService: onScannerRegistered() - UUID=86885518-6ed0-44b1-9e4f-e6996ca8a2ce, scannerId=7, status=0
2021-11-14 20:45:37.643 8133-22672/? D/BluetoothLeScanner: onScannerRegistered() - status=0 scannerId=7 mScannerId=0
2021-11-14 20:45:37.644 1837-14527/? D/BluetoothAdapter: STATE_ON
2021-11-14 20:45:37.646 1837-2420/? D/BluetoothAdapter: STATE_ON
2021-11-14 20:45:37.647 1837-2422/? E/BtGatt.GattService: [GSIM LOG]: gsimLogHandler, msg: MESSAGE_SCAN_START, appName: android.uid.bcmgr, scannerId: 7, reportDelayMillis=0
2021-11-14 20:45:37.647 1837-2420/? D/BluetoothAdapter: STATE_ON
2021-11-14 20:45:37.647 1837-2420/? D/BluetoothAdapter: STATE_ON
2021-11-14 20:45:37.649 1837-2420/? D/BtGatt.ScanManager: configureFilterParamter() : onFoundTimeout | onLostTimeout | onFoundCount | numOfTrackingEntries | scanFilterRssiThreshold | trackableScanFilterRssiThreshold | matchMode
2021-11-14 20:45:37.649 1837-2420/? D/BtGatt.ScanManager: configureFilterParamter() : __________500__|________10000__|___________1__|___________________0__|___________________-128__|____________________________-128__|________1_
2021-11-14 20:45:37.649 3182-19368/? D/ConnectivityManager: requestNetwork; CallingUid : 10041, CallingPid : 3182
2021-11-14 20:45:37.650 1837-2420/? D/BtGatt.ScanManager: configureFilterParamter() : onFoundTimeout | onLostTimeout | onFoundCount | numOfTrackingEntries | scanFilterRssiThreshold | trackableScanFilterRssiThreshold | matchMode
2021-11-14 20:45:37.650 1837-2420/? D/BtGatt.ScanManager: configureFilterParamter() : __________500__|________10000__|___________1__|___________________0__|___________________-128__|____________________________-128__|________1_
2021-11-14 20:45:37.651 1246-3796/? D/ConnectivityService: listenForNetwork for uid/pid:10041/3182 NetworkRequest [ LISTEN id=14719, [ Transports: WIFI Capabilities: NOT_RESTRICTED&TRUSTED&NOT_VPN Uid: 10041] ]
2021-11-14 20:45:37.651 1246-1680/? D/ConnectivityService: rematching NetworkAgentInfo [WIFI () - 615]
2021-11-14 20:45:37.651 1246-1680/? D/ConnectivityService: network has: [ Transports: WIFI Capabilities: NOT_METERED&INTERNET&NOT_RESTRICTED&TRUSTED&NOT_VPN&VALIDATED&NOT_ROAMING&FOREGROUND&NOT_CONGESTED&NOT_SUSPENDED LinkUpBandwidth>=1048576Kbps LinkDnBandwidth>=1048576Kbps Specifier: SignalStrength: -71 SSID: "NETGEAR17"]
2021-11-14 20:45:37.651 1246-1680/? D/ConnectivityService: Network NetworkAgentInfo [WIFI () - 615] was already satisfying request 1. No change.
2021-11-14 20:45:37.651 1246-1680/? D/ConnectivityService: Network NetworkAgentInfo [WIFI () - 615] was already satisfying request 8. No change.
2021-11-14 20:45:37.651 1246-1680/? D/ConnectivityService: Network NetworkAgentInfo [WIFI () - 615] was already satisfying request 14. No change.
2021-11-14 20:45:37.651 1246-1680/? D/ConnectivityService: Network NetworkAgentInfo [WIFI () - 615] was already satisfying request 14644. No change.
2021-11-14 20:45:37.651 1246-1680/? D/ConnectivityService: Network NetworkAgentInfo [WIFI () - 615] was already satisfying request 20. No change.
2021-11-14 20:45:37.651 1246-1680/? D/ConnectivityService: Network NetworkAgentInfo [WIFI () - 615] was already satisfying request 11533. No change.
2021-11-14 20:45:37.651 1246-1680/? D/ConnectivityService: Network NetworkAgentInfo [WIFI () - 615] was already satisfying request 14573. No change.
2021-11-14 20:45:37.651 1246-1680/? D/ConnectivityService: Network NetworkAgentInfo [WIFI () - 615] was already satisfying request 14585. No change.
2021-11-14 20:45:37.651 1246-1680/? D/ConnectivityService: Network NetworkAgentInfo [WIFI () - 615] was already satisfying request 23. No change.
2021-11-14 20:45:37.651 1246-1680/? D/ConnectivityService: Network NetworkAgentInfo [WIFI () - 615] was already satisfying request 14574. No change.
2021-11-14 20:45:37.651 1246-1680/? D/ConnectivityService: Network NetworkAgentInfo [WIFI () - 615] was already satisfying request 14114. No change.
2021-11-14 20:45:37.651 1246-1680/? D/ConnectivityService: Network NetworkAgentInfo [WIFI () - 615] was already satisfying request 14698. No change.
2021-11-14 20:45:37.651 1246-1680/? D/ConnectivityService: Network NetworkAgentInfo [WIFI () - 615] was already satisfying request 14112. No change.
2021-11-14 20:45:37.651 1246-1680/? D/ConnectivityService: Network NetworkAgentInfo [WIFI () - 615] was already satisfying request 14701. No change.
2021-11-14 20:45:37.651 1246-1680/? D/ConnectivityService: Network NetworkAgentInfo [WIFI () - 615] was already satisfying request 13. No change.
2021-11-14 20:45:37.651 1246-1680/? D/ConnectivityService: Network NetworkAgentInfo [WIFI () - 615] was already satisfying request 14643. No change.
2021-11-14 20:45:37.652 1246-1680/? D/ConnectivityService: sending notification CALLBACK_AVAILABLE for NetworkRequest [ LISTEN id=14719, [ Transports: WIFI Capabilities: NOT_RESTRICTED&TRUSTED&NOT_VPN Uid: 10041] ]
2021-11-14 20:45:37.652 1837-2420/? D/BtGatt.ScanManager: configureFilterParamter() : onFoundTimeout | onLostTimeout | onFoundCount | numOfTrackingEntries | scanFilterRssiThreshold | trackableScanFilterRssiThreshold | matchMode
2021-11-14 20:45:37.652 1837-2420/? D/BtGatt.ScanManager: configureFilterParamter() : __________500__|________10000__|___________1__|___________________0__|___________________-128__|____________________________-128__|________1_
2021-11-14 20:45:37.654 1837-2420/? D/BtGatt.ScanManager: configureFilterParamter() : onFoundTimeout | onLostTimeout | onFoundCount | numOfTrackingEntries | scanFilterRssiThreshold | trackableScanFilterRssiThreshold | matchMode
2021-11-14 20:45:37.654 1837-2420/? D/BtGatt.ScanManager: configureFilterParamter() : __________500__|________10000__|___________1__|___________________0__|___________________-128__|____________________________-128__|________1_
2021-11-14 20:45:37.656 1837-2420/? D/BtGatt.ScanManager: configureFilterParamter() : onFoundTimeout | onLostTimeout | onFoundCount | numOfTrackingEntries | scanFilterRssiThreshold | trackableScanFilterRssiThreshold | matchMode
2021-11-14 20:45:37.656 1837-2420/? D/BtGatt.ScanManager: configureFilterParamter() : __________500__|________10000__|___________1__|___________________0__|___________________-128__|____________________________-128__|________1_
2021-11-14 20:45:37.658 1837-2420/? D/BtGatt.ScanManager: configureFilterParamter() : onFoundTimeout | onLostTimeout | onFoundCount | numOfTrackingEntries | scanFilterRssiThreshold | trackableScanFilterRssiThreshold | matchMode
2021-11-14 20:45:37.658 1837-2420/? D/BtGatt.ScanManager: configureFilterParamter() : __________500__|________10000__|___________1__|___________________0__|___________________-128__|____________________________-128__|________1_
2021-11-14 20:45:37.660 1837-1996/? D/BtGatt.GattService: onScanResult to scannerId: 4- eventType=0x10, addressType=0, address=5C:1, primaryPhy=1, secondaryPhy=0, advertisingSid=0xff, txPower=127, rssi=-69, periodicAdvInt=0x0
2021-11-14 20:45:37.660 1837-2420/? D/BtGatt.ScanManager: configureFilterParamter() : onFoundTimeout | onLostTimeout | onFoundCount | numOfTrackingEntries | scanFilterRssiThreshold | trackableScanFilterRssiThreshold | matchMode
2021-11-14 20:45:37.661 1837-2420/? D/BtGatt.ScanManager: configureFilterParamter() : __________500__|________10000__|___________1__|___________________0__|___________________-128__|____________________________-128__|________1_
2021-11-14 20:45:37.662 1837-2420/? D/BtGatt.ScanManager: configureFilterParamter() : onFoundTimeout | onLostTimeout | onFoundCount | numOfTrackingEntries | scanFilterRssiThreshold | trackableScanFilterRssiThreshold | matchMode
2021-11-14 20:45:37.662 1837-2420/? D/BtGatt.ScanManager: configureFilterParamter() : __________500__|________10000__|___________1__|___________________0__|___________________-128__|____________________________-128__|________1_
2021-11-14 20:45:37.664 1837-2420/? D/BtGatt.ScanManager: configureFilterParamter() : onFoundTimeout | onLostTimeout | onFoundCount | numOfTrackingEntries | scanFilterRssiThreshold | trackableScanFilterRssiThreshold | matchMode
2021-11-14 20:45:37.664 1837-2420/? D/BtGatt.ScanManager: configureFilterParamter() : __________500__|________10000__|___________1__|___________________0__|___________________-128__|____________________________-128__|________1_
2021-11-14 20:45:37.666 1837-2420/? D/BtGatt.ScanManager: configureFilterParamter() : onFoundTimeout | onLostTimeout | onFoundCount | numOfTrackingEntries | scanFilterRssiThreshold | trackableScanFilterRssiThreshold | matchMode
2021-11-14 20:45:37.666 1837-2420/? D/BtGatt.ScanManager: configureFilterParamter() : __________500__|________10000__|___________1__|___________________0__|___________________-128__|____________________________-128__|________1_
2021-11-14 20:45:37.668 1837-2420/? D/BtGatt.ScanManager: configureFilterParamter() : onFoundTimeout | onLostTimeout | onFoundCount | numOfTrackingEntries | scanFilterRssiThreshold | trackableScanFilterRssiThreshold | matchMode
2021-11-14 20:45:37.668 1837-2420/? D/BtGatt.ScanManager: configureFilterParamter() : __________500__|________10000__|___________1__|___________________0__|___________________-128__|____________________________-128__|________1_
2021-11-14 20:45:37.670 1837-2420/? D/BtGatt.ScanManager: configureFilterParamter() : onFoundTimeout | onLostTimeout | onFoundCount | numOfTrackingEntries | scanFilterRssiThreshold | trackableScanFilterRssiThreshold | matchMode
2021-11-14 20:45:37.670 1837-2420/? D/BtGatt.ScanManager: configureFilterParamter() : __________500__|________10000__|___________1__|___________________0__|___________________-128__|____________________________-128__|________1_
2021-11-14 20:45:37.671 1837-2420/? D/BtGatt.ScanManager: configureFilterParamter() : onFoundTimeout | onLostTimeout | onFoundCount | numOfTrackingEntries | scanFilterRssiThreshold | trackableScanFilterRssiThreshold | matchMode
2021-11-14 20:45:37.671 1837-2420/? D/BtGatt.ScanManager: configureFilterParamter() : __________500__|________10000__|___________1__|___________________0__|___________________-128__|____________________________-128__|________1_
2021-11-14 20:45:37.673 1246-3796/? I/WifiService: acquireMulticastLock uid=10041
2021-11-14 20:45:37.713 791-2621/? I/vendor.qti.bluetooth@1.0-ibs_handler: ProcessIbsCmd: Received IBS_SLEEP_IND: 0xFE
2021-11-14 20:45:37.732 3182-3226/? W/MdnsDeviceScannerEntry: Invalid remote control notifications enabled status; 0
2021-11-14 20:45:37.732 3182-3226/? I/DeviceScanner: [MDNS] Received response from "VIZIOCastAudio0573" (84ee32e8c982fd4d56f733ff665e0228) with result "1 New device"
2021-11-14 20:45:37.734 3182-3226/? W/MdnsDeviceScannerEntry: Invalid remote control notifications enabled status; 0
2021-11-14 20:45:37.769 791-2621/? I/vendor.qti.bluetooth@1.0-ibs_handler: ProcessIbsCmd: Received IBS_WAKE_IND: 0xFD
2021-11-14 20:45:37.769 791-2621/? I/vendor.qti.bluetooth@1.0-ibs_handler: ProcessIbsCmd: Writing IBS_WAKE_ACK
2021-11-14 20:45:37.770 1837-1996/? D/BtGatt.GattService: onScanResult to scannerId: 4- eventType=0x10, addressType=0, address=5C:1, primaryPhy=1, secondaryPhy=0, advertisingSid=0xff, txPower=127, rssi=-69, periodicAdvInt=0x0
2021-11-14 20:45:37.783 1246-3455/? D/WifiConnectivityMonitor.DnsThread: [|201]
2021-11-14 20:45:37.783 1246-1767/? D/WifiConnectivityMonitor: DNS resultType : 0, responseTime : 201
2021-11-14 20:45:37.783 1246-1766/? D/WifiConnectivityMonitor: updateBssidLatestDnsResultType - result: 0
2021-11-14 20:45:37.810 791-2621/? I/vendor.qti.bluetooth@1.0-ibs_handler: ProcessIbsCmd: Received IBS_SLEEP_IND: 0xFE
2021-11-14 20:45:37.839 3182-3226/? W/TcpProberDeviceController: [TcpProberDeviceController-1] Failed to parse RCN enabled status from discovery info message.
2021-11-14 20:45:37.887 791-2621/? I/vendor.qti.bluetooth@1.0-ibs_handler: ProcessIbsCmd: Received IBS_WAKE_IND: 0xFD
2021-11-14 20:45:37.887 791-2621/? I/vendor.qti.bluetooth@1.0-ibs_handler: ProcessIbsCmd: Writing IBS_WAKE_ACK
2021-11-14 20:45:37.888 1837-1996/? D/BtGatt.GattService: onScanResult to scannerId: 4- eventType=0x10, addressType=0, address=5C:1, primaryPhy=1, secondaryPhy=0, advertisingSid=0xff, txPower=127, rssi=-69, periodicAdvInt=0x0
2021-11-14 20:45:37.927 791-2621/? I/vendor.qti.bluetooth@1.0-ibs_handler: ProcessIbsCmd: Received IBS_SLEEP_IND: 0xFE
2021-11-14 20:45:37.953 1246-2640/? D/BluetoothAdapter: STATE_ON
2021-11-14 20:45:37.954 1246-2640/? I/SemWifiApSmartBleScanner: Preconditions BLE is ON
2021-11-14 20:45:37.956 1246-2640/? D/BluetoothAdapter: STATE_ON
2021-11-14 20:45:37.958 1246-2640/? E/SemWifiApSmartBleScanner: mMhsD2dFilter:BluetoothLeScanFilter [mDeviceName=null, mDeviceAddress=null, mUuid=null, mUuidMask=null, mServiceSolicitationUuid=null, mServiceSolicitationUuidMask=null, mServiceDataUuid=null, mServiceData=null, mServiceDataMask=null, mManufacturerId=75, mManufacturerData=01 12 00 00 00 00 00 00 00 00 03 00 00 00 00 00 00 00 00 00 00 00 00 00, mManufacturerDataMask=00 FF 00 00 00 00 00 00 00 00 FF 00 00 00 00 00 00 00 00 00 00 00 00 00, mTransportBlock=null, mTransportBlockMask=null]
2021-11-14 20:45:37.958 1246-2640/? D/BluetoothAdapter: STATE_ON
2021-11-14 20:45:37.958 1246-2640/? D/BluetoothAdapter: STATE_ON
2021-11-14 20:45:37.958 1246-2640/? D/BluetoothLeScanner: Start Scan with callback
2021-11-14 20:45:37.959 1837-14527/? D/BtGatt.ContextMap: add() - appUid: 1000, appPid: 1246, appName: android.uid.system
2021-11-14 20:45:37.959 1837-2623/? I/bt_stack: [INFO:gatt_api.cc(958)] GATT_Register 3603ec0f-3a31-4f28-8850-1a58a24bb167
2021-11-14 20:45:37.959 1837-2623/? I/bt_stack: [INFO:gatt_api.cc(995)] allocated gatt_if=9
2021-11-14 20:45:37.959 1837-1996/? D/BtGatt.GattService: onScannerRegistered() - UUID=3603ec0f-3a31-4f28-8850-1a58a24bb167, scannerId=9, status=0
2021-11-14 20:45:37.959 1246-2165/? D/BluetoothLeScanner: onScannerRegistered() - status=0 scannerId=9 mScannerId=0
2021-11-14 20:45:37.960 1837-14527/? D/BluetoothAdapter: STATE_ON
2021-11-14 20:45:37.961 1246-2640/? I/SemWifiApSmartBleScanner: Started scanning
2021-11-14 20:45:37.961 1837-2420/? D/BluetoothAdapter: STATE_ON
2021-11-14 20:45:37.963 1837-2422/? E/BtGatt.GattService: [GSIM LOG]: gsimLogHandler, msg: MESSAGE_SCAN_START, appName: android.uid.system, scannerId: 9, reportDelayMillis=0
2021-11-14 20:45:37.963 1837-2420/? D/BluetoothAdapter: STATE_ON
2021-11-14 20:45:37.963 1837-2420/? D/BluetoothAdapter: STATE_ON
2021-11-14 20:45:37.964 791-2621/? I/vendor.qti.bluetooth@1.0-ibs_handler: ProcessIbsCmd: Received IBS_WAKE_IND: 0xFD
2021-11-14 20:45:37.964 791-2621/? I/vendor.qti.bluetooth@1.0-ibs_handler: ProcessIbsCmd: Writing IBS_WAKE_ACK
2021-11-14 20:45:37.965 1837-2420/? D/BtGatt.ScanManager: configureFilterParamter() : onFoundTimeout | onLostTimeout | onFoundCount | numOfTrackingEntries | scanFilterRssiThreshold | trackableScanFilterRssiThreshold | matchMode
2021-11-14 20:45:37.965 1837-2420/? D/BtGatt.ScanManager: configureFilterParamter() : __________500__|________10000__|___________1__|___________________0__|___________________-128__|____________________________-128__|________1_
2021-11-14 20:45:38.002 1837-1996/? D/BtGatt.GattService: onScanResult to scannerId: 4- eventType=0x10, addressType=0, address=5C:1, primaryPhy=1, secondaryPhy=0, advertisingSid=0xff, txPower=127, rssi=-69, periodicAdvInt=0x0
2021-11-14 20:45:38.041 791-2621/? I/vendor.qti.bluetooth@1.0-ibs_handler: ProcessIbsCmd: Received IBS_SLEEP_IND: 0xFE
2021-11-14 20:45:38.086 1246-1246/? D/CustomFrequencyManagerService: releaseDVFSLockLocked : Getting Lock type frm List : DVFS_MIN_LIMIT frequency : 2841600 uid : 1000 pid : 1246 tag : APP_LAUNCH@CPU_MIN@66
2021-11-14 20:45:38.114 791-2621/? I/vendor.qti.bluetooth@1.0-ibs_handler: ProcessIbsCmd: Received IBS_WAKE_IND: 0xFD
2021-11-14 20:45:38.114 791-2621/? I/vendor.qti.bluetooth@1.0-ibs_handler: ProcessIbsCmd: Writing IBS_WAKE_ACK
2021-11-14 20:45:38.116 1837-1996/? D/BtGatt.GattService: onScanResult to scannerId: 4- eventType=0x10, addressType=0, address=5C:1, primaryPhy=1, secondaryPhy=0, advertisingSid=0xff, txPower=127, rssi=-70, periodicAdvInt=0x0
2021-11-14 20:45:38.155 791-2621/? I/vendor.qti.bluetooth@1.0-ibs_handler: ProcessIbsCmd: Received IBS_SLEEP_IND: 0xFE
2021-11-14 20:45:38.196 804-3433/? I/sensors-hal: handle_sns_std_sensor_event:542, [0][17] A(3) [ 1.676,-0.688, 9.630] 3483438021287409
2021-11-14 20:45:38.209 1246-3796/? I/ActivityManager: Force stopping Nalu.CP.Android appid=10320 user=0: from pid 3468
2021-11-14 20:45:38.212 1246-1376/? D/CustomFrequencyManagerService: acquireDVFSLockLocked : type : DVFS_MIN_LIMIT frequency : 2841600 uid : 1000 pid : 1246 pkgName : APP_LAUNCH@CPU_MIN@66
2021-11-14 20:45:38.216 1246-1246/? D/SamsungAlarmManager: Remove alarm for next reason : android.intent.action.PACKAGE_RESTARTED : package: Nalu.CP.Android
2021-11-14 20:45:38.218 1817-1817/? E/PhoneInterfaceManager: [PhoneIntfMgr] getCarrierPackageNamesForIntent: No UICC
2021-11-14 20:45:38.218 1817-1817/? D/CarrierSvcBindHelper: No carrier app for: 0
2021-11-14 20:45:38.218 1246-1371/? D/LauncherAppsService: onReceive: Intent { act=android.intent.action.PACKAGE_RESTARTED dat=package:Nalu.CP.Android flg=0x10 (has extras) }
2021-11-14 20:45:38.219 1246-1376/? W/BroadcastQueue: Background execution not allowed: receiving Intent { act=android.intent.action.PACKAGE_RESTARTED dat=package:Nalu.CP.Android flg=0x10 (has extras) } to android/com.kddi.android.CpaNotiReceiver
2021-11-14 20:45:38.308 3734-3992/? D/SDHMS:j: cannot find in resumed package list!!
2021-11-14 20:45:38.337 791-2621/? I/vendor.qti.bluetooth@1.0-ibs_handler: ProcessIbsCmd: Received IBS_WAKE_IND: 0xFD
2021-11-14 20:45:38.337 791-2621/? I/vendor.qti.bluetooth@1.0-ibs_handler: ProcessIbsCmd: Writing IBS_WAKE_ACK
2021-11-14 20:45:38.338 1837-1996/? D/BtGatt.GattService: onScanResult to scannerId: 4- eventType=0x10, addressType=0, address=5C:1, primaryPhy=1, secondaryPhy=0, advertisingSid=0xff, txPower=127, rssi=-69, periodicAdvInt=0x0
2021-11-14 20:45:38.377 791-2621/? I/vendor.qti.bluetooth@1.0-ibs_handler: ProcessIbsCmd: Received IBS_SLEEP_IND: 0xFE
2021-11-14 20:45:38.451 791-2621/? I/vendor.qti.bluetooth@1.0-ibs_handler: ProcessIbsCmd: Received IBS_WAKE_IND: 0xFD
2021-11-14 20:45:38.451 791-2621/? I/vendor.qti.bluetooth@1.0-ibs_handler: ProcessIbsCmd: Writing IBS_WAKE_ACK
2021-11-14 20:45:38.452 1837-1996/? D/BtGatt.GattService: onScanResult to scannerId: 4- eventType=0x10, addressType=0, address=5C:1, primaryPhy=1, secondaryPhy=0, advertisingSid=0xff, txPower=127, rssi=-69, periodicAdvInt=0x0
2021-11-14 20:45:38.467 1246-3796/? I/ActivityTaskManager: START u0 {act=android.intent.action.MAIN cat=[android.intent.category.LAUNCHER] flg=0x10200000 cmp=Nalu.CP.Android/crc6429e3927486beccbc.ActivityLicenseBrowse} from uid 2000
2021-11-14 20:45:38.472 1246-3796/? D/CustomFrequencyManagerService: acquireDVFSLockLocked : type : DVFS_MIN_LIMIT frequency : 2841600 uid : 1000 pid : 1246 pkgName : AMS_APP_SWITCH@CPU_MIN@44
2021-11-14 20:45:38.472 1246-3796/? D/ActivityManagerPerformance: AMP_acquire() APP_SWITCH
2021-11-14 20:45:38.473 1246-3796/? D/ActivityTaskManager: MultiTaskingTaskLaunchParamsModifier:task=null display-id=0 display-windowing-mode=1
2021-11-14 20:45:38.473 1246-3796/? E/ANDR-PERF-JNI: com_qualcomm_qtiperformance_native_perf_io_prefetch_start
2021-11-14 20:45:38.474 1246-3796/? D/ActivityTaskManager: MultiTaskingTaskLaunchParamsModifier:task=null display-id=0 display-windowing-mode=1 non-freeform-display maximized-bounds
2021-11-14 20:45:38.475 868-996/? I/SurfaceFlinger: id=56811 createSurf (0x0),-1 flag=80004, Stack=1719#0
2021-11-14 20:45:38.476 868-996/? I/SurfaceFlinger: id=56812 createSurf (0x0),-1 flag=20004, animation background stackId=1719#0
2021-11-14 20:45:38.477 1246-3796/? D/ActivityTaskManager: MultiTaskingTaskLaunchParamsModifier:tid=6760 display-from-task=0 display-id=0 display-windowing-mode=1 non-freeform-display maximized-bounds
2021-11-14 20:45:38.477 868-996/? I/SurfaceFlinger: id=56813 createSurf (0x0),-1 flag=80004, Task=6760#0
2021-11-14 20:45:38.477 1246-3796/? D/ActivityTaskManager: updateMinimizedState: unknown notifyReason=2
2021-11-14 20:45:38.478 811-858/? E/ANDR-IOP: io prefetch is disabled
2021-11-14 20:45:38.478 868-996/? I/SurfaceFlinger: id=56814 createSurf (0x0),-1 flag=80004, AppWindowToken{523cbf1 token=Token{ef65798 ActivityRecord{2e8bd7b u0 Nalu.CP.Android/crc6429e3927486beccbc.ActivityLicenseBrowse t6760}}}#0
2021-11-14 20:45:38.479 1246-3796/? V/WindowManager: Prepare app transition: transit=TRANSIT_TASK_OPEN mNextAppTransition=TRANSIT_UNSET alwaysKeepCurrent=false displayId=0 Callers=com.android.server.wm.DisplayContent.prepareAppTransition:6356 com.android.server.wm.DisplayContent.prepareAppTransition:6350 com.android.server.wm.ActivityStack.startActivityLocked:3999 com.android.server.wm.ActivityStarter.startActivityUnchecked:2918 com.android.server.wm.ActivityStarter.startActivity:2178
2021-11-14 20:45:38.479 1246-3796/? V/WindowManager: Prepare app transition: transit=TRANSIT_ACTIVITY_OPEN mNextAppTransition=TRANSIT_TASK_OPEN alwaysKeepCurrent=false displayId=0 Callers=com.android.server.wm.DisplayContent.prepareAppTransition:6356 com.android.server.wm.DisplayContent.prepareAppTransition:6350 com.android.server.wm.ActivityStack.resumeTopActivityInnerLocked:3554 com.android.server.wm.ActivityStack.resumeTopActivityUncheckedLocked:3154 com.android.server.wm.RootActivityContainer.resumeFocusedStacksTopActivities:1246
2021-11-14 20:45:38.482 1246-1355/? D/GameSDK@LifeCycle: onFocusedStackChanged(): focusedStackInfo: Stack id=1719 bounds=[0,0][2560,1600] displayId=0 userId=0 configuration={1.0 ?mcc?mnc [en_US] ldltr sw711dp w1137dp h639dp 360dpi lrg hdr widecg land night finger -keyb/v/h -nav/h winConfig={ mBounds=Rect(0, 0 - 2560, 1600) mAppBounds=Rect(0, 0 - 2560, 1492) mWindowingMode=fullscreen mDisplayWindowingMode=fullscreen mActivityType=standard mAlwaysOnTop=undefined mRotation=ROTATION_90} s.1128 desktop/d ?dc bts=0 ff=0 bf=0} taskId=6760: Nalu.CP.Android/crc6429e3927486beccbc.ActivityLicenseBrowse bounds=[0,0][2560,1600] userId=0 visible=true topActivity=ComponentInfo{Nalu.CP.Android/crc6429e3927486beccbc.ActivityLicenseBrowse}
2021-11-14 20:45:38.483 1246-1355/? D/GameSDK@LifeCycle: onFocusedPackageChanged(): newPkgName: Nalu.CP.Android, newPid: -999
2021-11-14 20:45:38.483 1246-1355/? D/GameManagerService: MultiWindowEventListener.onFocusedStackChanged()
2021-11-14 20:45:38.483 1246-1355/? D/GameManagerService: getForegroundPair(), state=0, bounds=[0,0][2560,1600], displayId=0, userId=0, taskName=Nalu.CP.Android/crc6429e3927486beccbc.ActivityLicenseBrowse
2021-11-14 20:45:38.483 1246-1355/? D/GameManagerService: MultiWindowEventListener.onFocusedStackChanged(), pkgName: Nalu.CP.Android, clsName: crc6429e3927486beccbc.ActivityLicenseBrowse, fgActivityName:Nalu.CP.Android/crc6429e3927486beccbc.ActivityLicenseBrowse, userID:0
2021-11-14 20:45:38.484 1246-1355/? D/MdnieScenarioControlService: MultiWindowState : false , mode : 0
2021-11-14 20:45:38.484 1246-1356/? D/PhoneWindow: forceLight changed to true [Splash Screen Nalu.CP.Android] from com.android.internal.policy.PhoneWindow.updateForceLightNavigationBar:4274 com.android.internal.policy.DecorView.updateColorViews:1547 com.android.internal.policy.PhoneWindow.dispatchWindowAttributesChanged:3252 android.view.Window.setFlags:1153 com.android.internal.policy.PhoneWindow.generateLayout:2474
2021-11-14 20:45:38.484 1246-1355/? I/ApplicationPolicy: isApplicationExternalStorageWhitelisted:Nalu.CP.Android user:0
2021-11-14 20:45:38.484 1246-1355/? D/ApplicationPolicy: isApplicationExternalStorageWhitelisted: DO is not enabled on user 0. Allowed.
2021-11-14 20:45:38.484 1246-1355/? D/ActivityManager: package Nalu.CP.Android, user - 0 is SDcard whitelisted
2021-11-14 20:45:38.484 1246-1355/? I/ApplicationPolicy: isApplicationExternalStorageBlacklisted:Nalu.CP.Android user:0
2021-11-14 20:45:38.484 1246-1355/? D/ApplicationPolicy: isApplicationExternalStorageBlacklisted: DO is not enabled on user 0. Allowed.
2021-11-14 20:45:38.484 1246-1355/? I/ApplicationPolicy: isApplicationExternalStorageBlacklisted:Nalu.CP.Android user:0
2021-11-14 20:45:38.484 1246-1355/? D/ApplicationPolicy: isApplicationExternalStorageBlacklisted: DO is not enabled on user 0. Allowed.
2021-11-14 20:45:38.485 1858-1858/? D/MultiSplitUiController: onFocusedStackChanged: focusedStackInfo=Stack id=1719 bounds=[0,0][2560,1600] displayId=0 userId=0 configuration={1.0 ?mcc?mnc [en_US] ldltr sw711dp w1137dp h639dp 360dpi lrg hdr widecg land night finger -keyb/v/h -nav/h winConfig={ mBounds=Rect(0, 0 - 2560, 1600) mAppBounds=Rect(0, 0 - 2560, 1492) mWindowingMode=fullscreen mDisplayWindowingMode=fullscreen mActivityType=standard mAlwaysOnTop=undefined mRotation=ROTATION_90} s.1128 desktop/d ?dc bts=0 ff=0 bf=0} taskId=6760: Nalu.CP.Android/crc6429e3927486beccbc.ActivityLicenseBrowse bounds=[0,0][2560,1600] userId=0 visible=true topActivity=ComponentInfo{Nalu.CP.Android/crc6429e3927486beccbc.ActivityLicenseBrowse}
2021-11-14 20:45:38.486 1858-1858/? D/LightBarController: onSystemUiVisibilityChanged fullVis=2000 mask=0 oldFullVal=2000 newFullVal=2000 fullDiff=0 mFullscreenLight=true isLight(Full)=true mLastStatusBarMode=4 newBarMode=4
2021-11-14 20:45:38.486 1858-1858/? D/LightBarController: onNavigationVisibilityChanged : vis = a018, nbModeChanged = true navigationBarMode = 4, navbarColorManagedByIme = false
2021-11-14 20:45:38.486 1858-1858/? V/NavBarStoreImpl: handleEvent [EventType] GET_BOOL_TINT_CONTROLLER_ENABLED [Module] LightBarController
2021-11-14 20:45:38.486 1858-1858/? V/NavBarStoreImpl: --[Band]COLOR_PACK_GET_TINT_SAMPLING_ENABLED
2021-11-14 20:45:38.486 1858-1858/? V/NavBarStoreImpl: ----apply(SET_TINT_SAMPLING_ENABLED)
2021-11-14 20:45:38.486 1858-1858/? V/NavBarStoreImpl: getResult(GET_BOOL_TINT_CONTROLLER_ENABLED)=false
2021-11-14 20:45:38.486 1858-1858/? I/MultiSplitSmartTipController: Dismiss toolTip.
2021-11-14 20:45:38.486 1858-1858/? D/DividerPanelController: showDividerPanelView - isVisible : false, isAnimate : false, isTransient : false
2021-11-14 20:45:38.486 1858-1858/? D/DividerPanelView: updateDividerPanelVisibility - isVisible : false
2021-11-14 20:45:38.490 2967-2967/? E/Zygote: isWhitelistProcess - Process is Whitelisted
2021-11-14 20:45:38.490 2967-2967/? E/Zygote: accessInfo : 1
2021-11-14 20:45:38.491 791-2621/? I/vendor.qti.bluetooth@1.0-ibs_handler: ProcessIbsCmd: Received IBS_SLEEP_IND: 0xFE
2021-11-14 20:45:38.494 1246-1356/? D/InputTransport: Input channel constructed: '26edfd4', fd=662
2021-11-14 20:45:38.494 1246-1356/? D/InputTransport: Input channel constructed: '26edfd4', fd=667
2021-11-14 20:45:38.494 868-996/? I/SurfaceFlinger: id=56815 createSurf (0x0),-1 flag=80004, 26edfd4 Splash Screen Nalu.CP.Android#0
2021-11-14 20:45:38.494 1246-1356/? I/ViewRootImpl@9d4d85e[Android]: setView = com.android.internal.policy.DecorView@360157d TM=true MM=false
2021-11-14 20:45:38.495 1246-1377/? I/ActivityManager: Start proc 2967:Nalu.CP.Android/u0a320 for activity {Nalu.CP.Android/crc6429e3927486beccbc.ActivityLicenseBrowse}
2021-11-14 20:45:38.496 1246-1356/? V/WindowManager: Relayout Window{26edfd4 u0 Splash Screen Nalu.CP.Android}: viewVisibility=0 req=2560x1600
2021-11-14 20:45:38.497 868-996/? I/SurfaceFlinger: id=56816 createSurf (2560x1600),1 flag=404, Splash Screen Nalu.CP.Android#0
2021-11-14 20:45:38.498 1246-1356/? D/WindowManager: makeSurface duration=1 name=Splash Screen Nalu.CP.Android
2021-11-14 20:45:38.498 1246-1356/? V/WindowManager: Relayout 1246: mAttrs={(0,0)(fillxfill) sim={adjust=pan} layoutInDisplayCutoutMode=always ty=APPLICATION_STARTING fl=81830118 pfl=10020011 vsysui=10 naviIconColor=0}, display=0
2021-11-14 20:45:38.498 1246-1356/? I/ViewRootImpl@9d4d85e[Android]: Relayout returned: old=(0,0,2560,1600) new=(0,0,2560,1600) req=(2560,1600)0 dur=2 res=0x7 s={true 488970203136} ch=true
2021-11-14 20:45:38.501 1246-1356/? E/DecorView: mWindow.mActivityCurrentConfig is null
2021-11-14 20:45:38.502 1246-1356/? D/WindowManager: finishDrawingWindow: Window{26edfd4 u0 Splash Screen Nalu.CP.Android} mDrawState=DRAW_PENDING
2021-11-14 20:45:38.503 1246-1356/? V/WindowManager: performShow on Window{26edfd4 u0 Splash Screen Nalu.CP.Android}: mDrawState=READY_TO_SHOW readyForDisplay=false starting=true during animation: policyVis=false parentHidden=false tok.hiddenRequested=true tok.hidden=true animating=false tok animating=false Callers=com.android.server.wm.WindowState.performShowLocked:4812 com.android.server.wm.WindowStateAnimator.commitFinishDrawingLocked:407 com.android.server.wm.DisplayContent.lambda$new$8$DisplayContent:1026 com.android.server.wm.-$$Lambda$DisplayContent$qxt4izS31fb0LF2uo_OF9DMa7gc.accept:4
2021-11-14 20:45:38.506 2967-2967/? E/Nalu.CP.Androi: Not starting debugger since process cannot load the jdwp agent.
2021-11-14 20:45:38.508 2967-2967/? D/ActivityThread: setConscryptValidator
2021-11-14 20:45:38.508 2967-2967/? D/ActivityThread: setConscryptValidator - put
2021-11-14 20:45:38.509 1246-3993/? I/ActivityManager: DSS OFF for Nalu.CP.Android
2021-11-14 20:45:38.510 1246-3993/? D/ActivityTaskManager: root process false,6760,2967,Nalu.CP.Android
2021-11-14 20:45:38.511 1246-3993/? V/WindowManager: rotationForOrientation(orient=2, last=1); user=0
2021-11-14 20:45:38.511 1246-3993/? V/WindowOrientationListener: getProposedRotation: -1
2021-11-14 20:45:38.511 1246-3993/? V/WindowManager: Computed rotation=1 for display id=0 based on lastOrientation=2 and oldRotation=1, caller=com.android.server.wm.DisplayContent.updateOrientationFromAppTokens:1553 com.android.server.wm.DisplayContent.updateOrientationFromAppTokens:1507 com.android.server.wm.RootActivityContainer.ensureVisibilityAndConfig:688 com.android.server.wm.ActivityStackSupervisor.realStartActivityLocked:1009 com.android.server.wm.RootActivityContainer.attachApplication:828 com.android.server.wm.ActivityTaskManagerService$LocalService.attachApplication:8639
2021-11-14 20:45:38.511 1246-3993/? D/TspStateManagerInternal: updateDefaultValue customSetting=null
2021-11-14 20:45:38.512 1246-1584/? I/CAE: handleMessage(CaPowerManager.java:204) - AP_WAKEUP_Already_Delivered
2021-11-14 20:45:38.512 1246-1584/? I/CAE: handleMessage(CaPowerManager.java:214) - SCREEN_ON_Already_Delivered
2021-11-14 20:45:38.514 3397-3448/io.appium.uiautomator2.server I/appium: Starting MJPEG Server
2021-11-14 20:45:38.514 1246-3993/? V/WindowManager: performShow on Window{26edfd4 u0 Splash Screen Nalu.CP.Android}: mDrawState=READY_TO_SHOW readyForDisplay=false starting=true during animation: policyVis=false parentHidden=false tok.hiddenRequested=true tok.hidden=true animating=false tok animating=false Callers=com.android.server.wm.WindowState.performShowLocked:4812 com.android.server.wm.WindowStateAnimator.commitFinishDrawingLocked:407 com.android.server.wm.DisplayContent.lambda$new$8$DisplayContent:1026 com.android.server.wm.-$$Lambda$DisplayContent$qxt4izS31fb0LF2uo_OF9DMa7gc.accept:4
2021-11-14 20:45:38.514 1858-1858/? D/DisplayLifecycle: updateDisplay id = 0
2021-11-14 20:45:38.517 1246-1246/? D/AODManagerService: requestReCalToTSP IsSingleTouchMode = false / previousDisplayState = 2
2021-11-14 20:45:38.517 1246-1246/? D/GameManagerService: onDisplayChanged. displyId: 0, state: 2
2021-11-14 20:45:38.517 1246-1791/? D/GameManagerService: onLooperPrepared(), msg: { when=0 what=10007 target=com.samsung.android.game.GameManagerService$FgCheckThread$1 }
2021-11-14 20:45:38.518 1246-1791/? D/GameManagerService: onLooperPrepared(), msg: { when=0 what=10010 obj=Nalu.CP.Android target=com.samsung.android.game.GameManagerService$FgCheckThread$1 }
2021-11-14 20:45:38.518 1246-1791/? D/GameManagerService: handleMessage(), received MSG_APP_CREATE of pkgName: Nalu.CP.Android
2021-11-14 20:45:38.518 1246-3993/? D/GamePkgDataHelper: notifyAppCreate(), pkgName: Nalu.CP.Android, sendRet: true
2021-11-14 20:45:38.518 1246-3993/? D/InputDispatcher: Focused application set to (0): 523cbf1
2021-11-14 20:45:38.519 1246-3993/? V/ActivityTaskManager: markDedicatedIfNeeded Nalu.CP.Android, 0,{}
2021-11-14 20:45:38.519 1246-1598/? D/LiftUpHandler: already ended..
2021-11-14 20:45:38.520 1246-3993/? V/WindowManager: performShow on Window{26edfd4 u0 Splash Screen Nalu.CP.Android}: mDrawState=READY_TO_SHOW readyForDisplay=false starting=true during animation: policyVis=false parentHidden=false tok.hiddenRequested=true tok.hidden=true animating=false tok animating=false Callers=com.android.server.wm.WindowState.performShowLocked:4812 com.android.server.wm.WindowStateAnimator.commitFinishDrawingLocked:407 com.android.server.wm.DisplayContent.lambda$new$8$DisplayContent:1026 com.android.server.wm.-$$Lambda$DisplayContent$qxt4izS31fb0LF2uo_OF9DMa7gc.accept:4
2021-11-14 20:45:38.521 30751-30751/io.appium.settings I/ViewRootImpl@4cb519b[Unlock]: dispatchDetachedFromWindow
2021-11-14 20:45:38.521 1246-3993/? D/MARsPolicyManager: onPackageResumedFG pkgName = Nalu.CP.Android, userId = 0
2021-11-14 20:45:38.522 1246-3993/? D/GameManagerService: identifyForegroundApp. Nalu.CP.Android, mCurrentUserId: 0, callerUserId: 0
2021-11-14 20:45:38.522 1246-3993/? D/GamePkgDataHelper: getGamePkgData(). Nalu.CP.Android
2021-11-14 20:45:38.522 1246-3993/? W/WindowManager: Execute app transition: mNextAppTransition=TRANSIT_TASK_OPEN, displayId: 0 Callers=com.android.server.wm.RootActivityContainer.executeAppTransitionForAllDisplay:1154 com.android.server.wm.ActivityStackSupervisor.reportResumedActivityLocked:2692 com.android.server.wm.ActivityRecord.completeResumeLocked:2704 com.android.server.wm.ActivityStack.minimalResumeActivityLocked:1830 com.android.server.wm.ActivityStackSupervisor.realStartActivityLocked:1214
2021-11-14 20:45:38.523 1246-4073/? D/InputTransport: Input channel destroyed: 'e0d4ca9', fd=107
2021-11-14 20:45:38.524 1246-4073/? D/GameManagerService: identifyForegroundApp. Nalu.CP.Android, mCurrentUserId: 0, callerUserId: 0
2021-11-14 20:45:38.524 1246-4073/? D/GamePkgDataHelper: getGamePkgData(). Nalu.CP.Android
2021-11-14 20:45:38.525 1246-4073/? V/WindowManager: performShow on Window{26edfd4 u0 Splash Screen Nalu.CP.Android}: mDrawState=READY_TO_SHOW readyForDisplay=false starting=true during animation: policyVis=false parentHidden=false tok.hiddenRequested=false tok.hidden=true animating=true tok animating=true Callers=com.android.server.wm.WindowState.performShowLocked:4812 com.android.server.wm.WindowStateAnimator.commitFinishDrawingLocked:407 com.android.server.wm.DisplayContent.lambda$new$8$DisplayContent:1026 com.android.server.wm.-$$Lambda$DisplayContent$qxt4izS31fb0LF2uo_OF9DMa7gc.accept:4
2021-11-14 20:45:38.525 868-996/? I/Layer: id=56804 removeFromCurrentState e0d4ca9 io.appium.settings/io.appium.settings.Unlock#0 (86)
2021-11-14 20:45:38.526 868-996/? I/SurfaceFlinger: id=56804 Removed e0d4ca9 io.appium.settings/io.appium.settings.Unlock#0 (86)
2021-11-14 20:45:38.526 30751-30751/io.appium.settings D/InputTransport: Input channel destroyed: 'e0d4ca9', fd=72
2021-11-14 20:45:38.528 868-2243/? I/Layer: id=56803 removeFromCurrentState AppWindowToken{7ba2339 token=Token{96ddf00 ActivityRecord{785a183 u0 io.appium.settings/.Unlock t6759}}}#0 (86)
2021-11-14 20:45:38.528 868-2243/? I/Layer: id=56802 removeFromCurrentState Task=6759#0 (86)
2021-11-14 20:45:38.528 868-1479/? I/Layer: id=56801 removeFromCurrentState animation background stackId=1718#0 (86)
2021-11-14 20:45:38.529 868-1479/? I/SurfaceFlinger: id=56803 Removed AppWindowToken{7ba2339 token=Token{96ddf00 ActivityRecord{785a183 u0 io.appium.settings/.Unlock t6759}}}#0 (86)
2021-11-14 20:45:38.529 868-1479/? I/SurfaceFlinger: id=56802 Removed Task=6759#0 (86)
