2021-11-14 20:45:41.587 1246-1355/? D/GameManagerService: identifyForegroundApp. Nalu.CP.Android, mCurrentUserId: 0, callerUserId: 0
2021-11-14 20:45:41.587 1246-1355/? D/GamePkgDataHelper: getGamePkgData(). Nalu.CP.Android
2021-11-14 20:45:41.587 1246-1355/? D/GameManagerService: identifyForegroundApp. Nalu.CP.Android, mCurrentUserId: 0, callerUserId: 0
2021-11-14 20:45:41.588 1246-1355/? D/GamePkgDataHelper: getGamePkgData(). Nalu.CP.Android
2021-11-14 20:45:41.588 1246-1355/? D/GameManagerService: identifyForegroundApp. Nalu.CP.Android, mCurrentUserId: 0, callerUserId: 0
2021-11-14 20:45:41.588 1246-1355/? D/GamePkgDataHelper: getGamePkgData(). Nalu.CP.Android
2021-11-14 20:45:41.588 1246-1355/? D/GameManagerService: identifyForegroundApp. Nalu.CP.Android, mCurrentUserId: 0, callerUserId: 0
2021-11-14 20:45:41.588 1246-1355/? D/GamePkgDataHelper: getGamePkgData(). Nalu.CP.Android
2021-11-14 20:45:41.590 791-2621/? I/vendor.qti.bluetooth@1.0-ibs_handler: ProcessIbsCmd: Received IBS_WAKE_IND: 0xFD
2021-11-14 20:45:41.590 791-2621/? D/vendor.qti.bluetooth@1.0-ibs_handler: SerialClockVote: vote for UART CLK ON
2021-11-14 20:45:41.590 791-2621/? I/vendor.qti.bluetooth@1.0-ibs_handler: ProcessIbsCmd: Writing IBS_WAKE_ACK
2021-11-14 20:45:41.591 1837-1996/? D/BtGatt.GattService: onScanResult to scannerId: 4- eventType=0x10, addressType=0, address=5C:1, primaryPhy=1, secondaryPhy=0, advertisingSid=0xff, txPower=127, rssi=-69, periodicAdvInt=0x0
2021-11-14 20:45:41.602 1246-2001/? W/ActivityManager: Receiver with filter android.content.IntentFilter@12e3ac7 already registered for pid 2967, callerPackage is Nalu.CP.Android
2021-11-14 20:45:41.622 1246-2165/? D/InputTransport: Input channel constructed: 'c49bc63', fd=107
2021-11-14 20:45:41.622 1246-2165/? D/InputTransport: Input channel constructed: 'c49bc63', fd=669
2021-11-14 20:45:41.623 868-1479/? I/SurfaceFlinger: id=56819 createSurf (0x0),-1 flag=80004, c49bc63 Nalu.CP.Android/crc6429e3927486beccbc.ActivityLogin#0
2021-11-14 20:45:41.623 1246-2165/? D/InputTransport: Input channel destroyed: 'c49bc63', fd=669
2021-11-14 20:45:41.625 1246-2165/? D/WindowManager: focusedDisplayId : 0
2021-11-14 20:45:41.625 1246-2165/? D/WindowManager: w is invisible : 98f8db7 com.android.systemui.ImageWallpaper
2021-11-14 20:45:41.626 1246-2165/? D/WindowManager: w is invisible : cb816e com.android.settings/com.android.settings.Settings
2021-11-14 20:45:41.626 1246-2165/? D/WindowManager: w is invisible : cea846 com.android.settings.intelligence/com.android.settings.intelligence.search.SearchActivity
2021-11-14 20:45:41.626 1246-2165/? D/WindowManager: w is invisible : be4337d com.android.settings/com.android.settings.SubSettings
2021-11-14 20:45:41.626 1246-2165/? D/WindowManager: w is invisible : 959c085 com.sec.android.app.myfiles/com.sec.android.app.myfiles.external.ui.MainActivity
2021-11-14 20:45:41.626 1246-2165/? D/WindowManager: w is invisible : 5dad256 com.sec.android.app.launcher/com.sec.android.app.launcher.activities.LauncherActivity
2021-11-14 20:45:41.626 1246-2165/? D/WindowManager: w is invisible : b4423f8 com.samsung.android.app.spage
2021-11-14 20:45:41.626 1246-2165/? D/WindowManager: w is invisible : c49bc63 Nalu.CP.Android/crc6429e3927486beccbc.ActivityLogin
2021-11-14 20:45:41.626 1246-2165/? D/WindowManager: w is invisible : 26edfd4 Splash Screen Nalu.CP.Android
2021-11-14 20:45:41.626 1246-2165/? D/WindowManager: w is invisible : 3595192 MultiSplitDivider
2021-11-14 20:45:41.626 1246-2165/? D/WindowManager: w is invisible : e554342 MultiSplitStackDivider
2021-11-14 20:45:41.626 1246-2165/? D/WindowManager: w is invisible : 4c44aa4 DockedStackDivider
2021-11-14 20:45:41.626 1246-2165/? D/WindowManager: w is invisible : f9f0d80 AssistPreviewPanel
2021-11-14 20:45:41.626 1246-2165/? D/WindowManager: w is invisible : a036015 Bouncer
2021-11-14 20:45:41.626 1246-2165/? D/WindowManager: w is invisible : fe97879 NavigationBar0
2021-11-14 20:45:41.626 1246-2165/? D/WindowManager: w is invisible : 6ae2fb6 Air_Cmd(Floating)
2021-11-14 20:45:41.626 1246-2165/? D/WindowManager: w is invisible : 8eb9f45 Air_Cmd(Launcher)
2021-11-14 20:45:41.626 1246-2165/? D/WindowManager: w is invisible : a089542 InputMethod
2021-11-14 20:45:41.626 1246-2165/? D/WindowManager: w is invisible : 98f8db7 com.android.systemui.ImageWallpaper
2021-11-14 20:45:41.626 1246-2165/? D/WindowManager: w is invisible : cb816e com.android.settings/com.android.settings.Settings
2021-11-14 20:45:41.626 1246-2165/? D/WindowManager: w is invisible : cea846 com.android.settings.intelligence/com.android.settings.intelligence.search.SearchActivity
2021-11-14 20:45:41.626 1246-2165/? D/WindowManager: w is invisible : be4337d com.android.settings/com.android.settings.SubSettings
2021-11-14 20:45:41.626 1246-2165/? D/WindowManager: w is invisible : 959c085 com.sec.android.app.myfiles/com.sec.android.app.myfiles.external.ui.MainActivity
2021-11-14 20:45:41.626 1246-2165/? D/WindowManager: w is invisible : 5dad256 com.sec.android.app.launcher/com.sec.android.app.launcher.activities.LauncherActivity
2021-11-14 20:45:41.626 1246-2165/? D/WindowManager: w is invisible : b4423f8 com.samsung.android.app.spage
2021-11-14 20:45:41.626 1246-2165/? D/WindowManager: w is invisible : c49bc63 Nalu.CP.Android/crc6429e3927486beccbc.ActivityLogin
2021-11-14 20:45:41.626 1246-2165/? D/WindowManager: w is invisible : 26edfd4 Splash Screen Nalu.CP.Android
2021-11-14 20:45:41.626 1246-2165/? D/WindowManager: w is invisible : 3595192 MultiSplitDivider
2021-11-14 20:45:41.626 1246-2165/? D/WindowManager: w is invisible : e554342 MultiSplitStackDivider
2021-11-14 20:45:41.626 1246-2165/? D/WindowManager: w is invisible : 4c44aa4 DockedStackDivider
2021-11-14 20:45:41.626 1246-2165/? D/WindowManager: w is invisible : f9f0d80 AssistPreviewPanel
2021-11-14 20:45:41.626 1246-2165/? D/WindowManager: w is invisible : 625425d StatusBar
2021-11-14 20:45:41.626 1246-2165/? D/WindowManager: w is invisible : 7dba58d com.samsung.android.app.cocktailbarservice/com.samsung.android.app.cocktailbarservice.CocktailBarService
2021-11-14 20:45:41.626 1246-2165/? D/WindowManager: w is invisible : a036015 Bouncer
2021-11-14 20:45:41.626 1246-2165/? D/WindowManager: w is invisible : fe97879 NavigationBar0
2021-11-14 20:45:41.626 1246-2165/? D/WindowManager: w is invisible : d3f5fdb ScreenDecorOverlay
2021-11-14 20:45:41.626 1246-2165/? D/WindowManager: w is invisible : cd0a031 ScreenDecorOverlayBottom
2021-11-14 20:45:41.626 1246-2165/? D/WindowManager: w is invisible : 6ae2fb6 Air_Cmd(Floating)
2021-11-14 20:45:41.627 1246-2165/? D/WindowManager: w is invisible : 8eb9f45 Air_Cmd(Launcher)
2021-11-14 20:45:41.627 1246-2165/? D/WindowManager: w is invisible : a089542 InputMethod
2021-11-14 20:45:41.627 1246-2165/? D/WindowManager: windowMattersToAccessibility, check : cd0a031 ScreenDecorOverlayBottom
2021-11-14 20:45:41.627 1246-2165/? D/WindowManager: windowMattersToAccessibility : cd0a031 ScreenDecorOverlayBottom
2021-11-14 20:45:41.627 1246-2165/? D/WindowManager: windowMattersToAccessibility, check : d3f5fdb ScreenDecorOverlay
2021-11-14 20:45:41.627 1246-2165/? D/WindowManager: windowMattersToAccessibility : d3f5fdb ScreenDecorOverlay
2021-11-14 20:45:41.627 1246-2165/? D/WindowManager: windowMattersToAccessibility, check : 7dba58d com.samsung.android.app.cocktailbarservice/com.samsung.android.app.cocktailbarservice.CocktailBarService
2021-11-14 20:45:41.627 1246-2165/? D/WindowManager: windowMattersToAccessibility, check : 625425d StatusBar
2021-11-14 20:45:41.627 2967-2967/? I/ViewRootImpl@3bad6d4[ActivityLogin]: setView = com.android.internal.policy.DecorView@e904131 TM=true MM=false
2021-11-14 20:45:41.630 791-2621/? I/vendor.qti.bluetooth@1.0-ibs_handler: ProcessIbsCmd: Received IBS_SLEEP_IND: 0xFE
2021-11-14 20:45:41.631 791-2621/? D/vendor.qti.bluetooth@1.0-ibs_handler: SerialClockVote: vote for UART CLK OFF
2021-11-14 20:45:41.637 1246-2165/? D/GameManagerService: identifyForegroundApp. Nalu.CP.Android, mCurrentUserId: 0, callerUserId: 0
2021-11-14 20:45:41.637 1246-2165/? D/GamePkgDataHelper: getGamePkgData(). Nalu.CP.Android
2021-11-14 20:45:41.679 2967-2967/? I/Nalu.CP.Androi: Explicit concurrent copying GC freed 7366(479KB) AllocSpace objects, 4(208KB) LOS objects, 59% free, 1387KB/3435KB, paused 70us total 27.572ms
2021-11-14 20:45:41.681 1246-2165/? W/WindowManager: Execute app transition: mNextAppTransition=TRANSIT_TASK_OPEN, displayId: 0 Callers=com.android.server.wm.ActivityStack.executeAppTransition:7044 com.android.server.wm.ActivityStack.resumeTopActivityInnerLocked:3335 com.android.server.wm.ActivityStack.resumeTopActivityUncheckedLocked:3154 com.android.server.wm.RootActivityContainer.resumeFocusedStacksTopActivities:1297 com.android.server.wm.RootActivityContainer.resumeFocusedStacksTopActivities:1233
2021-11-14 20:45:41.683 1246-1356/? V/WindowManager: performShow on Window{26edfd4 u0 Splash Screen Nalu.CP.Android}: mDrawState=READY_TO_SHOW readyForDisplay=false starting=true during animation: policyVis=false parentHidden=false tok.hiddenRequested=false tok.hidden=true animating=true tok animating=true Callers=com.android.server.wm.WindowState.performShowLocked:4812 com.android.server.wm.WindowStateAnimator.commitFinishDrawingLocked:407 com.android.server.wm.DisplayContent.lambda$new$8$DisplayContent:1026 com.android.server.wm.-$$Lambda$DisplayContent$qxt4izS31fb0LF2uo_OF9DMa7gc.accept:4
2021-11-14 20:45:41.683 868-1479/? I/Layer: id=56814 removeFromCurrentState AppWindowToken{523cbf1 token=Token{ef65798 ActivityRecord{2e8bd7b u0 Nalu.CP.Android/crc6429e3927486beccbc.ActivityLicenseBrowse t6760}}}#0 (84)
2021-11-14 20:45:41.684 868-1479/? I/SurfaceFlinger: id=56814 Removed AppWindowToken{523cbf1 token=Token{ef65798 ActivityRecord{2e8bd7b u0 Nalu.CP.Android/crc6429e3927486beccbc.ActivityLicenseBrowse t6760}}}#0 (84)
2021-11-14 20:45:41.688 2967-2967/? I/ViewRootImpl@3bad6d4[ActivityLogin]: stopped(true) old=false
2021-11-14 20:45:41.693 1246-2001/? D/GameManagerService: identifyForegroundApp. Nalu.CP.Android, mCurrentUserId: 0, callerUserId: 0
2021-11-14 20:45:41.693 1246-2001/? D/GamePkgDataHelper: getGamePkgData(). Nalu.CP.Android
2021-11-14 20:45:41.693 1246-2001/? D/GameManagerService: identifyForegroundApp. Nalu.CP.Android, mCurrentUserId: 0, callerUserId: 0
2021-11-14 20:45:41.693 1246-2001/? D/GamePkgDataHelper: getGamePkgData(). Nalu.CP.Android
2021-11-14 20:45:41.696 868-868/? I/Layer: id=56814[1] Destroyed AppWindowToken{523cbf1 token=Token{ef65798 ActivityRecord{2e8bd7b u0 Nalu.CP.Android/crc6429e3927486beccbc.ActivityLicenseBrowse t6760}}}#0
2021-11-14 20:45:41.706 1246-2001/? V/WindowManager: Relayout Window{c49bc63 u0 Nalu.CP.Android/crc6429e3927486beccbc.ActivityLogin}: viewVisibility=0 req=0x0
2021-11-14 20:45:41.707 1246-2001/? V/WindowManager: performShow on Window{26edfd4 u0 Splash Screen Nalu.CP.Android}: mDrawState=READY_TO_SHOW readyForDisplay=false starting=true during animation: policyVis=false parentHidden=false tok.hiddenRequested=false tok.hidden=true animating=true tok animating=true Callers=com.android.server.wm.WindowState.performShowLocked:4812 com.android.server.wm.WindowStateAnimator.commitFinishDrawingLocked:407 com.android.server.wm.DisplayContent.lambda$new$8$DisplayContent:1026 com.android.server.wm.-$$Lambda$DisplayContent$qxt4izS31fb0LF2uo_OF9DMa7gc.accept:4
2021-11-14 20:45:41.708 868-1479/? I/SurfaceFlinger: id=56820 createSurf (2560x1600),1 flag=404, Nalu.CP.Android/crc6429e3927486beccbc.ActivityLogin$_2967#0
2021-11-14 20:45:41.709 1246-2001/? D/WindowManager: makeSurface duration=1 name=Nalu.CP.Android/crc6429e3927486beccbc.ActivityLogin$_2967
2021-11-14 20:45:41.709 1246-2001/? D/GameManagerService: identifyForegroundApp. Nalu.CP.Android, mCurrentUserId: 0, callerUserId: 0
2021-11-14 20:45:41.709 1246-2001/? D/GamePkgDataHelper: getGamePkgData(). Nalu.CP.Android
2021-11-14 20:45:41.710 1246-2001/? V/WindowManager: performShow on Window{26edfd4 u0 Splash Screen Nalu.CP.Android}: mDrawState=READY_TO_SHOW readyForDisplay=false starting=true during animation: policyVis=false parentHidden=false tok.hiddenRequested=false tok.hidden=true animating=true tok animating=true Callers=com.android.server.wm.WindowState.performShowLocked:4812 com.android.server.wm.WindowStateAnimator.commitFinishDrawingLocked:407 com.android.server.wm.DisplayContent.lambda$new$8$DisplayContent:1026 com.android.server.wm.-$$Lambda$DisplayContent$qxt4izS31fb0LF2uo_OF9DMa7gc.accept:4
2021-11-14 20:45:41.712 1246-2001/? V/WindowManager: Relayout 2967: mAttrs={(0,0)(fillxfill) sim={adjust=pan forwardNavigation} ty=BASE_APPLICATION fl=81810100 pfl=10020000 vsysui=10 naviIconColor=0}, display=0
2021-11-14 20:45:41.713 2967-2967/? I/ViewRootImpl@3bad6d4[ActivityLogin]: Relayout returned: old=(0,0,2560,1600) new=(0,0,2560,1600) req=(0,0)0 dur=7 res=0x40007 s={true 491515305984} ch=true
2021-11-14 20:45:41.713 2967-2967/? I/ViewRootImpl@3bad6d4[ActivityLogin]: RELAYOUT_RES_KEEP_ALIVE_SURFACE on 40007
2021-11-14 20:45:41.713 2967-3514/? D/OpenGLRenderer: createReliableSurface : 0x71799f8a40(0x7270986000)
2021-11-14 20:45:41.715 791-2621/? I/vendor.qti.bluetooth@1.0-ibs_handler: ProcessIbsCmd: Received IBS_WAKE_IND: 0xFD
2021-11-14 20:45:41.715 791-2621/? D/vendor.qti.bluetooth@1.0-ibs_handler: SerialClockVote: vote for UART CLK ON
2021-11-14 20:45:41.715 791-2621/? I/vendor.qti.bluetooth@1.0-ibs_handler: ProcessIbsCmd: Writing IBS_WAKE_ACK
2021-11-14 20:45:41.716 2967-3514/? I/AdrenoGLES: QUALCOMM build : 128c575, I000594fe7d Build Date : 02/02/20 OpenGL ES Shader Compiler Version: EV031.27.05.03 Local Branch : Remote Branch : refs/tags/AU_LINUX_ANDROID_LA.UM.8.1.R1.10.00.00.529.103 Remote Branch : NONE Reconstruct Branch : NOTHING
2021-11-14 20:45:41.716 2967-3514/? I/AdrenoGLES: Build Config : S P 8.0.11 AArch64
2021-11-14 20:45:41.716 1837-1996/? D/BtGatt.GattService: onScanResult to scannerId: 4- eventType=0x10, addressType=0, address=5C:1, primaryPhy=1, secondaryPhy=0, advertisingSid=0xff, txPower=127, rssi=-71, periodicAdvInt=0x0
2021-11-14 20:45:41.721 2967-3514/? I/AdrenoGLES: PFP: 0x016ee187, ME: 0x00000000
2021-11-14 20:45:41.733 2967-3514/? D/OpenGLRenderer: makeCurrent EglSurface : 0x0 -> 0x0
2021-11-14 20:45:41.741 2967-3514/? D/OpenGLRenderer: eglCreateWindowSurface : 0x7170caf200
2021-11-14 20:45:41.742 2967-3514/? D/OpenGLRenderer: makeCurrent EglSurface : 0x0 -> 0x7170caf200
2021-11-14 20:45:41.743 585-585/? I/hwservicemanager: getTransport: Cannot find entry android.hardware.graphics.mapper@3.0::IMapper/default in either framework or device manifest.
2021-11-14 20:45:41.743 2967-3514/? W/Gralloc3: mapper 3.x is not supported
2021-11-14 20:45:41.749 2967-3514/? D/OpenGLRenderer: makeCurrent EglSurface : 0x7170caf200 -> 0x0
2021-11-14 20:45:41.750 1246-2001/? D/WindowManager: finishDrawingWindow: Window{c49bc63 u0 Nalu.CP.Android/crc6429e3927486beccbc.ActivityLogin} mDrawState=DRAW_PENDING
2021-11-14 20:45:41.751 1246-1356/? V/WindowManager: performShow on Window{26edfd4 u0 Splash Screen Nalu.CP.Android}: mDrawState=READY_TO_SHOW readyForDisplay=false starting=true during animation: policyVis=false parentHidden=false tok.hiddenRequested=false tok.hidden=true animating=true tok animating=true Callers=com.android.server.wm.WindowState.performShowLocked:4812 com.android.server.wm.WindowStateAnimator.commitFinishDrawingLocked:407 com.android.server.wm.DisplayContent.lambda$new$8$DisplayContent:1026 com.android.server.wm.-$$Lambda$DisplayContent$qxt4izS31fb0LF2uo_OF9DMa7gc.accept:4
2021-11-14 20:45:41.751 1246-1356/? W/WindowManager: requestTraversal called while in layout. Callers=com.android.server.wm.WindowManagerService.requestTraversal:6422 com.android.server.wm.WindowState.onExitAnimationDone:5141 com.android.server.wm.-$$Lambda$01bPtngJg5AqEoOWfW3rWfV7MH4.accept:2
2021-11-14 20:45:41.752 1246-1356/? D/PkgPredictorService: pkg:Nalu.CP.Android activity:crc6429e3927486beccbc.ActivityLogin thisTime:3286
2021-11-14 20:45:41.752 1246-1356/? D/PkgPredictorService-Collector: update activity launch time: ActivityLogin : 3286
2021-11-14 20:45:41.751 1246-1356/? W/WindowManager: requestTraversal called while in layout. Callers=com.android.server.wm.WindowManagerService.requestTraversal:6422 com.android.server.wm.WindowState.onExitAnimationDone:5141 com.android.server.wm.-$$Lambda$01bPtngJg5AqEoOWfW3rWfV7MH4.accept:2
2021-11-14 20:45:41.752 1246-1356/? V/WindowManager: performShow on Window{c49bc63 u0 Nalu.CP.Android/crc6429e3927486beccbc.ActivityLogin}: mDrawState=READY_TO_SHOW readyForDisplay=false starting=false during animation: policyVis=false parentHidden=false tok.hiddenRequested=false tok.hidden=false animating=true tok animating=true Callers=com.android.server.wm.WindowState.performShowLocked:4812 com.android.server.wm.AppWindowToken.lambda$showAllWindowsLocked$9:3867 com.android.server.wm.-$$Lambda$AppWindowToken$rLbkvr4wvwxyF_o7Eyx1U3jpgVU.accept:2 com.android.server.wm.WindowContainer$ForAllWindowsConsumerWrapper.apply:1188
2021-11-14 20:45:41.752 1246-1356/? V/WindowManager: performShow on Window{26edfd4 u0 Splash Screen Nalu.CP.Android}: mDrawState=READY_TO_SHOW readyForDisplay=false starting=true during animation: policyVis=false parentHidden=false tok.hiddenRequested=false tok.hidden=false animating=true tok animating=true Callers=com.android.server.wm.WindowState.performShowLocked:4812 com.android.server.wm.AppWindowToken.lambda$showAllWindowsLocked$9:3867 com.android.server.wm.-$$Lambda$AppWindowToken$rLbkvr4wvwxyF_o7Eyx1U3jpgVU.accept:2 com.android.server.wm.WindowContainer$ForAllWindowsConsumerWrapper.apply:1188
2021-11-14 20:45:41.754 1246-1356/? V/WindowManager: performShow on Window{26edfd4 u0 Splash Screen Nalu.CP.Android}: mDrawState=READY_TO_SHOW readyForDisplay=false starting=true during animation: policyVis=false parentHidden=false tok.hiddenRequested=false tok.hidden=false animating=false tok animating=false Callers=com.android.server.wm.WindowState.performShowLocked:4812 com.android.server.wm.WindowStateAnimator.commitFinishDrawingLocked:407 com.android.server.wm.DisplayContent.lambda$new$8$DisplayContent:1026 com.android.server.wm.-$$Lambda$DisplayContent$qxt4izS31fb0LF2uo_OF9DMa7gc.accept:4
2021-11-14 20:45:41.754 1246-1356/? V/WindowManager: performShow on Window{c49bc63 u0 Nalu.CP.Android/crc6429e3927486beccbc.ActivityLogin}: mDrawState=READY_TO_SHOW readyForDisplay=false starting=false during animation: policyVis=false parentHidden=false tok.hiddenRequested=false tok.hidden=false animating=false tok animating=false Callers=com.android.server.wm.WindowState.performShowLocked:4812 com.android.server.wm.WindowStateAnimator.commitFinishDrawingLocked:407 com.android.server.wm.DisplayContent.lambda$new$8$DisplayContent:1026 com.android.server.wm.-$$Lambda$DisplayContent$qxt4izS31fb0LF2uo_OF9DMa7gc.accept:4
2021-11-14 20:45:41.755 791-2621/? I/vendor.qti.bluetooth@1.0-ibs_handler: ProcessIbsCmd: Received IBS_SLEEP_IND: 0xFE
2021-11-14 20:45:41.755 791-2621/? D/vendor.qti.bluetooth@1.0-ibs_handler: SerialClockVote: vote for UART CLK OFF
2021-11-14 20:45:41.756 1246-1356/? I/ViewRootImpl@9d4d85e[Android]: dispatchDetachedFromWindow
2021-11-14 20:45:41.756 1246-1356/? D/InputTransport: Input channel destroyed: '26edfd4', fd=662
2021-11-14 20:45:41.757 1246-1356/? I/WindowManager: Destroying surface Surface(name=Splash Screen Nalu.CP.Android)/@0xa5d9060 called by com.android.server.wm.WindowStateAnimator.destroySurface:1825 com.android.server.wm.WindowStateAnimator.destroySurfaceLocked:724 com.android.server.wm.WindowState.removeImmediately:2402 com.android.server.wm.WindowState.removeIfPossible:2546 com.android.server.wm.WindowState.removeIfPossible:2425 com.android.server.wm.WindowManagerService.removeWindow:2068 com.android.server.wm.Session.remove:184 android.view.ViewRootImpl.dispatchDetachedFromWindow:4963
2021-11-14 20:45:41.757 868-1479/? I/Layer: id=56816 removeFromCurrentState Splash Screen Nalu.CP.Android#0 (84)
2021-11-14 20:45:41.758 1246-1356/? V/WindowManager: performShow on Window{c49bc63 u0 Nalu.CP.Android/crc6429e3927486beccbc.ActivityLogin}: mDrawState=READY_TO_SHOW readyForDisplay=false starting=false during animation: policyVis=false parentHidden=false tok.hiddenRequested=false tok.hidden=false animating=false tok animating=false Callers=com.android.server.wm.WindowState.performShowLocked:4812 com.android.server.wm.WindowStateAnimator.commitFinishDrawingLocked:407 com.android.server.wm.DisplayContent.lambda$new$8$DisplayContent:1026 com.android.server.wm.-$$Lambda$DisplayContent$qxt4izS31fb0LF2uo_OF9DMa7gc.accept:4
2021-11-14 20:45:41.759 868-1479/? I/Layer: id=56815 removeFromCurrentState 26edfd4 Splash Screen Nalu.CP.Android#0 (84)
2021-11-14 20:45:41.759 1246-1356/? D/InputTransport: Input channel destroyed: '26edfd4', fd=667
2021-11-14 20:45:41.760 868-1479/? I/SurfaceFlinger: id=56816 Removed Splash Screen Nalu.CP.Android#0 (84)
2021-11-14 20:45:41.760 868-1479/? I/SurfaceFlinger: id=56815 Removed 26edfd4 Splash Screen Nalu.CP.Android#0 (84)
2021-11-14 20:45:41.761 2967-2967/? I/ViewRootImpl@3bad6d4[ActivityLogin]: MSG_RESIZED_REPORT: frame=(0,0,2560,1600) ci=(0,54,0,108) vi=(0,54,0,108) or=2
2021-11-14 20:45:41.762 1246-1356/? V/WindowManager: performShow on Window{c49bc63 u0 Nalu.CP.Android/crc6429e3927486beccbc.ActivityLogin}: mDrawState=READY_TO_SHOW readyForDisplay=false starting=false during animation: policyVis=false parentHidden=false tok.hiddenRequested=false tok.hidden=false animating=false tok animating=false Callers=com.android.server.wm.WindowState.performShowLocked:4812 com.android.server.wm.DisplayContent.lambda$new$0$DisplayContent:705 com.android.server.wm.-$$Lambda$DisplayContent$0yxrqH9eGY2qTjH1u_BvaVrXCSA.accept:4 com.android.server.wm.WindowContainer$ForAllWindowsConsumerWrapper.apply:1188
2021-11-14 20:45:41.762 868-868/? I/Layer: id=56815[1] Destroyed 26edfd4 Splash Screen Nalu.CP.Android#0
2021-11-14 20:45:41.762 868-868/? I/Layer: id=56816[1] Destroyed Splash Screen Nalu.CP.Android#0
2021-11-14 20:45:41.762 1246-1356/? V/WindowManager: performShow on Window{c49bc63 u0 Nalu.CP.Android/crc6429e3927486beccbc.ActivityLogin}: mDrawState=READY_TO_SHOW readyForDisplay=false starting=false during animation: policyVis=false parentHidden=false tok.hiddenRequested=false tok.hidden=false animating=false tok animating=false Callers=com.android.server.wm.WindowState.performShowLocked:4812 com.android.server.wm.AppWindowToken.lambda$showAllWindowsLocked$9:3867 com.android.server.wm.-$$Lambda$AppWindowToken$rLbkvr4wvwxyF_o7Eyx1U3jpgVU.accept:2 com.android.server.wm.WindowContainer$ForAllWindowsConsumerWrapper.apply:1188
2021-11-14 20:45:41.764 1246-1356/? V/WindowManager: performShow on Window{c49bc63 u0 Nalu.CP.Android/crc6429e3927486beccbc.ActivityLogin}: mDrawState=READY_TO_SHOW readyForDisplay=false starting=false during animation: policyVis=false parentHidden=false tok.hiddenRequested=false tok.hidden=false animating=false tok animating=false Callers=com.android.server.wm.WindowState.performShowLocked:4812 com.android.server.wm.WindowStateAnimator.commitFinishDrawingLocked:407 com.android.server.wm.DisplayContent.lambda$new$8$DisplayContent:1026 com.android.server.wm.-$$Lambda$DisplayContent$qxt4izS31fb0LF2uo_OF9DMa7gc.accept:4
2021-11-14 20:45:41.773 1246-1371/? I/ActivityTaskManager: Displayed Nalu.CP.Android/crc6429e3927486beccbc.ActivityLogin: +3s286ms
2021-11-14 20:45:41.773 1246-1371/? I/Pageboost: Launch time gathered : pid 2967 Nalu.CP.Android 3286
2021-11-14 20:45:41.774 2652-2652/? E/pageboostd: Received HALT command code 2
2021-11-14 20:45:41.775 2967-3514/? D/OpenGLRenderer: makeCurrent EglSurface : 0x0 -> 0x7170caf200
2021-11-14 20:45:41.777 1246-1246/? D/CustomFrequencyManagerService: releaseDVFSLockLocked : Getting Lock type frm List : DVFS_MIN_LIMIT frequency : 1708800 uid : 1000 pid : 1246 tag : AMS_RESUME_TAIL@CPU_MIN@34
2021-11-14 20:45:41.780 1246-1356/? V/WindowManager: performShow on Window{c49bc63 u0 Nalu.CP.Android/crc6429e3927486beccbc.ActivityLogin}: mDrawState=READY_TO_SHOW readyForDisplay=false starting=false during animation: policyVis=false parentHidden=false tok.hiddenRequested=false tok.hidden=false animating=false tok animating=false Callers=com.android.server.wm.WindowState.performShowLocked:4812 com.android.server.wm.DisplayContent.lambda$new$0$DisplayContent:705 com.android.server.wm.-$$Lambda$DisplayContent$0yxrqH9eGY2qTjH1u_BvaVrXCSA.accept:4 com.android.server.wm.WindowContainer$ForAllWindowsConsumerWrapper.apply:1188
2021-11-14 20:45:41.795 2967-3514/? D/OpenGLRenderer: makeCurrent EglSurface : 0x7170caf200 -> 0x0
2021-11-14 20:45:41.797 1246-2001/? D/WindowManager: finishDrawingWindow: Window{c49bc63 u0 Nalu.CP.Android/crc6429e3927486beccbc.ActivityLogin} mDrawState=READY_TO_SHOW
2021-11-14 20:45:41.799 1246-2001/? D/GameManagerService: identifyForegroundApp. Nalu.CP.Android, mCurrentUserId: 0, callerUserId: 0
2021-11-14 20:45:41.799 1246-2001/? D/GamePkgDataHelper: getGamePkgData(). Nalu.CP.Android
2021-11-14 20:45:41.812 1246-1355/? D/WindowManager: focusedDisplayId : 0
2021-11-14 20:45:41.813 1246-1355/? D/WindowManager: w is invisible : 98f8db7 com.android.systemui.ImageWallpaper
2021-11-14 20:45:41.813 1246-1355/? D/WindowManager: w is invisible : cb816e com.android.settings/com.android.settings.Settings
2021-11-14 20:45:41.813 1246-1355/? D/WindowManager: w is invisible : cea846 com.android.settings.intelligence/com.android.settings.intelligence.search.SearchActivity
2021-11-14 20:45:41.813 1246-1355/? D/WindowManager: w is invisible : be4337d com.android.settings/com.android.settings.SubSettings
2021-11-14 20:45:41.813 1246-1355/? D/WindowManager: w is invisible : 959c085 com.sec.android.app.myfiles/com.sec.android.app.myfiles.external.ui.MainActivity
2021-11-14 20:45:41.813 1246-1355/? D/WindowManager: w is invisible : 5dad256 com.sec.android.app.launcher/com.sec.android.app.launcher.activities.LauncherActivity
2021-11-14 20:45:41.813 1246-1355/? D/WindowManager: w is invisible : b4423f8 com.samsung.android.app.spage
2021-11-14 20:45:41.813 1246-1355/? D/WindowManager: w is invisible : c49bc63 Nalu.CP.Android/crc6429e3927486beccbc.ActivityLogin
2021-11-14 20:45:41.813 1246-1355/? D/WindowManager: w is invisible : 3595192 MultiSplitDivider
2021-11-14 20:45:41.813 1246-1355/? D/WindowManager: w is invisible : e554342 MultiSplitStackDivider
2021-11-14 20:45:41.813 1246-1355/? D/WindowManager: w is invisible : 4c44aa4 DockedStackDivider
2021-11-14 20:45:41.813 1246-1355/? D/WindowManager: w is invisible : f9f0d80 AssistPreviewPanel
2021-11-14 20:45:41.813 1246-1355/? D/WindowManager: w is invisible : a036015 Bouncer
2021-11-14 20:45:41.813 1246-1355/? D/WindowManager: w is invisible : fe97879 NavigationBar0
2021-11-14 20:45:41.813 1246-1355/? D/WindowManager: w is invisible : 6ae2fb6 Air_Cmd(Floating)
2021-11-14 20:45:41.813 1246-1355/? D/WindowManager: w is invisible : 8eb9f45 Air_Cmd(Launcher)
2021-11-14 20:45:41.813 1246-1355/? D/WindowManager: w is invisible : a089542 InputMethod
2021-11-14 20:45:41.813 1246-1355/? D/WindowManager: w is invisible : 98f8db7 com.android.systemui.ImageWallpaper
2021-11-14 20:45:41.813 1246-1355/? D/WindowManager: w is invisible : cb816e com.android.settings/com.android.settings.Settings
2021-11-14 20:45:41.813 1246-1355/? D/WindowManager: w is invisible : cea846 com.android.settings.intelligence/com.android.settings.intelligence.search.SearchActivity
2021-11-14 20:45:41.813 1246-1355/? D/WindowManager: w is invisible : be4337d com.android.settings/com.android.settings.SubSettings
2021-11-14 20:45:41.813 1246-1355/? D/WindowManager: w is invisible : 959c085 com.sec.android.app.myfiles/com.sec.android.app.myfiles.external.ui.MainActivity
2021-11-14 20:45:41.813 1246-1355/? D/WindowManager: w is invisible : 5dad256 com.sec.android.app.launcher/com.sec.android.app.launcher.activities.LauncherActivity
2021-11-14 20:45:41.813 1246-1355/? D/WindowManager: w is invisible : b4423f8 com.samsung.android.app.spage
2021-11-14 20:45:41.813 1246-1355/? D/WindowManager: w is invisible : c49bc63 Nalu.CP.Android/crc6429e3927486beccbc.ActivityLogin
2021-11-14 20:45:41.813 1246-1355/? D/WindowManager: w is invisible : 3595192 MultiSplitDivider
2021-11-14 20:45:41.813 1246-1355/? D/WindowManager: w is invisible : e554342 MultiSplitStackDivider
2021-11-14 20:45:41.814 1246-1355/? D/WindowManager: w is invisible : 4c44aa4 DockedStackDivider
2021-11-14 20:45:41.814 1246-1355/? D/WindowManager: w is invisible : f9f0d80 AssistPreviewPanel
2021-11-14 20:45:41.814 1246-1355/? D/WindowManager: w is invisible : 625425d StatusBar
2021-11-14 20:45:41.814 1246-1355/? D/WindowManager: w is invisible : 7dba58d com.samsung.android.app.cocktailbarservice/com.samsung.android.app.cocktailbarservice.CocktailBarService
2021-11-14 20:45:41.814 1246-1355/? D/WindowManager: w is invisible : a036015 Bouncer
2021-11-14 20:45:41.814 1246-1355/? D/WindowManager: w is invisible : fe97879 NavigationBar0
2021-11-14 20:45:41.814 1246-1355/? D/WindowManager: w is invisible : d3f5fdb ScreenDecorOverlay
2021-11-14 20:45:41.814 1246-1355/? D/WindowManager: w is invisible : cd0a031 ScreenDecorOverlayBottom
2021-11-14 20:45:41.814 1246-1355/? D/WindowManager: w is invisible : 6ae2fb6 Air_Cmd(Floating)
2021-11-14 20:45:41.814 1246-1355/? D/WindowManager: w is invisible : 8eb9f45 Air_Cmd(Launcher)
2021-11-14 20:45:41.814 1246-1355/? D/WindowManager: w is invisible : a089542 InputMethod
2021-11-14 20:45:41.814 1246-1355/? D/WindowManager: windowMattersToAccessibility, check : cd0a031 ScreenDecorOverlayBottom
2021-11-14 20:45:41.814 1246-1355/? D/WindowManager: windowMattersToAccessibility : cd0a031 ScreenDecorOverlayBottom
2021-11-14 20:45:41.814 1246-1355/? D/WindowManager: windowMattersToAccessibility, check : d3f5fdb ScreenDecorOverlay
2021-11-14 20:45:41.814 1246-1355/? D/WindowManager: windowMattersToAccessibility : d3f5fdb ScreenDecorOverlay
2021-11-14 20:45:41.814 1246-1355/? D/WindowManager: windowMattersToAccessibility, check : 7dba58d com.samsung.android.app.cocktailbarservice/com.samsung.android.app.cocktailbarservice.CocktailBarService
2021-11-14 20:45:41.814 1246-1355/? D/WindowManager: windowMattersToAccessibility, check : 625425d StatusBar
2021-11-14 20:45:41.825 3397-3535/io.appium.uiautomator2.server I/appium: channel read: GET /wd/hub/session/3647d53e-88dd-4967-a0f2-cb7cb13ddad1/appium/device/pixel_ratio
2021-11-14 20:45:41.826 3397-3535/io.appium.uiautomator2.server I/appium: GetDevicePixelRatio command
2021-11-14 20:45:41.837 3397-3535/io.appium.uiautomator2.server I/appium: AppiumResponse: {"sessionId":"3647d53e-88dd-4967-a0f2-cb7cb13ddad1","value":{"error":"invalid session id","message":"The session identified by 3647d53e-88dd-4967-a0f2-cb7cb13ddad1 is not known","stacktrace":"io.appium.uiautomator2.common.exceptions.NoSuchDriverException: The session identified by 3647d53e-88dd-4967-a0f2-cb7cb13ddad1 is not known\n\tat io.appium.uiautomator2.handler.request.SafeRequestHandler.handle(SafeRequestHandler.java:54)\n\tat io.appium.uiautomator2.server.AppiumServlet.handleRequest(AppiumServlet.java:264)\n\tat io.appium.uiautomator2.server.AppiumServlet.handleHttpRequest(AppiumServlet.java:258)\n\tat io.appium.uiautomator2.http.ServerHandler.channelRead(ServerHandler.java:68)\n\tat io.netty.channel.AbstractChannelHandlerContext.invokeChannelRead(AbstractChannelHandlerContext.java:366)\n\tat io.netty.channel.AbstractChannelHandlerContext.invokeChannelRead(AbstractChannelHandlerContext.java:352)\n\tat io.netty.channel.AbstractChannelHandlerContext.fireChannelRead(AbstractChannelHandlerContext.java:345)\n\tat io.netty.handler.codec.MessageToMessageDecoder.channelRead(MessageToMessageDecoder.java:102)\n\tat io.netty.channel.AbstractChannelHandlerContext.invokeChannelRead(AbstractChannelHandlerContext.java:366)\n\tat io.netty.channel.AbstractChannelHandlerContext.invokeChannelRead(AbstractChannelHandlerContext.java:352)\n\tat io.netty.channel.AbstractChannelHandlerContext.fireChannelRead(AbstractChannelHandlerContext.java:345)\n\tat io.netty.channel.CombinedChannelDuplexHandler$DelegatingChannelHandlerContext.fireChannelRead(CombinedChannelDuplexHandler.java:435)\n\tat io.netty.handler.codec.ByteToMessageDecoder.fireChannelRead(ByteToMessageDecoder.java:293)\n\tat io.netty.handler.codec.ByteToMessageDecoder.channelRead(ByteToMessageDecoder.java:267)\n\tat io.netty.channel.CombinedChannelDuplexHandler.channelRead(CombinedChannelDuplexHandler.java:250)\n\tat io.netty.channel.AbstractChannelHandlerContext.invokeChannelRead(AbstractChannelHandlerContext.java:366)\n\tat io.netty.channel.AbstractChannelHandlerContext.invokeChannelRead(AbstractChannelHandlerContext.java:352)\n\tat io.netty.channel.AbstractChannelHandlerContext.fireChannelRead(AbstractChannelHandlerContext.java:345)\n\tat io.netty.handler.timeout.IdleStateHandler.channelRead(IdleStateHandler.java:266)\n\tat io.netty.channel.AbstractChannelHandlerContext.invokeChannelRead(AbstractChannelHandlerContext.java:366)\n\tat io.netty.channel.AbstractChannelHandlerContext.invokeChannelRead(AbstractChannelHandlerContext.java:352)\n\tat io.netty.channel.AbstractChannelHandlerContext.fireChannelRead(AbstractChannelHandlerContext.java:345)\n\tat io.netty.channel.DefaultChannelPipeline$HeadContext.channelRead(DefaultChannelPipeline.java:1294)\n\tat io.netty.channel.AbstractChannelHandlerContext.invokeChannelRead(AbstractChannelHandlerContext.java:366)\n\tat io.netty.channel.AbstractChannelHandlerContext.invokeChannelRead(AbstractChannelHandlerContext.java:352)\n\tat io.netty.channel.DefaultChannelPipeline.fireChannelRead(DefaultChannelPipeline.java:911)\n\tat io.netty.channel.nio.AbstractNioByteChannel$NioByteUnsafe.read(AbstractNioByteChannel.java:131)\n\tat io.netty.channel.nio.NioEventLoop.processSelectedKey(NioEventLoop.java:611)\n\tat io.netty.channel.nio.NioEventLoop.processSelectedKeysOptimized(NioEventLoop.java:552)\n\tat io.netty.channel.nio.NioEventLoop.processSelectedKeys(NioEventLoop.java:466)\n\tat io.netty.channel.nio.NioEventLoop.run(NioEventLoop.java:438)\n\tat io.netty.util.concurrent.SingleThreadEventExecutor$2.run(SingleThreadEventExecutor.java:140)\n\tat io.netty.util.concurrent.DefaultThreadFactory$DefaultRunnableDecorator.run(DefaultThreadFactory.java:144)\n\tat java.lang.Thread.run(Thread.java:919)\n"}}
2021-11-14 20:45:41.848 3397-3535/io.appium.uiautomator2.server I/appium: channel read: DELETE /wd/hub/session/3647d53e-88dd-4967-a0f2-cb7cb13ddad1
2021-11-14 20:45:41.849 3397-3535/io.appium.uiautomator2.server I/appium: DeleteSession command
2021-11-14 20:45:41.850 3397-3535/io.appium.uiautomator2.server I/appium: AppiumResponse: {"sessionId":"3647d53e-88dd-4967-a0f2-cb7cb13ddad1","value":{"error":"invalid session id","message":"The session identified by 3647d53e-88dd-4967-a0f2-cb7cb13ddad1 is not known","stacktrace":"io.appium.uiautomator2.common.exceptions.NoSuchDriverException: The session identified by 3647d53e-88dd-4967-a0f2-cb7cb13ddad1 is not known\n\tat io.appium.uiautomator2.handler.request.SafeRequestHandler.handle(SafeRequestHandler.java:54)\n\tat io.appium.uiautomator2.server.AppiumServlet.handleRequest(AppiumServlet.java:264)\n\tat io.appium.uiautomator2.server.AppiumServlet.handleHttpRequest(AppiumServlet.java:258)\n\tat io.appium.uiautomator2.http.ServerHandler.channelRead(ServerHandler.java:68)\n\tat io.netty.channel.AbstractChannelHandlerContext.invokeChannelRead(AbstractChannelHandlerContext.java:366)\n\tat io.netty.channel.AbstractChannelHandlerContext.invokeChannelRead(AbstractChannelHandlerContext.java:352)\n\tat io.netty.channel.AbstractChannelHandlerContext.fireChannelRead(AbstractChannelHandlerContext.java:345)\n\tat io.netty.handler.codec.MessageToMessageDecoder.channelRead(MessageToMessageDecoder.java:102)\n\tat io.netty.channel.AbstractChannelHandlerContext.invokeChannelRead(AbstractChannelHandlerContext.java:366)\n\tat io.netty.channel.AbstractChannelHandlerContext.invokeChannelRead(AbstractChannelHandlerContext.java:352)\n\tat io.netty.channel.AbstractChannelHandlerContext.fireChannelRead(AbstractChannelHandlerContext.java:345)\n\tat io.netty.channel.CombinedChannelDuplexHandler$DelegatingChannelHandlerContext.fireChannelRead(CombinedChannelDuplexHandler.java:435)\n\tat io.netty.handler.codec.ByteToMessageDecoder.fireChannelRead(ByteToMessageDecoder.java:293)\n\tat io.netty.handler.codec.ByteToMessageDecoder.channelRead(ByteToMessageDecoder.java:267)\n\tat io.netty.channel.CombinedChannelDuplexHandler.channelRead(CombinedChannelDuplexHandler.java:250)\n\tat io.netty.channel.AbstractChannelHandlerContext.invokeChannelRead(AbstractChannelHandlerContext.java:366)\n\tat io.netty.channel.AbstractChannelHandlerContext.invokeChannelRead(AbstractChannelHandlerContext.java:352)\n\tat io.netty.channel.AbstractChannelHandlerContext.fireChannelRead(AbstractChannelHandlerContext.java:345)\n\tat io.netty.handler.timeout.IdleStateHandler.channelRead(IdleStateHandler.java:266)\n\tat io.netty.channel.AbstractChannelHandlerContext.invokeChannelRead(AbstractChannelHandlerContext.java:366)\n\tat io.netty.channel.AbstractChannelHandlerContext.invokeChannelRead(AbstractChannelHandlerContext.java:352)\n\tat io.netty.channel.AbstractChannelHandlerContext.fireChannelRead(AbstractChannelHandlerContext.java:345)\n\tat io.netty.channel.DefaultChannelPipeline$HeadContext.channelRead(DefaultChannelPipeline.java:1294)\n\tat io.netty.channel.AbstractChannelHandlerContext.invokeChannelRead(AbstractChannelHandlerContext.java:366)\n\tat io.netty.channel.AbstractChannelHandlerContext.invokeChannelRead(AbstractChannelHandlerContext.java:352)\n\tat io.netty.channel.DefaultChannelPipeline.fireChannelRead(DefaultChannelPipeline.java:911)\n\tat io.netty.channel.nio.AbstractNioByteChannel$NioByteUnsafe.read(AbstractNioByteChannel.java:131)\n\tat io.netty.channel.nio.NioEventLoop.processSelectedKey(NioEventLoop.java:611)\n\tat io.netty.channel.nio.NioEventLoop.processSelectedKeysOptimized(NioEventLoop.java:552)\n\tat io.netty.channel.nio.NioEventLoop.processSelectedKeys(NioEventLoop.java:466)\n\tat io.netty.channel.nio.NioEventLoop.run(NioEventLoop.java:438)\n\tat io.netty.util.concurrent.SingleThreadEventExecutor$2.run(SingleThreadEventExecutor.java:140)\n\tat io.netty.util.concurrent.DefaultThreadFactory$DefaultRunnableDecorator.run(DefaultThreadFactory.java:144)\n\tat java.lang.Thread.run(Thread.java:919)\n"}}
2021-11-14 20:45:41.906 791-2427/? D/vendor.qti.bluetooth@1.0-wake_lock: Release wakelock is released
2021-11-14 20:45:41.971 1246-2001/? I/ActivityManager: Force stopping Nalu.CP.Android appid=10320 user=0: from pid 3538
2021-11-14 20:45:41.973 1246-2001/? I/ActivityManager: Killing 2967:Nalu.CP.Android/u0a320 (adj 0): stop Nalu.CP.Android
2021-11-14 20:45:41.975 1246-2001/? W/ActivityTaskManager: Force removing ActivityRecord{e488b88 u0 Nalu.CP.Android/crc6429e3927486beccbc.ActivityLogin t6760 f}: app died, no saved state
2021-11-14 20:45:41.976 1246-2001/? V/WindowManager: Setting visibility of Window{c49bc63 u0 Nalu.CP.Android/crc6429e3927486beccbc.ActivityLogin}: false, caller=com.android.server.wm.WindowContainer.sendAppVisibilityToClients:644 com.android.server.wm.AppWindowToken.setClientHidden:631 com.android.server.wm.AppWindowToken.onAnimationFinished:3903 com.android.server.wm.AppWindowToken.commitVisibility:913 com.android.server.wm.AppWindowToken.onRemovedFromDisplay:1145
2021-11-14 20:45:41.978 1246-2001/? D/InputTransport: Input channel destroyed: 'c49bc63', fd=107
2021-11-14 20:45:41.979 1246-2001/? I/WindowManager: Destroying surface Surface(name=Nalu.CP.Android/crc6429e3927486beccbc.ActivityLogin$_2967)/@0x72c128d called by com.android.server.wm.WindowStateAnimator.destroySurface:1825 com.android.server.wm.WindowStateAnimator.destroySurfaceLocked:724 com.android.server.wm.WindowState.removeImmediately:2402 com.android.server.wm.WindowState.removeIfPossible:2546 com.android.server.wm.WindowState.removeIfPossible:2425 com.android.server.wm.WindowToken.removeAllWindowsIfPossible:151 com.android.server.wm.AppWindowToken.removeIfPossible:1125 com.android.server.wm.AppWindowToken.onRemovedFromDisplay:1192
2021-11-14 20:45:41.979 868-1479/? I/Layer: id=56820 removeFromCurrentState Nalu.CP.Android/crc6429e3927486beccbc.ActivityLogin$_2967#0 (82)
2021-11-14 20:45:41.986 868-1479/? I/Layer: id=56819 removeFromCurrentState c49bc63 Nalu.CP.Android/crc6429e3927486beccbc.ActivityLogin#0 (82)
2021-11-14 20:45:41.989 868-1479/? I/SurfaceFlinger: id=56819 Removed c49bc63 Nalu.CP.Android/crc6429e3927486beccbc.ActivityLogin#0 (82)
2021-11-14 20:45:41.989 1246-2001/? D/InputDispatcher: Focused application released (0)
2021-11-14 20:45:41.993 1246-2001/? D/ActivityTaskManager: updateMinimizedState: unknown notifyReason=2
2021-11-14 20:45:41.995 868-868/? I/Layer: id=56819[1] Destroyed c49bc63 Nalu.CP.Android/crc6429e3927486beccbc.ActivityLogin#0
2021-11-14 20:45:41.999 868-1479/? I/Layer: id=56818 removeFromCurrentState AppWindowToken{f9d2146 token=Token{2970921 ActivityRecord{e488b88 u0 Nalu.CP.Android/crc6429e3927486beccbc.ActivityLogin t6760}}}#0 (81)
2021-11-14 20:45:41.999 868-1479/? I/Layer: id=56813 removeFromCurrentState Task=6760#0 (81)
2021-11-14 20:45:42.002 868-1479/? I/SurfaceFlinger: id=56818 Removed AppWindowToken{f9d2146 token=Token{2970921 ActivityRecord{e488b88 u0 Nalu.CP.Android/crc6429e3927486beccbc.ActivityLogin t6760}}}#0 (81)
2021-11-14 20:45:42.003 868-1479/? I/SurfaceFlinger: id=56813 Removed Task=6760#0 (81)
2021-11-14 20:45:42.005 868-1477/? I/Layer: id=56812 removeFromCurrentState animation background stackId=1719#0 (81)
2021-11-14 20:45:42.008 868-1477/? I/SurfaceFlinger: id=56812 Removed animation background stackId=1719#0 (81)
2021-11-14 20:45:42.009 868-1477/? I/Layer: id=56811 removeFromCurrentState Stack=1719#0 (81)
2021-11-14 20:45:42.011 868-868/? I/Layer: id=56818[1] Destroyed AppWindowToken{f9d2146 token=Token{2970921 ActivityRecord{e488b88 u0 Nalu.CP.Android/crc6429e3927486beccbc.ActivityLogin t6760}}}#0
2021-11-14 20:45:42.011 868-868/? I/Layer: id=56812[1] Destroyed animation background stackId=1719#0
2021-11-14 20:45:42.011 868-868/? I/Layer: id=56813[1] Destroyed Task=6760#0
2021-11-14 20:45:42.021 1246-1246/? D/SamsungAlarmManager: Remove alarm for next reason : android.intent.action.PACKAGE_RESTARTED : package: Nalu.CP.Android
2021-11-14 20:45:42.025 1817-1817/? E/PhoneInterfaceManager: [PhoneIntfMgr] getCarrierPackageNamesForIntent: No UICC
2021-11-14 20:45:42.025 1817-1817/? D/CarrierSvcBindHelper: No carrier app for: 0
2021-11-14 20:45:42.026 1246-1371/? D/LauncherAppsService: onReceive: Intent { act=android.intent.action.PACKAGE_RESTARTED dat=package:Nalu.CP.Android flg=0x10 (has extras) }
2021-11-14 20:45:42.030 1246-1376/? W/BroadcastQueue: Background execution not allowed: receiving Intent { act=android.intent.action.PACKAGE_RESTARTED dat=package:Nalu.CP.Android flg=0x10 (has extras) } to android/com.kddi.android.CpaNotiReceiver
2021-11-14 20:45:42.035 1246-1355/? D/GameSDK@LifeCycle: onFocusedStackChanged(): focusedStackInfo: Stack id=0 bounds=[0,0][2560,1600] displayId=0 userId=0 configuration={1.0 ?mcc?mnc [en_US] ldltr sw711dp w1137dp h639dp 360dpi lrg hdr widecg land night finger -keyb/v/h -nav/h winConfig={ mBounds=Rect(0, 0 - 2560, 1600) mAppBounds=Rect(0, 0 - 2560, 1492) mWindowingMode=fullscreen mDisplayWindowingMode=fullscreen mActivityType=home mAlwaysOnTop=undefined mRotation=ROTATION_90} s.1128 desktop/d ?dc bts=0 ff=0 bf=0} taskId=5061: com.sec.android.app.launcher/com.sec.android.app.launcher.activities.LauncherActivity bounds=[0,0][2560,1600] userId=0 visible=true topActivity=ComponentInfo{com.sec.android.app.launcher/com.sec.android.app.launcher.activities.LauncherActivity}
2021-11-14 20:45:42.035 1000-1549/? I/CameraService: UidPolicy: No processes running for a uid=10320 disabled=0
2021-11-14 20:45:42.036 1246-1355/? D/GameSDK@LifeCycle: onFocusedPackageChanged(): newPkgName: com.sec.android.app.launcher, newPid: 2282
2021-11-14 20:45:42.037 1858-1858/? D/MultiSplitUiController: onFocusedStackChanged: focusedStackInfo=Stack id=0 bounds=[0,0][2560,1600] displayId=0 userId=0 configuration={1.0 ?mcc?mnc [en_US] ldltr sw711dp w1137dp h639dp 360dpi lrg hdr widecg land night finger -keyb/v/h -nav/h winConfig={ mBounds=Rect(0, 0 - 2560, 1600) mAppBounds=Rect(0, 0 - 2560, 1492) mWindowingMode=fullscreen mDisplayWindowingMode=fullscreen mActivityType=home mAlwaysOnTop=undefined mRotation=ROTATION_90} s.1128 desktop/d ?dc bts=0 ff=0 bf=0} taskId=5061: com.sec.android.app.launcher/com.sec.android.app.launcher.activities.LauncherActivity bounds=[0,0][2560,1600] userId=0 visible=true topActivity=ComponentInfo{com.sec.android.app.launcher/com.sec.android.app.launcher.activities.LauncherActivity}
2021-11-14 20:45:42.037 1858-1858/? D/LightBarController: onSystemUiVisibilityChanged fullVis=2000 mask=0 oldFullVal=2000 newFullVal=2000 fullDiff=0 mFullscreenLight=true isLight(Full)=true mLastStatusBarMode=4 newBarMode=4
2021-11-14 20:45:42.037 1858-1858/? D/LightBarController: onNavigationVisibilityChanged : vis = a018, nbModeChanged = true navigationBarMode = 4, navbarColorManagedByIme = false
2021-11-14 20:45:42.037 1246-1355/? D/GameManagerService: MultiWindowEventListener.onFocusedStackChanged()
2021-11-14 20:45:42.038 1246-1355/? D/GameManagerService: getForegroundPair(), state=0, bounds=[0,0][2560,1600], displayId=0, userId=0, taskName=com.sec.android.app.launcher/com.sec.android.app.launcher.activities.LauncherActivity
2021-11-14 20:45:42.038 1858-1858/? V/NavBarStoreImpl: handleEvent [EventType] GET_BOOL_TINT_CONTROLLER_ENABLED [Module] LightBarController
2021-11-14 20:45:42.038 1246-1355/? D/GameManagerService: MultiWindowEventListener.onFocusedStackChanged(), pkgName: com.sec.android.app.launcher, clsName: com.sec.android.app.launcher.activities.LauncherActivity, fgActivityName:com.sec.android.app.launcher/.activities.LauncherActivity, userID:0
2021-11-14 20:45:42.038 1858-1858/? V/NavBarStoreImpl: --[Band]COLOR_PACK_GET_TINT_SAMPLING_ENABLED
2021-11-14 20:45:42.038 1858-1858/? V/NavBarStoreImpl: ----apply(SET_TINT_SAMPLING_ENABLED)
2021-11-14 20:45:42.038 1858-1858/? V/NavBarStoreImpl: getResult(GET_BOOL_TINT_CONTROLLER_ENABLED)=false
2021-11-14 20:45:42.038 1858-1858/? I/MultiSplitSmartTipController: Dismiss toolTip.
2021-11-14 20:45:42.038 1246-1355/? D/MdnieScenarioControlService: MultiWindowState : false , mode : 0
2021-11-14 20:45:42.038 1858-1858/? D/DividerPanelController: showDividerPanelView - isVisible : false, isAnimate : false, isTransient : false
2021-11-14 20:45:42.038 1858-1858/? D/DividerPanelView: updateDividerPanelVisibility - isVisible : false
2021-11-14 20:45:42.038 1246-1353/? D/CodecSolution: isMaxAspectPackageEx: com.sec.android.app.launcher : false(0)
2021-11-14 20:45:42.041 1246-1711/? W/PkgPredictorService: background app without no launcher icon com.sec.android.app.launcher for.uid: 10098 userId: 0
2021-11-14 20:45:42.076 1246-1355/? D/WindowManager: focusedDisplayId : 0
2021-11-14 20:45:42.077 1246-1355/? D/WindowManager: w is invisible : 98f8db7 com.android.systemui.ImageWallpaper
2021-11-14 20:45:42.077 1246-1355/? D/WindowManager: w is invisible : cb816e com.android.settings/com.android.settings.Settings
2021-11-14 20:45:42.077 1246-1355/? D/WindowManager: w is invisible : cea846 com.android.settings.intelligence/com.android.settings.intelligence.search.SearchActivity
2021-11-14 20:45:42.077 1246-1355/? D/WindowManager: w is invisible : be4337d com.android.settings/com.android.settings.SubSettings
2021-11-14 20:45:42.077 1246-1355/? D/WindowManager: w is invisible : 959c085 com.sec.android.app.myfiles/com.sec.android.app.myfiles.external.ui.MainActivity
2021-11-14 20:45:42.077 1246-1355/? D/WindowManager: w is invisible : 5dad256 com.sec.android.app.launcher/com.sec.android.app.launcher.activities.LauncherActivity
2021-11-14 20:45:42.077 1246-1355/? D/WindowManager: w is invisible : b4423f8 com.samsung.android.app.spage
2021-11-14 20:45:42.077 1246-1355/? D/WindowManager: w is invisible : 3595192 MultiSplitDivider
2021-11-14 20:45:42.077 1246-1355/? D/WindowManager: w is invisible : e554342 MultiSplitStackDivider
2021-11-14 20:45:42.077 1246-1355/? D/WindowManager: w is invisible : 4c44aa4 DockedStackDivider
2021-11-14 20:45:42.077 1246-1355/? D/WindowManager: w is invisible : f9f0d80 AssistPreviewPanel
2021-11-14 20:45:42.077 1246-1355/? D/WindowManager: w is invisible : a036015 Bouncer
2021-11-14 20:45:42.077 1246-1355/? D/WindowManager: w is invisible : fe97879 NavigationBar0
2021-11-14 20:45:42.077 1246-1355/? D/WindowManager: w is invisible : 6ae2fb6 Air_Cmd(Floating)
2021-11-14 20:45:42.077 1246-1355/? D/WindowManager: w is invisible : 8eb9f45 Air_Cmd(Launcher)
2021-11-14 20:45:42.077 1246-1355/? D/WindowManager: w is invisible : a089542 InputMethod
2021-11-14 20:45:42.077 1246-1355/? D/WindowManager: w is invisible : 98f8db7 com.android.systemui.ImageWallpaper
2021-11-14 20:45:42.077 1246-1355/? D/WindowManager: w is invisible : cb816e com.android.settings/com.android.settings.Settings
2021-11-14 20:45:42.077 1246-1355/? D/WindowManager: w is invisible : cea846 com.android.settings.intelligence/com.android.settings.intelligence.search.SearchActivity
2021-11-14 20:45:42.077 1246-1355/? D/WindowManager: w is invisible : be4337d com.android.settings/com.android.settings.SubSettings
2021-11-14 20:45:42.078 1246-1355/? D/WindowManager: w is invisible : 959c085 com.sec.android.app.myfiles/com.sec.android.app.myfiles.external.ui.MainActivity
2021-11-14 20:45:42.078 1246-1355/? D/WindowManager: w is invisible : 5dad256 com.sec.android.app.launcher/com.sec.android.app.launcher.activities.LauncherActivity
2021-11-14 20:45:42.078 1246-1355/? D/WindowManager: w is invisible : b4423f8 com.samsung.android.app.spage
