2597/? D/StackIF: processResponse: handle -1 result 0 reason 0
2021-11-14 20:44:44.095 1246-1246/? I/WifiProfileShare: screen off
2021-11-14 20:44:44.096 1246-2645/? D/WifiProfileShare.Caster: stop caster
2021-11-14 20:44:44.096 1246-2645/? D/WifiProfileShare.McfCast: -ME--- stopScan
2021-11-14 20:44:44.096 1246-2645/? I/[MCFSDK_android_1.0.1094]_4_McfCasterImpl: stopScan -
2021-11-14 20:44:44.097 3860-3860/? I/[MCFServer]_CasterManager: stopScan - bleSID = 0x40000
2021-11-14 20:44:44.097 3860-3860/? I/[MCFServer]_ScanCallback: onDiscoveryStopped - publish to 0x0
2021-11-14 20:44:44.097 3860-3860/? I/[MCFServer]_BleScanner(Caster): stopScan - stop
2021-11-14 20:44:44.097 1246-2645/? D/WifiProfileShare.McfCast: -ME--- unregisterPilotScan !!
2021-11-14 20:44:44.097 1246-2645/? I/[MCFSDK_android_1.0.1094]_4_McfCasterImpl: unregisterAdvertiseData -
2021-11-14 20:44:44.098 3860-3860/? D/BluetoothAdapter: STATE_ON
2021-11-14 20:44:44.098 3860-3860/? D/BluetoothLeScanner: Stop Scan with callback
2021-11-14 20:44:44.099 1246-2645/? V/WifiProfileShare.Caster: clear all confirm history
2021-11-14 20:44:44.099 1246-2645/? V/WifiProfileShare.MCF: clearUserConfirmHistory
2021-11-14 20:44:44.100 1837-14527/? D/BtGatt.ContextMap: remove() - id: 13
2021-11-14 20:44:44.100 1837-14527/? E/BtGatt.ContextMap: remove() - removed: 13
2021-11-14 20:44:44.101 3860-3860/? I/[MCFServer]_CasterManager: unregisterAdvertiseData - stop adv, bleSID from cb(0x4)
2021-11-14 20:44:44.101 791-2621/? I/vendor.qti.bluetooth@1.0-ibs_handler: ProcessIbsCmd: Received IBS_WAKE_IND: 0xFD
2021-11-14 20:44:44.101 791-2621/? I/vendor.qti.bluetooth@1.0-ibs_handler: ProcessIbsCmd: Writing IBS_WAKE_ACK
2021-11-14 20:44:44.101 3860-3860/? I/[MCFServer]_CasterManager: unregisterAdvertiseData - stop scan, bleSID from cb(0x0)
2021-11-14 20:44:44.102 3860-3860/? I/[MCFServer]_ScanCallback: onDiscoveryStopped - publish to 0x0
2021-11-14 20:44:44.106 1837-2422/? E/BtGatt.GattService: [GSIM LOG]: gsimLogHandler, msg: MESSAGE_SCAN_STOP, appName: android.uid.system, scannerId: 13, reportDelayMillis=0
2021-11-14 20:44:44.106 1246-2820/? V/WindowManager: Relayout Window{625425d u0 StatusBar}: viewVisibility=0 req=2560x1600
2021-11-14 20:44:44.110 1246-2820/? V/WindowManager: Relayout 1858: mAttrs={(0,0)(fillxfill) gr=TOP CENTER_VERTICAL sim={adjust=resize} layoutInDisplayCutoutMode=always ty=STATUS_BAR fmt=TRANSLUCENT fl=81860040 pfl=880000 vsysui=2010 dimAmount=0.0 naviIconColor=0 sfl=40000}, display=0
2021-11-14 20:44:44.112 1858-1858/? I/ViewRootImpl@8259c7c[StatusBar]: Relayout returned: old=(0,0,2560,1600) new=(0,0,2560,1600) req=(2560,1600)0 dur=7 res=0x1 s={true 486971928576} ch=false
2021-11-14 20:44:44.113 1246-2820/? V/WindowManager: Relayout Window{a036015 u0 Bouncer}: viewVisibility=4 req=2560x0
2021-11-14 20:44:44.118 1246-2820/? V/WindowManager: Relayout 1858: mAttrs={(0,0)(fillx0) gr=TOP CENTER_VERTICAL sim={adjust=resize} layoutInDisplayCutoutMode=always ty=KEYGUARD_DIALOG fmt=TRANSLUCENT if=DISABLE_USER_ACTIVITY userActivityTimeout=5000 fl=85000548 vsysui=510 dimAmount=0.0 screenDimDuration=0 naviIconColor=0 sfl=40000}, display=0
2021-11-14 20:44:44.119 1858-1858/? I/ViewRootImpl@112db8b[Bouncer]: Relayout returned: old=(0,0,2560,0) new=(0,0,2560,0) req=(2560,0)4 dur=7 res=0x1 s={false 0} ch=false
2021-11-14 20:44:44.131 3734-3734/? D/SDHMS:kb.x: ScreenOnOffReceiver mIsScreenOff :true
2021-11-14 20:44:44.133 2282-2282/? D/Launcher: mScreenOffReceiver start
2021-11-14 20:44:44.133 2282-2282/? D/Launcher: mScreenOffReceiver end
2021-11-14 20:44:44.138 3860-3860/? I/[MCFServer]_SubscriberManager: onReceive - ACTION_ID_SCREEN_OFF
2021-11-14 20:44:44.138 3860-3860/? W/AlarmManager: Unrecognized alarm listener c.a.a.b.f2.z@78608a4
2021-11-14 20:44:44.141 1246-2820/? D/SamsungAlarmManager: setExact Listener (T:2/F:9/AC:false) 20211114T204544 - CU:1000/CP:3860
2021-11-14 20:44:44.141 1246-2820/? I/SamsungAlarmManager: setLocked to kernel - T:2 / 20211114T204448, SetElapsed=3483388323, nowELAPSED=3483384042
2021-11-14 20:44:44.141 3860-3860/? I/[MCFServer]_CasterManager: onReceive - ACTION_ID_SCREEN_OFF
2021-11-14 20:44:44.142 3860-3860/? I/[MCFServer]_BleScanner(Subscriber): stopScan - stop
2021-11-14 20:44:44.142 791-2621/? I/vendor.qti.bluetooth@1.0-ibs_handler: ProcessIbsCmd: Received IBS_SLEEP_IND: 0xFE
2021-11-14 20:44:44.143 3860-3860/? D/BluetoothAdapter: STATE_ON
2021-11-14 20:44:44.143 3860-3860/? D/BluetoothLeScanner: Stop Scan with callback
2021-11-14 20:44:44.143 5308-5308/? I/CocktailBarUiController: ACTION_SCREEN_OFF
2021-11-14 20:44:44.144 5308-5308/? I/AbstractCocktailPanelView: setPanelVisible: CocktailPortraitRemotePanelView2 will be hidden: 1
2021-11-14 20:44:44.144 5308-5308/? I/CocktailBarPanelVisibilityManager: updateActivePanelView: vis=false screenOn=false onTransit=false -hide: 1 current Active: 1
2021-11-14 20:44:44.145 1837-14527/? D/BtGatt.ContextMap: remove() - id: 6
2021-11-14 20:44:44.145 1837-14527/? E/BtGatt.ContextMap: remove() - removed: 6
2021-11-14 20:44:44.146 791-2621/? I/vendor.qti.bluetooth@1.0-ibs_handler: ProcessIbsCmd: Received IBS_WAKE_IND: 0xFD
2021-11-14 20:44:44.146 791-2621/? I/vendor.qti.bluetooth@1.0-ibs_handler: ProcessIbsCmd: Writing IBS_WAKE_ACK
2021-11-14 20:44:44.149 1837-2422/? E/BtGatt.GattService: [GSIM LOG]: gsimLogHandler, msg: MESSAGE_SCAN_STOP, appName: android.uid.system, scannerId: 6, reportDelayMillis=0
2021-11-14 20:44:44.149 5308-5308/? I/AbstractCocktailPanelView: notifyPanelVisibilityChanged: visibility not changed 2 id: 1
2021-11-14 20:44:44.150 5308-5308/? I/Utils: isCurrentUser current = 0, ownerId = 0
2021-11-14 20:44:44.150 5308-5308/? I/TrayVisibilityController: updateTrayVisible: State=4099 visible=2 mCurrentVisible=2 specificMode=10000
2021-11-14 20:44:44.151 5308-5308/? I/TrayStateController: setUiState 2 : already 2
2021-11-14 20:44:44.155 5574-5958/? I/SystemBroadcastReceiver: [#CMH#] Received broadcast
2021-11-14 20:44:44.156 5574-5958/? I/PolicyManager: [#CMH#] onReceive action = EVENT_SCREEN_OFF
2021-11-14 20:44:44.156 5574-5958/? I/SystemBroadcastReceiver: [#CMH#] onReceive completed
2021-11-14 20:44:44.161 4453-4453/? I/[AirCmd]_BleSpenMotionSensorCalibrationController: onScreenOff : reason = 3
2021-11-14 20:44:44.169 4453-4453/? D/[AirCmd]_GuidePanelTrigger: Screen Off
2021-11-14 20:44:44.170 4453-4453/? D/[AirCmd]_NotSpenActionScreenGuidePanelTrigger: resetCounting
2021-11-14 20:44:44.170 4453-4453/? D/[AirCmd]_NotRecognizedGestureGuidePanelTrigger: resetCounting
2021-11-14 20:44:44.171 4453-4453/? D/[AirCmd]_ExternalStateChangeBroadcastReceiver: onReceive : action = android.intent.action.SCREEN_OFF
2021-11-14 20:44:44.182 1246-8015/? D/WifiLowLatency.LlHandler: MSG_TRAFFIC_POLL_ENABLE 0
2021-11-14 20:44:44.186 791-2621/? I/vendor.qti.bluetooth@1.0-ibs_handler: ProcessIbsCmd: Received IBS_SLEEP_IND: 0xFE
2021-11-14 20:44:44.188 8133-8133/? D/BeaconManager[10.0.41.0]: Util.userSerialNumber : - 0
2021-11-14 20:44:44.188 8133-8133/? V/BeaconManager[10.0.41.0]: BleScanHelper.startBleScan - startBleScan
2021-11-14 20:44:44.189 8133-8133/? D/BluetoothAdapter: STATE_ON
2021-11-14 20:44:44.190 8133-8202/? D/BeaconManager[10.0.41.0]: BleScanHelper.MSG_CALL_START_LESCAN - isFilterScanFailed/discovering:false/true
2021-11-14 20:44:44.191 8133-8133/? I/BeaconManager[10.0.41.0]: BeaconManager.onReceive - receive Action : android.intent.action.SCREEN_OFF
2021-11-14 20:44:44.191 8133-8202/? D/BluetoothAdapter: STATE_ON
2021-11-14 20:44:44.191 8133-8202/? I/BeaconManager[10.0.41.0]: BleScanHelper.directStopLeScan - call BleScanner.stopScan()
2021-11-14 20:44:44.191 8133-8196/? I/BeaconManager[10.0.41.0]: BeaconManager.BeaconManagerWorkHandler - android.intent.action.SCREEN_OFF
2021-11-14 20:44:44.191 8133-8196/? D/BeaconManager[10.0.41.0]: BeaconManager.BeaconManagerWorkHandler - mScreenObserver action:android.intent.action.SCREEN_OFF
2021-11-14 20:44:44.191 8133-8196/? D/BeaconManager[10.0.41.0]: AppControlManager.screenOnIntentReceived - start
2021-11-14 20:44:44.191 8133-8196/? D/BeaconManager[10.0.41.0]: AppControlManager.screenOnIntentReceived - end
2021-11-14 20:44:44.191 8133-8196/? D/BeaconManager[10.0.41.0]: EasySetupManager.screenOnIntentReceived - start
2021-11-14 20:44:44.191 8133-8196/? D/BeaconManager[10.0.41.0]: EasySetupManager.screenOnIntentReceived - end
2021-11-14 20:44:44.191 8133-8196/? I/BeaconManager[10.0.41.0]: BeaconManager.BeaconManagerWorkHandler - BroadcastReceiver onReceive end
2021-11-14 20:44:44.191 8133-8202/? D/BluetoothAdapter: STATE_ON
2021-11-14 20:44:44.192 8133-8202/? D/BluetoothLeScanner: Stop Scan with callback
2021-11-14 20:44:44.193 1837-14527/? D/BtGatt.ContextMap: remove() - id: 7
2021-11-14 20:44:44.193 1837-14527/? E/BtGatt.ContextMap: remove() - removed: 7
2021-11-14 20:44:44.194 791-2621/? I/vendor.qti.bluetooth@1.0-ibs_handler: ProcessIbsCmd: Received IBS_WAKE_IND: 0xFD
2021-11-14 20:44:44.195 791-2621/? I/vendor.qti.bluetooth@1.0-ibs_handler: ProcessIbsCmd: Writing IBS_WAKE_ACK
2021-11-14 20:44:44.197 4453-4453/? D/SPenAlert: received broadcast screen off
2021-11-14 20:44:44.202 31263-31263/? I/HONEYBOARD: ScreenOnOffReceiver processScreenLock
2021-11-14 20:44:44.210 1837-2422/? E/BtGatt.GattService: [GSIM LOG]: gsimLogHandler, msg: MESSAGE_SCAN_STOP, appName: android.uid.bcmgr, scannerId: 7, reportDelayMillis=0
2021-11-14 20:44:44.221 804-3283/? I/sensors-hal: handle_sns_std_sensor_event:88, LCCT:[111, 1758, 131, 179, 75, 345]
2021-11-14 20:44:44.222 1246-1444/? D/AutomaticBrightnessController: onSensorChanged: 1st lux : 111.0
2021-11-14 20:44:44.222 1246-1444/? D/SensorService: removeConnection, index : 0, size : 1
2021-11-14 20:44:44.223 1246-1444/? D/SensorService: # removeConnection, index : 0, size : 0
2021-11-14 20:44:44.223 1246-1444/? D/SensorService: Calling activate off 11
2021-11-14 20:44:44.223 804-804/? I/sensors-hal: activate:196, com.samsung.sensor.light_cct/11 en=0
2021-11-14 20:44:44.224 804-804/? I/sensors-hal: deactivate:248, disconnect qmi to disable sensor
2021-11-14 20:44:44.224 804-804/? I/sensors-hal: activate:214, com.samsung.sensor.light_cct/11 en=0 completed
2021-11-14 20:44:44.225 1246-1444/? D/SensorManager: unregisterListener ::
2021-11-14 20:44:44.225 1246-1444/? D/SensorService: Calling batch handle==18 flags=0 rate=250000000 timeout== 0
2021-11-14 20:44:44.225 1246-1444/? D/SensorManager: registerListener :: 18, veml3328 Ambient Light Sensor Non-wakeup, 250000, 0,
2021-11-14 20:44:44.225 1246-1444/? D/AutomaticBrightnessController: sendAmbientLux(111.0)
2021-11-14 20:44:44.225 1246-1444/? D/PowerManagerUtil: fileWriteInt to /sys/class/lcd/panel/lux, 111
2021-11-14 20:44:44.227 1246-1444/? D/AutomaticBrightnessController: [api] updateAutoBrightness : 94(0.37) 12 < 111.0 < 498 (adj:+0.0) (1st)
2021-11-14 20:44:44.228 1246-1444/? D/DisplayPowerController: animateScreenStateChange: target=3, targetInternal=3, dualScreenPolicy=-1
2021-11-14 20:44:44.228 1246-1444/? D/DisplayPowerController: getFinalBrightness : Summary is 94 -> 94
2021-11-14 20:44:44.228 1246-1444/? D/DisplayPowerController: Animating brightness: target=94, rate=0 (PSM:, AB limit:(-1 ~ -1) MB Limit:(-1 ~ -1), sf=1.0
2021-11-14 20:44:44.229 1246-1444/? D/DisplayPowerController: putScreenBrightnessSetting: transitionTime=0
2021-11-14 20:44:44.229 1246-1444/? D/SettingsProvider: isChangeAllowed() : name = auto_brightness_transition_time
2021-11-14 20:44:44.229 1246-1444/? D/DisplayPowerController: putScreenBrightnessSetting: brightness=94
2021-11-14 20:44:44.229 1246-1444/? D/SettingsProvider: isChangeAllowed() : name = screen_brightness
2021-11-14 20:44:44.229 1246-1444/? I/GenerationRegistry: mBackingStore.isClosed() : false
2021-11-14 20:44:44.230 1246-1444/? V/DisplayPowerController: Brightness [94] reason changing to: 'automatic', previous reason: '0'.
2021-11-14 20:44:44.230 1246-1444/? D/DisplayPowerController: animateScreenStateChange: target=3, targetInternal=3, dualScreenPolicy=-1
2021-11-14 20:44:44.230 1246-1444/? D/DisplayPowerController: getFinalBrightness : Summary is 94 -> 94
2021-11-14 20:44:44.230 1246-1444/? D/DisplayPowerController: Animating brightness: target=94, rate=0 (PSM:, AB limit:(-1 ~ -1) MB Limit:(-1 ~ -1), sf=1.0
2021-11-14 20:44:44.233 1246-1444/? D/DisplayPowerController: [api] SettingsObserver: onChange: content://settings/system/screen_brightness
2021-11-14 20:44:44.233 1246-1870/? I/AdaptiveDisplaySolutionService: SettingsObserver onChange content://settings/system/screen_brightness
2021-11-14 20:44:44.233 1246-1870/? D/AdaptiveDisplaySolutionService: platform_brightness_value_changed() platform_brightness_value : 94 , mACLwithBrightness : false
2021-11-14 20:44:44.233 1246-1246/? V/SettingsProvider: Notifying for 0: content://settings/system/screen_brightness
2021-11-14 20:44:44.233 1246-1444/? D/DisplayPowerController: [api] handleSettingsChange: sm: 1 sb: 94 csb: 125 abAdj: 0.000 sbVr: 180
2021-11-14 20:44:44.234 1858-1858/? D/StatusBar.BrightnessController: BrightnessObserver.onChanged() : BRIGHTNESS_URI
2021-11-14 20:44:44.234 1246-1444/? D/DisplayPowerController: animateScreenStateChange: target=3, targetInternal=3, dualScreenPolicy=-1
2021-11-14 20:44:44.234 1246-1444/? D/DisplayPowerController: getFinalBrightness : Summary is 94 -> 94
2021-11-14 20:44:44.234 1246-1444/? D/DisplayPowerController: Animating brightness: target=94, rate=0 (PSM:, AB limit:(-1 ~ -1) MB Limit:(-1 ~ -1), sf=1.0
2021-11-14 20:44:44.235 1246-1857/? D/CoverManager: unregisterListener
2021-11-14 20:44:44.235 1858-1858/? V/StatusBar.BrightnessController: updateSlider() = 94
2021-11-14 20:44:44.243 28734-29118/? I/NearbyDiscovery: FastPairHandler: Received action android.intent.action.SCREEN_OFF [CONTEXT service_id=49 ]
2021-11-14 20:44:44.247 28734-29118/? I/NearbyDiscovery: FastPairScanner2: isScreenOn=false, scanWithScreenOff=false, isLocationEnabled=true, disableLocationRequirement=false, isDiscoveryScanningEnabled=true [CONTEXT service_id=49 ]
2021-11-14 20:44:44.247 791-2621/? I/vendor.qti.bluetooth@1.0-ibs_handler: ProcessIbsCmd: Received IBS_SLEEP_IND: 0xFE
2021-11-14 20:44:44.249 28734-29118/? D/BluetoothAdapter: STATE_ON
2021-11-14 20:44:44.249 1246-2240/? W/AppOps: Noting op not finished: uid 10041 pkg com.google.android.gms code 79 time=1636950782752 duration=-1633468049952
2021-11-14 20:44:44.250 28734-29118/? I/NearbyDiscovery: FastPairScanner2: eventType=SCREEN_OFF, intReq=false, scanning=true, scanAllowed=false, bleEnabled=true, bleScanAvailable=true, lockScanRate=false [CONTEXT service_id=49 ]
2021-11-14 20:44:44.251 28734-29118/? I/NearbyDiscovery: FastPairScanner2: Stopping scan [CONTEXT service_id=49 ]
2021-11-14 20:44:44.252 28734-29118/? D/BluetoothAdapter: STATE_ON
2021-11-14 20:44:44.252 28734-29118/? D/BluetoothLeScanner: Stop Scan with callback
2021-11-14 20:44:44.260 1246-3873/? W/AppOps: Noting op not finished: uid 10041 pkg com.google.android.gms code 79 time=1636951484249 duration=0
2021-11-14 20:44:44.260 1837-2623/? W/bt_btm: btm_ble_disable_resolving_list() rl_state = 0x0, rl_mask = 0x2, to_resume = 1
2021-11-14 20:44:44.261 791-2621/? I/vendor.qti.bluetooth@1.0-ibs_handler: ProcessIbsCmd: Received IBS_WAKE_IND: 0xFD
2021-11-14 20:44:44.261 791-2621/? I/vendor.qti.bluetooth@1.0-ibs_handler: ProcessIbsCmd: Writing IBS_WAKE_ACK
2021-11-14 20:44:44.262 1837-2751/? D/BtGatt.ContextMap: remove() - id: 5
2021-11-14 20:44:44.262 1837-2751/? E/BtGatt.ContextMap: remove() - removed: 5
2021-11-14 20:44:44.266 1837-2422/? E/BtGatt.GattService: [GSIM LOG]: gsimLogHandler, msg: MESSAGE_SCAN_STOP, appName: com.google.uid.shared, scannerId: 5, reportDelayMillis=0
2021-11-14 20:44:44.267 1246-2167/? W/AppOps: Noting op not finished: uid 10041 pkg com.google.android.gms code 79 time=1636951484260 duration=0
2021-11-14 20:44:44.278 1246-3873/? D/SamsungAlarmManager: setInexact Intent (T:3/F:0/AC:false) 20311112T204444 - CU:10041/CP:28734
2021-11-14 20:44:44.278 1246-3873/? I/SamsungAlarmManager: setLocked to kernel - T:2 / 20211114T204448, SetElapsed=3483388323, nowELAPSED=3483384179
2021-11-14 20:44:44.282 28734-28990/? I/NearbySharing: Screen is locked [CONTEXT service_id=194 ]
2021-11-14 20:44:44.283 28734-28990/? I/NearbySharing: Failed to stop scanning because weren't scanning. [CONTEXT service_id=194 ]
2021-11-14 20:44:44.283 28734-28990/? I/NearbySharing: Stopping discovery because the screen is locked. [CONTEXT service_id=194 ]
2021-11-14 20:44:44.283 28734-28990/? I/NearbySharing: Can't stop advertising FastInitiation. Not advertising. [CONTEXT service_id=194 ]
2021-11-14 20:44:44.283 28734-28990/? I/NearbySharing: Stopping Fast Init advertisement because we're not scanning. [CONTEXT service_id=194 ]
2021-11-14 20:44:44.283 28734-28990/? I/NearbySharing: Stopping advertising because the screen is locked. [CONTEXT service_id=194 ]
2021-11-14 20:44:44.283 28734-28990/? I/NearbySharing: Stopping FastInitiation scanning because the screen is locked. [CONTEXT service_id=194 ]
2021-11-14 20:44:44.287 28734-28990/? D/BluetoothAdapter: STATE_ON
2021-11-14 20:44:44.287 28734-28990/? D/BluetoothLeScanner: Stop Scan with callback
2021-11-14 20:44:44.289 1837-1855/? D/BtGatt.ContextMap: remove() - id: 10
2021-11-14 20:44:44.289 1837-1855/? E/BtGatt.ContextMap: remove() - removed: 10
2021-11-14 20:44:44.290 1837-2623/? E/bt_btm: BTM_BleObserve Observe not active
2021-11-14 20:44:44.290 1837-2422/? E/BtGatt.GattService: [GSIM LOG]: gsimLogHandler, msg: MESSAGE_SCAN_STOP, appName: com.google.uid.shared, scannerId: 10, reportDelayMillis=0
2021-11-14 20:44:44.290 1837-2422/? W/BtGatt.GattService: [GSIM LOG]: this is opportunistic scan, do not update DB
2021-11-14 20:44:44.292 28734-28990/? I/NearbySharing: Stopped scanning for FastInitiation [CONTEXT service_id=194 ]
2021-11-14 20:44:44.292 28734-28990/? I/NearbySharing: Cancelling in use notification [CONTEXT service_id=194 ]
2021-11-14 20:44:44.294 8133-8202/? I/BeaconManager[10.0.41.0]: BleScanHelper.startBleScan - Start filter Scan(SCREEN_OFF)
2021-11-14 20:44:44.294 8133-8202/? D/BeaconManager[10.0.41.0]: BleScanHelper.getMyScanPreferences - interval:3120, window:55
2021-11-14 20:44:44.295 8133-8202/? D/BluetoothAdapter: STATE_ON
2021-11-14 20:44:44.296 8133-8202/? D/BluetoothAdapter: STATE_ON
2021-11-14 20:44:44.296 8133-8202/? D/BluetoothLeScanner: Start Scan with callback
2021-11-14 20:44:44.297 1837-1855/? D/BtGatt.ContextMap: add() - appUid: 5006, appPid: 8133, appName: android.uid.bcmgr
2021-11-14 20:44:44.294 28734-28990/? I/NearbySharing: Fast Initiation Scanning has stopped [CONTEXT service_id=194 ]
2021-11-14 20:44:44.297 1837-2623/? I/bt_stack: [INFO:gatt_api.cc(958)] GATT_Register 50d775d8-9815-4d8c-a74f-d6e63db76e3c
2021-11-14 20:44:44.297 1837-2623/? I/bt_stack: [INFO:gatt_api.cc(995)] allocated gatt_if=5
2021-11-14 20:44:44.298 1837-1996/? D/BtGatt.GattService: onScannerRegistered() - UUID=50d775d8-9815-4d8c-a74f-d6e63db76e3c, scannerId=5, status=0
2021-11-14 20:44:44.298 8133-22672/? D/BluetoothLeScanner: onScannerRegistered() - status=0 scannerId=5 mScannerId=0
2021-11-14 20:44:44.299 1837-1855/? D/BluetoothAdapter: STATE_ON
2021-11-14 20:44:44.302 791-2621/? I/vendor.qti.bluetooth@1.0-ibs_handler: ProcessIbsCmd: Received IBS_SLEEP_IND: 0xFE
2021-11-14 20:44:44.307 1837-2420/? D/BluetoothAdapter: STATE_ON
2021-11-14 20:44:44.309 1837-2422/? E/BtGatt.GattService: [GSIM LOG]: gsimLogHandler, msg: MESSAGE_SCAN_START, appName: android.uid.bcmgr, scannerId: 5, reportDelayMillis=0
2021-11-14 20:44:44.311 1837-2420/? D/BluetoothAdapter: STATE_ON
2021-11-14 20:44:44.311 3182-3182/? E/gle.android.gm: Invalid ID 0x00000000.
2021-11-14 20:44:44.312 1837-2420/? D/BluetoothAdapter: STATE_ON
2021-11-14 20:44:44.312 3182-3182/? W/ChimeraUtils: Module com.google.android.gms.cast missing resource cast_module_display_name(0)
2021-11-14 20:44:44.312 791-2621/? I/vendor.qti.bluetooth@1.0-ibs_handler: ProcessIbsCmd: Received IBS_WAKE_IND: 0xFD
2021-11-14 20:44:44.312 791-2621/? I/vendor.qti.bluetooth@1.0-ibs_handler: ProcessIbsCmd: Writing IBS_WAKE_ACK
2021-11-14 20:44:44.314 1837-2420/? D/BtGatt.ScanManager: configureFilterParamter() : onFoundTimeout | onLostTimeout | onFoundCount | numOfTrackingEntries | scanFilterRssiThreshold | trackableScanFilterRssiThreshold | matchMode
2021-11-14 20:44:44.314 1837-2420/? D/BtGatt.ScanManager: configureFilterParamter() : __________500__|________10000__|___________1__|___________________0__|___________________-128__|____________________________-128__|________1_
2021-11-14 20:44:44.316 1837-2420/? D/BtGatt.ScanManager: configureFilterParamter() : onFoundTimeout | onLostTimeout | onFoundCount | numOfTrackingEntries | scanFilterRssiThreshold | trackableScanFilterRssiThreshold | matchMode
2021-11-14 20:44:44.316 1837-2420/? D/BtGatt.ScanManager: configureFilterParamter() : __________500__|________10000__|___________1__|___________________0__|___________________-128__|____________________________-128__|________1_
2021-11-14 20:44:44.320 1837-2420/? D/BtGatt.ScanManager: configureFilterParamter() : onFoundTimeout | onLostTimeout | onFoundCount | numOfTrackingEntries | scanFilterRssiThreshold | trackableScanFilterRssiThreshold | matchMode
2021-11-14 20:44:44.320 1837-2420/? D/BtGatt.ScanManager: configureFilterParamter() : __________500__|________10000__|___________1__|___________________0__|___________________-128__|____________________________-128__|________1_
2021-11-14 20:44:44.321 1837-2623/? W/bt_btm: btm_ble_disable_resolving_list() rl_state = 0x0, rl_mask = 0x2, to_resume = 1
2021-11-14 20:44:44.321 1837-2623/? I/chatty: uid=1002(bluetooth) bt_main_thread identical 1 line
2021-11-14 20:44:44.321 1837-2623/? W/bt_btm: btm_ble_disable_resolving_list() rl_state = 0x0, rl_mask = 0x2, to_resume = 1
2021-11-14 20:44:44.324 3182-3182/? W/MediaRouter: Ignoring invalid provider descriptor: null
2021-11-14 20:44:44.329 28734-28734/? D/BoundBrokerSvc: onRebind: Intent { act=com.google.android.gms.clearcut.bootcount.service.START cmp=com.google.android.gms/.chimera.PersistentBoundBrokerService }
2021-11-14 20:44:44.344 3182-19368/? I/DiscoveryManager: Filter criteria(null) scannerFlags(0)
2021-11-14 20:44:44.350 3182-19368/? W/GuestModeDeviceProber: setFilterCriteria
2021-11-14 20:44:44.352 1246-3873/? W/BroadcastQueue: Skipping deliver [foreground] BroadcastRecord{60afc62 u-1 android.intent.action.SCREEN_OFF} to ReceiverList{6dde5fd 3182 com.google.android.gms/10041/u0 remote:df7a254}: filter unregistered
2021-11-14 20:44:44.360 1246-1246/? D/PowerManagerService: [PWL] sb release: PowerManagerService.Broadcasts
2021-11-14 20:44:44.362 1246-2167/? I/WifiService: releaseMulticastLock uid=10041
2021-11-14 20:44:44.364 3182-32477/? D/ConnectivityManager: unregisterNetworkCallback; CallingUid : 10041, CallingPid : 3182
2021-11-14 20:44:44.364 1246-1680/? D/ConnectivityService: releasing NetworkRequest [ LISTEN id=14715, [ Transports: WIFI Capabilities: NOT_RESTRICTED&TRUSTED&NOT_VPN Uid: 10041] ] (release request)
2021-11-14 20:44:44.365 791-2621/? I/vendor.qti.bluetooth@1.0-ibs_handler: ProcessIbsCmd: Received IBS_SLEEP_IND: 0xFE
2021-11-14 20:44:44.384 1246-2640/? D/BluetoothAdapter: STATE_ON
2021-11-14 20:44:44.384 1246-2640/? I/SemWifiApSmartBleScanner: Preconditions BLE is ON
2021-11-14 20:44:44.391 1246-2640/? D/BluetoothAdapter: STATE_ON
2021-11-14 20:44:44.396 1246-2640/? E/SemWifiApSmartBleScanner: mMhsD2dFilter:BluetoothLeScanFilter [mDeviceName=null, mDeviceAddress=null, mUuid=null, mUuidMask=null, mServiceSolicitationUuid=null, mServiceSolicitationUuidMask=null, mServiceDataUuid=null, mServiceData=null, mServiceDataMask=null, mManufacturerId=75, mManufacturerData=01 12 00 00 00 00 00 00 00 00 03 00 00 00 00 00 00 00 00 00 00 00 00 00, mManufacturerDataMask=00 FF 00 00 00 00 00 00 00 00 FF 00 00 00 00 00 00 00 00 00 00 00 00 00, mTransportBlock=null, mTransportBlockMask=null]
2021-11-14 20:44:44.397 1246-2640/? D/BluetoothAdapter: STATE_ON
2021-11-14 20:44:44.398 1246-2640/? D/BluetoothAdapter: STATE_ON
2021-11-14 20:44:44.398 1246-2640/? D/BluetoothLeScanner: Start Scan with callback
2021-11-14 20:44:44.399 868-868/? D/SurfaceFlinger: Finished setting power mode 2 on display 19261213734341249
2021-11-14 20:44:44.399 799-30325/? I/SDM: DisplayBase::SetVSyncState: [Vsync] Requested(1) first after display 28-0 on
2021-11-14 20:44:44.399 1837-1855/? D/BtGatt.ContextMap: add() - appUid: 1000, appPid: 1246, appName: android.uid.system
2021-11-14 20:44:44.400 1837-2623/? I/bt_stack: [INFO:gatt_api.cc(958)] GATT_Register e763867c-ed9b-4571-a672-e03d805343af
2021-11-14 20:44:44.400 1837-2623/? I/bt_stack: [INFO:gatt_api.cc(995)] allocated gatt_if=6
2021-11-14 20:44:44.400 1837-1996/? D/BtGatt.GattService: onScannerRegistered() - UUID=e763867c-ed9b-4571-a672-e03d805343af, scannerId=6, status=0
2021-11-14 20:44:44.400 1246-2167/? D/BluetoothLeScanner: onScannerRegistered() - status=0 scannerId=6 mScannerId=0
2021-11-14 20:44:44.401 1837-1855/? D/BluetoothAdapter: STATE_ON
2021-11-14 20:44:44.399 1246-1780/? D/SurfaceControl: Excessive delay in setPowerMode()
2021-11-14 20:44:44.401 1246-1780/? D/PowerManagerUtil: !@ display_state: DOZE: took 383 ms
2021-11-14 20:44:44.401 1246-1780/? D/DisplayPowerController: setActualDisplayState: OFF -> DOZE
2021-11-14 20:44:44.402 1246-3873/? D/InputDispatcher: Focus left window (2282): 5dad256 in display 0 0
2021-11-14 20:44:44.402 1246-1444/? D/DisplayPowerController: animateScreenStateChange: target=3, targetInternal=3, dualScreenPolicy=-1
2021-11-14 20:44:44.402 1246-3873/? D/InputDispatcher: Focus entered window (1858): 625425d in display 0 0
2021-11-14 20:44:44.402 1246-1444/? D/DisplayPowerController: getFinalBrightness : Summary is 94 -> 94
2021-11-14 20:44:44.402 1246-1444/? D/DisplayPowerController: Animating brightness: target=94, rate=0 (PSM:, AB limit:(-1 ~ -1) MB Limit:(-1 ~ -1), sf=1.0
2021-11-14 20:44:44.403 1246-1444/? D/DisplayPowerController: animateScreenStateChange: target=3, targetInternal=3, dualScreenPolicy=-1
2021-11-14 20:44:44.403 1246-1444/? D/DisplayPowerController: getFinalBrightness : Summary is 94 -> 94
2021-11-14 20:44:44.403 1246-1444/? D/DisplayPowerController: Animating brightness: target=94, rate=0 (PSM:, AB limit:(-1 ~ -1) MB Limit:(-1 ~ -1), sf=1.0
2021-11-14 20:44:44.403 1246-1444/? D/PowerManagerService: DisplayPowerCallbacks : onStateChanged()
2021-11-14 20:44:44.403 1246-1444/? D/PowerManagerService: mDisplayReady: true
2021-11-14 20:44:44.404 829-829/? D/SehLight: lcd : 94 +
2021-11-14 20:44:44.407 868-868/? I/SurfaceFlinger: Display 19261213734341249 HWC layers: type | handle | flag | format | source crop (l,t,r,b) | frame | name ------------+--------------+------+-----------+----------------------------+---------------------+------ DEVICE | 0x755b24c8c0 | 0002 | RGBA_8888 | 0.0 780.0 1600.0 1780.0 | 0 0 2560 1600 | com.android.systemui.ImageWallpaper$_1858#0 DEVICE | 0x755f1cf820 | 0000 | RGBA_8888 | 0.0 0.0 2560.0 1600.0 | 0 0 2560 1600 | com.sec.android.app.launcher/com.sec[...].activities.LauncherActivity$_2282#0 DEVICE | 0x755b24d030 | 0000 | RGBA_8888 | 0.0 0.0 2560.0 1600.0 | 0 0 2560 1600 | StatusBar$_1858#0
2021-11-14 20:44:44.409 1246-2640/? I/SemWifiApSmartBleScanner: Started scanning
2021-11-14 20:44:44.410 829-829/? D/SehLight: lcd : 94 -
2021-11-14 20:44:44.415 1837-2420/? D/BluetoothAdapter: STATE_ON
2021-11-14 20:44:44.417 1837-2422/? E/BtGatt.GattService: [GSIM LOG]: gsimLogHandler, msg: MESSAGE_SCAN_START, appName: android.uid.system, scannerId: 6, reportDelayMillis=0
2021-11-14 20:44:44.417 1837-2420/? D/BluetoothAdapter: STATE_ON
2021-11-14 20:44:44.417 1837-2420/? D/BluetoothAdapter: STATE_ON
2021-11-14 20:44:44.418 791-2621/? I/vendor.qti.bluetooth@1.0-ibs_handler: ProcessIbsCmd: Received IBS_WAKE_IND: 0xFD
2021-11-14 20:44:44.418 791-2621/? I/vendor.qti.bluetooth@1.0-ibs_handler: ProcessIbsCmd: Writing IBS_WAKE_ACK
2021-11-14 20:44:44.420 1837-2420/? D/BtGatt.ScanManager: configureFilterParamter() : onFoundTimeout | onLostTimeout | onFoundCount | numOfTrackingEntries | scanFilterRssiThreshold | trackableScanFilterRssiThreshold | matchMode
2021-11-14 20:44:44.420 1837-2420/? D/BtGatt.ScanManager: configureFilterParamter() : __________500__|________10000__|___________1__|___________________0__|___________________-128__|____________________________-128__|________1_
2021-11-14 20:44:44.422 1837-2623/? W/bt_btm: btm_ble_disable_resolving_list() rl_state = 0x0, rl_mask = 0x2, to_resume = 1
2021-11-14 20:44:44.422 1837-2623/? W/bt_btm: btm_ble_disable_resolving_list() rl_state = 0x0, rl_mask = 0x2, to_resume = 1
2021-11-14 20:44:44.448 1246-1371/? D/SensorService: removeConnection, index : 1, size : 2
2021-11-14 20:44:44.448 1246-1371/? D/SensorService: # removeConnection, index : 1, size : 1
2021-11-14 20:44:44.448 1246-1371/? D/SensorService: Calling activate off 18
2021-11-14 20:44:44.448 804-804/? I/sensors-hal: batch:293, android.sensor.light/18, period=250000000, max_latency=0 request completed
2021-11-14 20:44:44.448 585-585/? I/hwservicemanager: getTransport: Cannot find entry vendor.samsung.hardware.radio.channel@2.0::ISehChannel/imsd in either framework or device manifest.
2021-11-14 20:44:44.449 1246-1371/? D/SensorManager: unregisterListener ::
2021-11-14 20:44:44.465 791-2621/? I/vendor.qti.bluetooth@1.0-ibs_handler: ProcessIbsCmd: Received IBS_SLEEP_IND: 0xFE
2021-11-14 20:44:44.479 804-25943/? I/sensors-hal: handle_sns_std_sensor_event:100, [SSC_LIGHT] A lux: 111
2021-11-14 20:44:44.508 1246-3291/? D/TspStateManagerInternal: update cmd=set_grip_data,2,1,0,0,6,6,34,34
2021-11-14 20:44:44.993 1246-2167/? D/PowerManagerService: [api] release WakeLock DRAW_WAKE_LOCK 'charging_info' ACQ=-1s5ms (uid=10020 pid=1858 pkg=com.android.systemui)
2021-11-14 20:44:44.997 1246-3873/? D/PowerManagerService: [api] release WakeLock DRAW_WAKE_LOCK 'DozeScreenState' ACQ=-1s5ms (uid=10020 pid=1858 pkg=com.android.systemui)
2021-11-14 20:44:44.998 1246-3873/? D/PowerManagerService: mDisplayReady: false
2021-11-14 20:44:44.998 1246-1444/? D/DisplayPowerController: animateScreenStateChange: target=4, targetInternal=4, dualScreenPolicy=-1
2021-11-14 20:44:44.999 1246-1444/? D/DisplayPowerController: getFinalBrightness : Summary is 94 -> 94
2021-11-14 20:44:44.999 1246-1395/? D/BatteryExternalStatsWorker: update stats
2021-11-14 20:44:44.999 1246-1395/? D/BatteryExternalStatsWorker: WifiActivityEnergyInfo was updated
2021-11-14 20:44:44.999 1246-1444/? D/DisplayPowerController: Animating brightness: target=94, rate=0 (PSM:, AB limit:(-1 ~ -1) MB Limit:(-1 ~ -1), sf=1.0
2021-11-14 20:44:44.999 1246-1395/? D/BatteryExternalStatsWorker: BluetoothActivityEnergyInfo was updated
2021-11-14 20:44:44.999 1246-1395/? D/BatteryExternalStatsWorker: ModemActivityEnergyInfo was updated
2021-11-14 20:44:45.000 1246-1780/? D/DisplayManagerService: !@display_state internal: DOZE -> DOZE_SUSPEND
2021-11-14 20:44:45.000 1246-1780/? D/LocalDisplayAdapter: !@ display_state: DOZE -> DOZE_SUSPEND (id:19261213734341249)
2021-11-14 20:44:45.000 1246-1355/? I/DisplayManagerService: Display device changed state: "Built-in Screen", DOZE_SUSPEND
2021-11-14 20:44:45.001 868-868/? D/SurfaceFlinger: Setting power mode 2 on display 19261213734341249
2021-11-14 20:44:45.002 1246-1780/? D/DisplayPowerController: setActualDisplayState: DOZE -> DOZE_SUSPEND
2021-11-14 20:44:45.005 1246-1444/? D/DisplayPowerController: animateScreenStateChange: target=4, targetInternal=4, dualScreenPolicy=-1
2021-11-14 20:44:45.005 1246-1444/? D/DisplayPowerController: getFinalBrightness : Summary is 94 -> 94
2021-11-14 20:44:45.005 1246-1444/? D/DisplayPowerController: Animating brightness: target=94, rate=0 (PSM:, AB limit:(-1 ~ -1) MB Limit:(-1 ~ -1), sf=1.0
2021-11-14 20:44:45.006 1246-1444/? D/DisplayPowerController: animateScreenStateChange: target=4, targetInternal=4, dualScreenPolicy=-1
2021-11-14 20:44:45.006 1246-1584/? I/CAE: handleMessage(CaPowerManager.java:193) - AP_SLEEP_Already_Delivered
2021-11-14 20:44:45.007 1246-1584/? I/CAE: handleMessage(CaPowerManager.java:214) - SCREEN_ON_Already_Delivered
2021-11-14 20:44:45.007 1246-1444/? D/DisplayPowerController: getFinalBrightness : Summary is 94 -> 94
2021-11-14 20:44:45.008 1246-1444/? D/DisplayPowerController: Animating brightness: target=94, rate=0 (PSM:, AB limit:(-1 ~ -1) MB Limit:(-1 ~ -1), sf=1.0
2021-11-14 20:44:45.008 1246-1444/? D/PowerManagerService: DisplayPowerCallbacks : onStateChanged()
2021-11-14 20:44:45.008 1246-1444/? D/PowerManagerService: mDisplayReady: true
2021-11-14 20:44:45.011 1246-1246/? D/GameManagerService: onDisplayChanged. displyId: 0, state: 4
2021-11-14 20:44:45.012 1246-1791/? D/GameManagerService: onLooperPrepared(), msg: { when=0 what=10006 target=com.samsung.android.game.GameManagerService$FgCheckThread$1 }
2021-11-14 20:44:45.018 1858-1858/? D/DisplayLifecycle: updateDisplay id = 0
2021-11-14 20:44:45.044 1246-1395/? D/BatteryExternalStatsWorker: done updateExternalStatsLocked
2021-11-14 20:44:45.425 791-2626/? I/vendor.qti.bluetooth@1.0-ibs_handler: DeviceSleep: TX Awake, Sending SLEEP_IND
2021-11-14 20:44:45.426 791-2626/? D/vendor.qti.bluetooth@1.0-ibs_handler: SerialClockVote: vote for UART CLK OFF
2021-11-14 20:44:45.587 791-2427/? D/vendor.qti.bluetooth@1.0-wake_lock: Release wakelock is released
2021-11-14 20:44:45.754 1858-1858/? D/IntegrityVerifier: Verifying StatusBarWindowController : return = true
2021-11-14 20:44:45.882 1246-2637/? D/SettingsProvider: isChangeAllowed() : name = wifi_client_smart_tethering_settings
2021-11-14 20:44:45.883 1246-2637/? D/SemWifiApSmartClient: stopWifiApSmartClientAdvertize
2021-11-14 20:44:46.750 1858-1858/? D/KeyguardSecIndicationPolicy: remove Item pos = DEFAULT , id = 7522,
2021-11-14 20:44:46.750 1858-1858/? D/KeyguardSecIndicationPolicy: remove Item pos = DEFAULT , id = 7524,
2021-11-14 20:44:46.751 1858-1858/? D/KeyguardSecIndicationPolicy: update top pos = DEFAULT, item = [id=7524|ty=BATTERY|pr=40|txt=Fully charged|ti=duration=3000|an=false] -> [id=7525|ty=BATTERY_RESTING|pr=20|txt=Fully charged|ti=duration=PERSISTENT|an=false]
2021-11-14 20:44:46.751 1858-1858/? D/KeyguardSecIndicationController: onIndicationChanged() return - keyguard is not visible, pos = DEFAULT, item = [id=7525|ty=BATTERY_RESTING|pr=20|txt=Fully charged|ti=duration=PERSISTENT|an=false]
2021-11-14 20:44:48.387 1246-1444/? I/PowerManagerService: [PWL] Off : 5s ago
2021-11-14 20:44:48.387 1246-1444/? I/PowerManagerService: [PWL] PowerManagerService.Display: ref count=1
2021-11-14 20:44:48.388 1246-1444/? I/PowerManagerService: [PWL] mUserActivitySummary : 0x4
2021-11-14 20:44:48.388 1246-1444/? I/PowerManagerService: [PWL] mDisplayPowerRequest.policy : 1
2021-11-14 20:44:48.424 723-723/? E/audit: type=1400 audit(1636951488.420:92811): avc: denied { kill } for pid=0 comm="swapper/1" capability=5 scontext=u:r:kernel:s0 tcontext=u:r:kernel:s0 tclass=capability permissive=0 SEPF_SM-T860_10_0020 audit_filtered
2021-11-14 20:44:48.424 1246-1596/? D/SamsungAlarmManager: Expired : 4
2021-11-14 20:44:48.425 1246-1596/? V/SamsungAlarmManager: Sending to uid : 10020 action=com.android.internal.policy.impl.PhoneWindowManager.DELAYED_KEYGUARD alarm=Alarm{16d2510 type 2 when 3483388323 com.android.systemui}
2021-11-14 20:44:48.430 1858-1858/? D/KeyguardViewMediator: received DELAYED_KEYGUARD_ACTION with seq = 931, mDelayedShowingSequence = 931
2021-11-14 20:44:48.430 1246-1596/? I/SamsungAlarmManager: setLocked to kernel - T:2 / 20211114T204543, SetElapsed=3483443715, nowELAPSED=3483388331
2021-11-14 20:44:48.433 1246-1596/? I/SamsungAlarmManager: setLocked to kernel - T:3 / 20211114T204500, SetElapsed=3483399901, nowELAPSED=3483388334
2021-11-14 20:44:48.440 1858-1858/? D/FactoryTest: checkAutomationTestOption() : option=0
2021-11-14 20:44:48.442 1858-1858/? D/FactoryTest: checkAutomationTestOption() : mode_screenlock=0
2021-11-14 20:44:48.442 1858-1858/? D/KeyguardUpdateMonitor: setUnlockingKeyguard( false -> false )
2021-11-14 20:44:48.442 1858-1858/? D/KeyguardUpdateMonitor: dispatchBiometricsIdleTimeout
2021-11-14 20:44:48.442 1858-1858/? D/KeyguardViewMediator: doKeyguard: showing the lock screen
2021-11-14 20:44:48.443 1858-1858/? D/KeyguardViewMediator: showLocked
2021-11-14 20:44:48.446 1858-1858/? D/KeyguardUpdateMonitor: handleBiometricsTimeout, securityLevel is 0. Do not need idle timeout.
2021-11-14 20:44:48.446 1858-1858/? D/KeyguardViewMediator: handleMessage what = 1
2021-11-14 20:44:48.452 1858-1858/? D/KeyguardViewMediator: handleShow
2021-11-14 20:44:48.454 585-585/? I/hwservicemanager: getTransport: Cannot find entry vendor.samsung.hardware.radio.channel@2.0::ISehChannel/imsd in either framework or device manifest.
2021-11-14 20:44:48.457 1858-2253/? I/KeyguardViewMediator: updateActivityLockScreenState true true
2021-11-14 20:44:48.457 1246-2167/? D/ActivityTaskManager: setLockScreenShown(true,true) is called from 1858
2021-11-14 20:44:48.458 1246-2167/? D/GameManagerService: identifyForegroundApp. com.sec.android.app.launcher, mCurrentUserId: 0, callerUserId: 0
2021-11-14 20:44:48.458 1246-2167/? D/GamePkgDataHelper: getGamePkgData(). com.sec.android.app.launcher
2021-11-14 20:44:48.458 1246-1355/? W/UsageStatsService: Event reported without a package name, eventType:17
2021-11-14 20:44:48.460 1246-1355/? V/UsbDeviceManager: onKeyguardStateChanged: isShowing=true secure=false user=0
2021-11-14 20:44:48.461 1246-1355/? D/StorageManagerService: onKeyguardStateChanged = false
2021-11-14 20:44:48.461 1246-1352/? D/UsbDeviceManager: handleMessage -> MSG_UPDATE_SCREEN_LOCK: mScreenLocked=false
2021-11-14 20:44:48.462 1246-1610/? I/StorageManagerService: handleMessage :{ when=0 what=15 target=com.android.server.StorageManagerService$StorageManagerServiceHandler }
2021-11-14 20:44:48.462 1246-1610/? D/StorageManagerService: handleMessage :: H_KEYGUARD_CHANGED = 0
2021-11-14 20:44:48.463 1858-1858/? D/StatusBar-Window: Bouncer LP changed!!! = 0x4000, height = 0
2021-11-14 20:44:48.463 1858-1858/? I/KeyguardWallpaperController: setKeyguardShowing: showing = true, mIsPendingTypeChange = false
2021-11-14 20:44:48.463 1858-1858/? D/KeyguardWallpaperController: mIsKeyguardShowing=true, mOccluded=false, mFadingAway=false, match_parent=true
2021-11-14 20:44:48.463 1858-1858/? D/BackDropView: setVisibility 0
2021-11-14 20:44:48.463 1858-1858/? D/BackDropView: onVisibilityChanged 0
2021-11-14 20:44:48.479 1858-1858/? V/KeyguardUpdateMonitor: *** register callback for com.android.keyguard.KeyguardHostView$1@ffd3c5c
2021-11-14 20:44:48.479 1858-1858/? V/KeyguardUpdateMonitor: *** unregister callback for null
2021-11-14 20:44:48.480 1858-1858/? D/KnoxStateMonitor: MDM is not enabled...
2021-11-14 20:44:48.480 1858-1858/? D/KeyguardSecSecurityView: doWipeOutIfMaxFailedAttemptsSinceBoot( failedAttemptsBeforeWipe = 0 , failedAttempts = 0 )
2021-11-14 20:44:48.482 1858-1858/? V/KeyguardSecurityView: showPrimarySecurityScreen(turningOff=false)
2021-11-14 20:44:48.482 1858-1858/? D/KeyguardSecSecurityView: showSecurityScreen(None)
2021-11-14 20:44:48.482 1858-1858/? D/KeyguardSecurityView: showSecurityScreen(None)
2021-11-14 20:44:48.482 1858-1858/? D/KeyguardSecSecurityView: getSecurityViewIdForMode
2021-11-14 20:44:48.482 1858-1858/? D/KeyguardSecSecurityView: getLayoutIdFor
2021-11-14 20:44:48.482 1858-1858/? D/KeyguardSecSecurityView: getSecurityViewIdForMode
2021-11-14 20:44:48.482 1858-1858/? D/KeyguardSecSecurityView: getLayoutIdFor
2021-11-14 20:44:48.482 1858-1858/? D/KeyguardSecSecurityView: getSecurityViewIdForMode
2021-11-14 20:44:48.484 2648-2648/? I/io_stats: !@ 8,0 r 769842 27802308 w 6367307 206244228 d 3209226 481619044 f 4769667 5984493 iot 9029040 5622556 th 102400 0 0 pt 0 inp 0 0 2216690.669
2021-11-14 20:44:48.485 1858-1858/? E/SystemUIWidgetRes: Invalid ic_iris_proximity_indicator_arrow_left
2021-11-14 20:44:48.486 1858-1858/? E/SystemUIWidgetRes: Invalid ic_iris_proximity_indicator_arrow_left_whitebg
2021-11-14 20:44:48.487 1858-1858/? D/SystemUITextView: mOriginalFontSizeDp 15.111111 com.android.systemui.widget.SystemUITextView{341303a G.ED..... ......I. 0,0-0,0 #7f0a0321 app:id/keyguard_guide_text}
2021-11-14 20:44:48.488 1858-1858/? E/SystemUIWidgetRes: Invalid ic_iris_proximity_indicator_arrow_right
2021-11-14 20:44:48.489 1858-1858/? E/SystemUIWidgetRes: Invalid ic_iris_proximity_indicator_arrow_right_whitebg
2021-11-14 20:44:48.489 1858-1858/? D/KeyguardProximityPopup: onFinishInflate()
2021-11-14 20:44:48.493 1858-1858/? D/StatusBar-Window: Bouncer LP changed!!! = 0x4000, height = 0
2021-11-14 20:44:48.496 1858-1858/? V/KeyguardUpdateMonitor: *** register callback for com.android.keyguard.biometrics.KeyguardBiometricProximityGuidePopup$1@fd7d8e1
2021-11-14 20:44:48.496 1858-1858/? V/KeyguardUpdateMonitor: *** unregister callback for null
2021-11-14 20:44:48.498 1817-2325/? I/Telephony: SamsungPhoneInterfaceManagerCallHelper: isVideoCall: false
2021-11-14 20:44:48.499 1858-1858/? D/WallpaperManager: semGetWallpaperColors, which = 2
2021-11-14 20:44:48.500 1246-2167/? D/WALLPAPER_SVCWallpaperManagerService: getWallpaperSafeLocked, userId = 0, which = 2, caller = com.android.server.wallpaper.WallpaperManagerService.getWallpaperSafeLocked:7693
2021-11-14 20:44:48.500 1858-1858/? D/SystemUITextView: onAttachedToWindow mAttrCount = 0
2021-11-14 20:44:48.500 1858-1858/? D/WallpaperManager: semGetWallpaperColors, which = 2
2021-11-14 20:44:48.501 1246-2167/? D/WALLPAPER_SVCWallpaperManagerService: getWallpaperSafeLocked, userId = 0, which = 2, caller = com.android.server.wallpaper.WallpaperManagerService.getWallpaperSafeLocked:7693
2021-11-14 20:44:48.502 1858-1858/? D/StatusBar: makeExpandedVisible : mExpandedVisible = true, force = true, panelsEnabled = true
2021-11-14 20:44:48.502 1858-1858/? D/FloatingShortcutView: updateVisibility() visible = true, mStatusBarState = 1, mIsPanelVisible = true, mIsExpanded = false
2021-11-14 20:44:48.505 1858-1858/? D/StatusBar-Window: Bouncer LP changed!!! = 0x4000, height = 0
2021-11-14 20:44:48.506 1858-1858/? D/StatusBar: disable disable2
2021-11-14 20:44:48.506 1858-1858/? D/StatusBar: disable disable2
2021-11-14 20:44:48.507 1858-1858/? D/StatusBar: makeExpandedVisible : mExpandedVisible = true, force = true, panelsEnabled = true
2021-11-14 20:44:48.507 1858-1858/? D/FloatingShortcutView: updateVisibility() visible = true, mStatusBarState = 1, mIsPanelVisible = true, mIsExpanded = false
2021-11-14 20:44:48.510 1858-1858/? D/StatusBar-Window: Bouncer LP changed!!! = 0x4000, height = 0
2021-11-14 20:44:48.510 1858-1858/? D/StatusBar: disable disable2
2021-11-14 20:44:48.510 1858-1858/? D/StatusBar: disable disable2
2021-11-14 20:44:48.511 1858-1858/? D/KeyguardWallpaperController: mWallpaperView.reset()
2021-11-14 20:44:48.511 1858-1858/? D/KeyguardSecSecurityView: isNotiClickedOnShadeLocked= false
2021-11-14 20:44:48.511 1858-1858/? D/KeyguardViewMediator: adjustStatusBarLocked: mShowing=true mOccluded=false isSecure=false force=false --> flags=0x1200000
2021-11-14 20:44:48.513 1246-2167/? D/StatusBarManagerService: disabledlocked (b/113914868): displayId=0, net1=18874368, mDisabled1=0, token=android.os.BinderProxy@628ebc5, mDisableRecords=1 => { ([0] barType=0 userId=0 what1=0x01200000 what2=0x00000000 pkg=com.android.systemui token=android.os.BinderProxy@628ebc5), }
2021-11-14 20:44:48.513 1246-2167/? D/StatusBarManagerService: Phone BarMap = com.android.internal.statusbar.IStatusBar$Stub$Proxy@5bd9102
2021-11-14 20:44:48.513 1858-1858/? D/KeyguardViewBase: show()
2021-11-14 20:44:48.514 1858-1858/? V/KeyguardSecurityView: showPrimarySecurityScreen(turningOff=false)
2021-11-14 20:44:48.514 1858-1858/? D/KeyguardSecSecurityView: showSecurityScreen(None)
2021-11-14 20:44:48.514 1858-1858/? D/KeyguardUpdateMonitor: onKeyguardVisibilityChanged(v=false->true, s=false->true, o=false->false)
2021-11-14 20:44:48.515 1858-1858/? D/LightBarController: onSystemUiVisibilityChanged fullVis=2000 mask=0 oldFullVal=2000 newFullVal=2000 fullDiff=0 mFullscreenLight=true isLight(Full)=true mLastStatusBarMode=4 newBarMode=4
2021-11-14 20:44:48.515 1858-1858/? D/LightBarController: onNavigationVisibilityChanged : vis = a018, nbModeChanged = true navigationBarMode = 4, navbarColorManagedByIme = false
2021-11-14 20:44:48.515 1858-1858/? V/NavBarStoreImpl: handleEvent [EventType] GET_BOOL_TINT_CONTROLLER_ENABLED [Module] LightBarController
2021-11-14 20:44:48.515 1858-1858/? V/NavBarStoreImpl: --[Band]COLOR_PACK_GET_TINT_SAMPLING_ENABLED
2021-11-14 20:44:48.515 1858-1858/? V/NavBarStoreImpl: ----apply(SET_TINT_SAMPLING_ENABLED)
2021-11-14 20:44:48.515 1858-1858/? V/NavBarStoreImpl: getResult(GET_BOOL_TINT_CONTROLLER_ENABLED)=false
2021-11-14 20:44:48.517 1858-1858/? D/FaceWidgetPagesController: onKeyguardVisibilityChanged() showing = true
2021-11-14 20:44:48.517 1858-1858/? D/FaceWidgetPagesController: refreshViews() reason = VISIBILITY_CHANGED, force = true
2021-11-14 20:44:48.518 1858-1858/? D/FaceWidgetClockPage_Full: updateClockSuspendState() reason = visibility, suspend=true, kv=true, wa=false, di=false, wu=false
2021-11-14 20:44:48.518 1858-1858/? I/DigitalHorizontalHmsClockView_LOCK_SCREEN: suspend : mSuspend = true, enable = true
2021-11-14 20:44:48.518 1858-1858/? D/FaceWidgetClockPage: updateClockSuspendState() reason = visibility, suspend=true, kv=true, wa=true, di=false, wu=false
2021-11-14 20:44:48.518 1858-1858/? I/DigitalHorizontalTypoClockView_LOCK_SCREEN: suspend : mSuspend = true, enable = true
2021-11-14 20:44:48.518 1858-1858/? D/FaceWidgetCloneClockPage: updateClockSuspendState() reason = visibility, suspend=true, kv=true, wa=false, di=false, wu=false
2021-11-14 20:44:48.518 1858-1858/? I/DigitalHorizontalTypoClockView_LOCK_SCREEN: suspend : mSuspend = true, enable = true
2021-11-14 20:44:48.518 1858-1858/? D/FloatingShortcutView: updateEnableState() reason = 6, currentState = DisabledShortcutState, isFloatingShortcutEnabled=false, isSettingEnabled=false, isScreenOn=false, isMoreThanOneShortcutEnabled=true, isEmergencyModeDisabled=true, isUPSMDisabled=true, isNotBouncer=true, isKeyguardShowing=true, isDLSShortcutEnabled=true, isPluginDefaultViewMode=true, isFaceWidgetFullscreenModeDisabled=true
2021-11-14 20:44:48.518 1858-1858/? D/FloatingShortcutView: changeState() DisabledShortcutState reset
2021-11-14 20:44:48.518 1858-1858/? I/FaceWidgetWindowManager: onKeyguardVisibilityChanged() showing = true
2021-11-14 20:44:48.519 1858-1858/? D/KeyguardFingerPrint: updateFingerprintListeningState#mFingerprintRunningState=0 shouldListenForFingerprint=false
2021-11-14 20:44:48.519 1858-1858/? D/KeyguardUpdateMonitor: sendKeyguardStateUpdated(true, false, false)
2021-11-14 20:44:48.520 1858-1858/? D/BioUnlock: isWakeAndUnlock false
2021-11-14 20:44:48.520 1858-1858/? D/BioUnlock: updateLooperSlowLog false
2021-11-14 20:44:48.520 1858-1858/? D/LooperSlowLogController: update 0 0 false
2021-11-14 20:44:48.521 1246-2167/? D/PowerManagerService: [api] userActivity : event: 0 flags: 0 (uid: 10020 pid: 1858) eventTime = 2216690707
2021-11-14 20:44:48.523 1858-1858/? D/KnoxStateMonitor: lockSdp :: Maybe keyguard shown as user 0
2021-11-14 20:44:48.523 1858-1858/? V/KeyguardDisplayManager: show
2021-11-14 20:44:48.524 1858-1858/? I/KeyguardDisplayManager: Do not show KeyguardPresentation on the default display
2021-11-14 20:44:48.524 1858-1858/? D/KeyguardViewMediator: handleShow / elapsed time: 76ms
2021-11-14 20:44:48.526 1858-1858/? D/SystemUIWallpaper: onApplyWindowInsets
2021-11-14 20:44:48.526 1858-1858/? E/[IndicatorGarden]Presenter: onGardenApplyWindowInsets() New DisplayCutout is NULL!!
2021-11-14 20:44:48.531 1858-1858/? D/KeyguardBottomAreaShortcutView: mIndicationArea margin start : 288, end : 288, bottom : 172
2021-11-14 20:44:48.531 1858-1858/? D/KeyguardSideMargin: isLandscapetrue
2021-11-14 20:44:48.531 1858-1858/? D/KeyguardSideMargin: screenWidth2560
2021-11-14 20:44:48.532 1858-1858/? D/KeyguardSideMargin: screenHeight1600
2021-11-14 20:44:48.534 1246-2167/? V/WindowManager: Relayout Window{625425d u0 StatusBar}: viewVisibility=0 req=2560x1600
2021-11-14 20:44:48.536 1858-32155/? D/WallpaperService: dispatchAppVisibility onVisibilityChanged(): false
2021-11-14 20:44:48.539 1246-2167/? V/WindowManager: rotationForOrientation(orient=2, last=1); user=0
2021-11-14 20:44:48.540 1246-2167/? V/WindowManager: Computed rotation=1 for display id=0 based on lastOrientation=2 and oldRotation=1, caller=com.android.server.wm.DisplayContent.updateOrientationFromAppTokens:1553 com.android.server.wm.DisplayContent.updateOrientationFromAppTokens:1490 com.android.server.wm.WindowManagerService.relayoutWindow:2637 com.android.server.wm.Session.relayout:202 android.view.IWindowSession$Stub.onTransact:716 com.android.server.wm.Session.onTransact:142
2021-11-14 20:44:48.541 1246-1355/? D/PowerManagerService: [api] setUserActivityTimeoutOverrideFromWindowManagerInternal: timeoutMillis: 5000
2021-11-14 20:44:48.541 1246-1355/? D/PowerManagerService: getScreenOffTimeoutLocked: 600000 -> 5000
2021-11-14 20:44:48.541 1246-1355/? D/PowerManagerService: [api] setScreenDimDurationOverrideFromWindowManagerInternal: timeoutMillis: 0
2021-11-14 20:44:48.542 1246-2167/? V/WindowManager: Relayout 1858: mAttrs={(0,0)(fillxfill) gr=TOP CENTER_VERTICAL sim={adjust=resize} layoutInDisplayCutoutMode=always ty=STATUS_BAR fmt=TRANSLUCENT or=SCREEN_ORIENTATION_USER if=DISABLE_USER_ACTIVITY userActivityTimeout=5000 fl=81860040 pfl=880400 vsysui=2010 dimAmount=0.0 screenDimDuration=0 naviIconColor=0 sfl=40000}, display=0
2021-11-14 20:44:48.544 1858-1858/? I/ViewRootImpl@8259c7c[StatusBar]: Relayout returned: old=(0,0,2560,1600) new=(0,0,2560,1600) req=(2560,1600)0 dur=12 res=0x1 s={true 486971928576} ch=false
2021-11-14 20:44:48.546 1858-1858/? D/KeyguardSideMargin: isLandscapetrue
2021-11-14 20:44:48.547 1858-1858/? D/KeyguardSideMargin: screenWidth2560
