2021-11-14 20:45:37.234 1246-2167/? E/WindowManager: win=Window{e0d4ca9 u0 io.appium.settings/io.appium.settings.Unlock} destroySurfaces: appStopped=true win.mWindowRemovalAllowed=false win.mRemoveOnExit=false win.mViewVisibility=8 caller=com.android.server.wm.AppWindowToken.destroySurfaces:1248 com.android.server.wm.AppWindowToken.destroySurfaces:1229 com.android.server.wm.AppWindowToken.notifyAppStopped:1284 com.android.server.wm.ActivityRecord.activityStoppedLocked:2776 com.android.server.wm.ActivityTaskManagerService.activityStopped:2512 android.app.IActivityTaskManager$Stub.onTransact:2280 android.os.Binder.execTransactInternal:1056
2021-11-14 20:45:37.235 1246-2167/? I/WindowManager: Destroying surface Surface(name=io.appium.settings/io.appium.settings.Unlock$_30751)/@0x9060eea called by com.android.server.wm.WindowStateAnimator.destroySurface:1825 com.android.server.wm.WindowStateAnimator.destroySurfaceLocked:724 com.android.server.wm.WindowState.destroySurfaceUnchecked:3642 com.android.server.wm.WindowState.destroySurface:3616 com.android.server.wm.AppWindowToken.destroySurfaces:1248 com.android.server.wm.AppWindowToken.destroySurfaces:1229 com.android.server.wm.AppWindowToken.notifyAppStopped:1284 com.android.server.wm.ActivityRecord.activityStoppedLocked:2776
2021-11-14 20:45:37.235 4453-4453/? E/SemPersonaManager: KNOX_UNBUNDLING::deprecated api = isKnoxKeyguardShown
2021-11-14 20:45:37.235 868-989/? I/Layer: id=56805 removeFromCurrentState io.appium.settings/io.appium.settings.Unlock$_30751#0 (76)
2021-11-14 20:45:37.236 3397-3397/io.appium.uiautomator2.server I/tomator2.serve: The ClassLoaderContext is a special shared library.
2021-11-14 20:45:37.236 1246-3796/? D/ActivityTaskManager: setLockScreenShown(true,false) is called from 1858
2021-11-14 20:45:37.237 1246-1355/? D/GameManagerService: noteResumeComponent(), received resumed-component: io.appium.settings
2021-11-14 20:45:37.237 1246-1791/? D/GameManagerService: onLooperPrepared(), msg: { when=0 what=10000 obj=ComponentInfo{io.appium.settings/io.appium.settings.Unlock} target=com.samsung.android.game.GameManagerService$FgCheckThread$1 }
2021-11-14 20:45:37.237 1246-1791/? D/GameManagerService: handleResume(). display is turned off. ignore
2021-11-14 20:45:37.237 4453-7015/? D/[AirCmd]_CallbackRepeater: stopRepeat : isWorking=false
2021-11-14 20:45:37.237 4453-7015/? D/[AirCmd]_NotRecognizedGestureGuidePanelTrigger: updateState
2021-11-14 20:45:37.238 1246-3796/? V/WindowManager: Prepare app transition: transit=TRANSIT_NONE mNextAppTransition=TRANSIT_UNSET alwaysKeepCurrent=false displayId=0 Callers=com.android.server.wm.DisplayContent.prepareAppTransition:6356 com.android.server.wm.WindowManagerService.prepareAppTransition:2972 com.android.server.wm.KeyguardController.setKeyguardShown:188 com.android.server.wm.ActivityTaskManagerService.setLockScreenShown:4281 android.app.IActivityTaskManager$Stub.onTransact:3242
2021-11-14 20:45:37.238 1246-3796/? W/WindowManager: Execute app transition: mNextAppTransition=TRANSIT_NONE, displayId: 0 Callers=com.android.server.wm.WindowManagerService.executeAppTransition:3024 com.android.server.wm.KeyguardController.setKeyguardShown:201 com.android.server.wm.ActivityTaskManagerService.setLockScreenShown:4281 android.app.IActivityTaskManager$Stub.onTransact:3242 android.os.Binder.execTransactInternal:1056
2021-11-14 20:45:37.238 1246-1627/? D/GamePkgDataHelper: getSosPolicy(). io.appium.settings
2021-11-14 20:45:37.239 3397-3397/io.appium.uiautomator2.server I/tomator2.serve: The ClassLoaderContext is a special shared library.
2021-11-14 20:45:37.240 4453-7015/? D/[AirCmd]_NotSpenActionScreenGuidePanelTrigger: updateState
2021-11-14 20:45:37.240 3734-3992/? D/SDHMS:wb: writeSysfs:: path = /sys/class/scsi_host/host0/../../../clkscale_enable, value = 0
2021-11-14 20:45:37.241 3397-3397/io.appium.uiautomator2.server W/tomator2.serve: ClassLoaderContext classpath size mismatch. expected=0, found=2 (PCL[]{PCL[/system/framework/android.test.mock.jar*494539449]{PCL[/system/framework/android.test.base.jar*1299883780]}#PCL[/system/framework/android.test.runner.jar*3312018701]{PCL[/system/framework/android.test.base.jar*1299883780]#PCL[/system/framework/android.test.mock.jar*494539449]{PCL[/system/framework/android.test.base.jar*1299883780]}}} | PCL[/system/framework/android.test.runner.jar*3312018701:/system/framework/android.test.mock.jar*494539449];PCL[/system/framework/android.test.runner.jar*3312018701:/system/framework/android.test.mock.jar*494539449:/data/app/io.appium.uiautomator2.server.test-bqLYaxCOY3B3GSYSaK8tvw==/base.apk*809781538:/data/app/io.appium.uiautomator2.server.test-bqLYaxCOY3B3GSYSaK8tvw==/base.apk!classes2.dex*4010845360:/data/app/io.appium.uiautomator2.server-FJVeUyfKiCUedrU-kGr00w==/base.apk*3298127340:/data/app/io.appium.uiautomator2.server-FJVeUyfKiCUedrU-kGr00w==/base.apk!classes2.dex*799548724])
2021-11-14 20:45:37.241 4453-4453/? D/AC:AirCommandMainController: updateFloatingIconUi : type=2
2021-11-14 20:45:37.241 4453-4453/? D/AC:FloatingIconController: startUi
2021-11-14 20:45:37.241 4453-4453/? V/AC:WindowController: attachWindow.
2021-11-14 20:45:37.241 3397-3397/io.appium.uiautomator2.server W/tomator2.serve: Found duplicate classes, falling back to extracting from APK : /data/app/io.appium.uiautomator2.server.test-bqLYaxCOY3B3GSYSaK8tvw==/base.apk
2021-11-14 20:45:37.241 3397-3397/io.appium.uiautomator2.server W/tomator2.serve: NOTE: This wastes RAM and hurts startup performance.
2021-11-14 20:45:37.241 3397-3397/io.appium.uiautomator2.server W/tomator2.serve: Found duplicated class when checking oat files: 'Landroidx/test/espresso/AmbiguousViewMatcherException$1;' in /data/app/io.appium.uiautomator2.server.test-bqLYaxCOY3B3GSYSaK8tvw==/base.apk and /data/app/io.appium.uiautomator2.server.test-bqLYaxCOY3B3GSYSaK8tvw==/base.apk
2021-11-14 20:45:37.250 868-868/? I/SurfaceFlinger: Display 19261213734341249 HWC layers: type | handle | flag | format | source crop (l,t,r,b) | frame | name ------------+--------------+------+-----------+----------------------------+---------------------+------ DEVICE | 0x755b24d0a0 | 0000 | RGBA_8888 | 0.0 0.0 2560.0 1600.0 | 0 0 2560 1600 | StatusBar$_1858#0 DEVICE | 0x755f1cf190 | 0000 | RGBA_8888 | 0.0 0.0 2560.0 23.0 | 0 0 2560 23 | ScreenDecorOverlay$_1858#0 DEVICE | 0x755b24c9a0 | 0000 | RGBA_8888 | 0.0 0.0 2560.0 81.0 | 0 1519 2560 1600 | ScreenDecorOverlayBottom$_1858#0
2021-11-14 20:45:37.250 3734-3992/? D/SDHMS:kb.x: ResumePackageChangedReceiver PkgName : io.appium.settings isGame : false
2021-11-14 20:45:37.251 868-2243/? I/SurfaceFlinger: id=56806 createSurf (0x0),-1 flag=80004, WindowToken{3828b51 android.os.BinderProxy@64f878}#0
2021-11-14 20:45:37.252 1246-3993/? D/InputTransport: Input channel constructed: '6ae2fb6', fd=614
2021-11-14 20:45:37.252 1246-3993/? D/InputTransport: Input channel constructed: '6ae2fb6', fd=619
2021-11-14 20:45:37.252 868-989/? I/SurfaceFlinger: id=56807 createSurf (0x0),-1 flag=80004, 6ae2fb6 Air_Cmd(Floating)#0
2021-11-14 20:45:37.253 1246-3993/? D/InputTransport: Input channel destroyed: '6ae2fb6', fd=619
2021-11-14 20:45:37.255 4453-4453/? I/ViewRootImpl@9303146[Air_Cmd(Floating)]: setView = com.samsung.android.service.aircommand.launcher.widget.RootLayout@14f5d51 TM=true MM=false
2021-11-14 20:45:37.255 4453-4453/? D/[AirCmd]_ViewTreeObserverReflection: addOnComputeInternalInsetsListener
2021-11-14 20:45:37.257 4453-7015/? D/[AirCmd]_MediaControlStateMonitor: getActiveSessionsForUser : userId = 0
2021-11-14 20:45:37.258 4453-7015/? D/[AirCmd]_MediaControlStateMonitor: getActiveSessionsForUser : userId = 0
2021-11-14 20:45:37.258 4453-4453/? I/AC:WindowController: updateWindowParam : .2437.1347
2021-11-14 20:45:37.258 4453-4453/? I/AC:WindowController: skip update.
2021-11-14 20:45:37.259 4453-4453/? V/AC:WindowController: setVisibility.0
2021-11-14 20:45:37.259 4453-4453/? V/AC:FloatingIconAnimationController: play : 0x2
2021-11-14 20:45:37.259 4453-4453/? V/AC:FloatingIconController: hideFloatingButton.true.false
2021-11-14 20:45:37.259 4453-4453/? V/AC:WindowController: setVisibility.4
2021-11-14 20:45:37.259 4453-4453/? D/AC:AirCommandMainController: startHomeUi
2021-11-14 20:45:37.259 4453-4453/? I/AC:OneUiHomeController: onStart
2021-11-14 20:45:37.259 4453-4453/? V/AC:WindowController: attachWindow.
2021-11-14 20:45:37.260 4453-7015/? D/[AirCmd]_MediaControlStateMonitor: getActivePackageName : notification list, media session list is null
2021-11-14 20:45:37.260 4453-7015/? D/[AirCmd]_RemoteSpenMainController: hasGeneralAction : packageName is io.appium.settings, activityName is io.appium.settings.Unlock, hasActions is false
2021-11-14 20:45:37.260 4453-7015/? D/[AirCmd]_CameraAvailabilityMonitor: isCameraPreviewOn : mIsCameraPreviewOn is false
2021-11-14 20:45:37.260 1246-1246/? V/SamsungAlarmManager: Sending to uid : 1000 action=com.sec.android.alarm.refresh.battery_stats alarm=Alarm{777f4b7 type 3 when 3483201673 com.sec.android.sdhms}
2021-11-14 20:45:37.261 1858-1858/? I/AODChargingInfoTimer: cancelAlarm:
2021-11-14 20:45:37.261 1246-3796/? D/SamsungAlarmManager: Cancel Alarm calling from uid:10020 pid :1858 / listener:android.app.IAlarmListener$Stub$Proxy@72d2424
2021-11-14 20:45:37.262 3397-3397/io.appium.uiautomator2.server W/tomator2.serve: ClassLoaderContext classpath size mismatch. expected=0, found=4 (PCL[] | PCL[/system/framework/android.test.runner.jar*3312018701:/system/framework/android.test.mock.jar*494539449:/data/app/io.appium.uiautomator2.server.test-bqLYaxCOY3B3GSYSaK8tvw==/base.apk*809781538:/data/app/io.appium.uiautomator2.server.test-bqLYaxCOY3B3GSYSaK8tvw==/base.apk!classes2.dex*4010845360];PCL[/system/framework/android.test.runner.jar*3312018701:/system/framework/android.test.mock.jar*494539449:/data/app/io.appium.uiautomator2.server.test-bqLYaxCOY3B3GSYSaK8tvw==/base.apk*809781538:/data/app/io.appium.uiautomator2.server.test-bqLYaxCOY3B3GSYSaK8tvw==/base.apk!classes2.dex*4010845360:/data/app/io.appium.uiautomator2.server-FJVeUyfKiCUedrU-kGr00w==/base.apk*3298127340:/data/app/io.appium.uiautomator2.server-FJVeUyfKiCUedrU-kGr00w==/base.apk!classes2.dex*799548724])
2021-11-14 20:45:37.262 3397-3397/io.appium.uiautomator2.server W/tomator2.serve: Found duplicate classes, falling back to extracting from APK : /data/app/io.appium.uiautomator2.server-FJVeUyfKiCUedrU-kGr00w==/base.apk
2021-11-14 20:45:37.262 3397-3397/io.appium.uiautomator2.server W/tomator2.serve: NOTE: This wastes RAM and hurts startup performance.
2021-11-14 20:45:37.262 3397-3397/io.appium.uiautomator2.server W/tomator2.serve: Found duplicated class when checking oat files: 'Landroid_libs/ub_uiautomator/R;' in /data/app/io.appium.uiautomator2.server-FJVeUyfKiCUedrU-kGr00w==/base.apk!classes2.dex and /data/app/io.appium.uiautomator2.server-FJVeUyfKiCUedrU-kGr00w==/base.apk!classes2.dex
2021-11-14 20:45:37.262 1817-30447/? I/Telephony: SamsungPhoneInterfaceManagerCallHelper: isVideoCall: false
2021-11-14 20:45:37.265 868-2243/? I/SurfaceFlinger: id=56805 Removed io.appium.settings/io.appium.settings.Unlock$_30751#0 (78)
2021-11-14 20:45:37.266 1246-1246/? V/SamsungAlarmManager: Sending to uid : 10098 action=com.samsung.action.EVERY_MINUTE_CLOCK_UPDATE alarm=Alarm{7138b8d type 1 when 1636951500000 com.sec.android.app.launcher}
2021-11-14 20:45:37.266 1858-6966/? D/SamsungAnalytics605015: SendLog Result = 0
2021-11-14 20:45:37.266 1246-1658/? D/PowerManagerService: [api] override the screen timeout by mNotificationLightScreenOverride
2021-11-14 20:45:37.267 752-1225/? I/netd: bandwidthSetGlobalAlert(52428800) <0.19ms>
2021-11-14 20:45:37.267 1246-1659/? D/NtpTrustedTime: currentTimeMillis() cache hit
2021-11-14 20:45:37.268 32541-32541/? D/GOS:GlobalDbHelper: getUUID(), UUID: 99b0b1d089314776956c51b8757e9e70
2021-11-14 20:45:37.268 1246-1355/? I/DisplayManagerService: Display device changed state: "Built-in Screen", ON
2021-11-14 20:45:37.269 32541-32541/? W/GOS:RequestHeader: RequestHeader(): can't find mcc
2021-11-14 20:45:37.269 32541-32541/? W/GOS:RequestHeader: RequestHeader(): can't find mnc
2021-11-14 20:45:37.269 1246-3445/? D/TspStateManagerInternal: update cmd=set_grip_data,2,1,0,0,6,6,34,34
2021-11-14 20:45:37.269 1246-1355/? D/GameSDK@LifeCycle: onFocusedStackChanged(): focusedStackInfo: Stack id=0 bounds=[0,0][2560,1600] displayId=0 userId=0 configuration={1.0 ?mcc?mnc [en_US] ldltr sw711dp w1137dp h639dp 360dpi lrg hdr widecg land night finger -keyb/v/h -nav/h winConfig={ mBounds=Rect(0, 0 - 2560, 1600) mAppBounds=Rect(0, 0 - 2560, 1492) mWindowingMode=fullscreen mDisplayWindowingMode=fullscreen mActivityType=home mAlwaysOnTop=undefined mRotation=ROTATION_90} s.1128 desktop/d ?dc bts=0 ff=0 bf=0} taskId=5061: com.sec.android.app.launcher/com.sec.android.app.launcher.activities.LauncherActivity bounds=[0,0][2560,1600] userId=0 visible=true topActivity=ComponentInfo{com.sec.android.app.launcher/com.sec.android.app.launcher.activities.LauncherActivity}
2021-11-14 20:45:37.279 868-868/? I/Layer: id=56805[1] Destroyed io.appium.settings/io.appium.settings.Unlock$_30751#0
2021-11-14 20:45:37.294 1246-1353/? D/CodecSolution: isMaxAspectPackageEx: com.sec.android.app.launcher : false(0)
2021-11-14 20:45:37.295 1246-1353/? D/CodecSolution: isMaxAspectPackageEx: com.sec.android.app.launcher : false(0)
2021-11-14 20:45:37.296 4453-7015/? D/[AirCmd]_CameraAvailabilityMonitor: isCameraPreviewOn : mIsCameraPreviewOn is false
2021-11-14 20:45:37.296 868-989/? I/SurfaceFlinger: id=56808 createSurf (0x0),-1 flag=80004, WindowToken{b7ed3bc android.os.BinderProxy@cbac3af}#0
2021-11-14 20:45:37.297 1817-30447/? I/Telephony: SamsungPhoneInterfaceManagerCallHelper: isVideoCall: false
2021-11-14 20:45:37.297 1246-2001/? D/InputTransport: Input channel constructed: '8eb9f45', fd=619
2021-11-14 20:45:37.297 1246-2001/? D/InputTransport: Input channel constructed: '8eb9f45', fd=624
2021-11-14 20:45:37.298 868-989/? I/SurfaceFlinger: id=56809 createSurf (0x0),-1 flag=80004, 8eb9f45 Air_Cmd(Launcher)#0
2021-11-14 20:45:37.298 1246-2001/? D/InputTransport: Input channel destroyed: '8eb9f45', fd=624
2021-11-14 20:45:37.299 4453-4453/? I/ViewRootImpl@974665d[Air_Cmd(Launcher)]: setView = com.samsung.android.service.aircommand.launcher.widget.RootLayout@d407890 TM=true MM=false
2021-11-14 20:45:37.299 4453-4453/? V/AC:WindowController: setVisibility.8
2021-11-14 20:45:37.300 4453-4453/? W/Settings: Setting display_cutout_hide_notch has moved from android.provider.Settings.Secure to android.provider.Settings.Global.
2021-11-14 20:45:37.300 1246-1246/? V/SamsungAlarmManager: Sending to uid : 10041 action=com.google.android.gms.location.fused.SEND_LOCATION_IN_STATIONARY_MODE_ALARM_ALARM_6946 alarm=Alarm{b38069a type 3 when 3483404189 com.google.android.gms}
2021-11-14 20:45:37.301 1246-1355/? D/GameSDK@LifeCycle: onFocusedPackageChanged(): newPkgName: com.sec.android.app.launcher, newPid: 2282
2021-11-14 20:45:37.302 4453-7015/? D/[AirCmd]_MediaControlStateMonitor: getActiveSessionsForUser : userId = 0
2021-11-14 20:45:37.302 1246-1355/? D/GameManagerService: MultiWindowEventListener.onFocusedStackChanged()
2021-11-14 20:45:37.302 1246-1355/? D/GameManagerService: getForegroundPair(), state=0, bounds=[0,0][2560,1600], displayId=0, userId=0, taskName=com.sec.android.app.launcher/com.sec.android.app.launcher.activities.LauncherActivity
2021-11-14 20:45:37.302 1246-1355/? D/GameManagerService: sendPauseConditionally() - mPrevNotiPackage: com.sec.android.app.myfiles
2021-11-14 20:45:37.302 1246-1355/? D/GameManagerService: MultiWindowEventListener.onFocusedStackChanged(), pkgName: com.sec.android.app.launcher, clsName: com.sec.android.app.launcher.activities.LauncherActivity, fgActivityName:com.sec.android.app.launcher/.activities.LauncherActivity, userID:0
2021-11-14 20:45:37.303 1246-1355/? D/MdnieScenarioControlService: MultiWindowState : false , mode : 0
2021-11-14 20:45:37.304 4453-4453/? D/[AirCmd]_CommonUtils: isCutoutExistInDisplayArea : setting not exist
2021-11-14 20:45:37.305 4453-4453/? D/[AirCmd]_CommonUtils: isPhysicalDisplayCutoutAreaExist : false spec=
2021-11-14 20:45:37.305 4453-4453/? D/AC:WindowController: getCutoutSize : DisplayCutout is null
2021-11-14 20:45:37.306 1246-4073/? V/WindowManager: Relayout Window{6ae2fb6 u0 Air_Cmd(Floating)}: viewVisibility=4 req=182x182
2021-11-14 20:45:37.308 1246-4073/? V/WindowManager: Relayout 4453: mAttrs={(2437,1347)(182x182) gr=TOP LEFT CENTER sim={adjust=pan} ty=AIR_COMMAND fmt=TRANSLUCENT fl=1000328 pfl=10 naviIconColor=0 sfl=20000}, display=0
2021-11-14 20:45:37.309 4453-7015/? D/[AirCmd]_MediaControlStateMonitor: getActiveSessionsForUser : userId = 0
2021-11-14 20:45:37.309 1246-1371/? I/ActivityTaskManager: Displayed io.appium.settings/.Unlock: +109ms
2021-11-14 20:45:37.309 1246-1371/? I/Pageboost: Launch time gathered : pid 30751 io.appium.settings 109
2021-11-14 20:45:37.309 4453-4453/? I/ViewRootImpl@9303146[Air_Cmd(Floating)]: Relayout returned: old=(0,0,2560,1600) new=(2437,1347,2619,1529) req=(182,182)4 dur=3 res=0x1 s={false 0} ch=false
2021-11-14 20:45:37.309 4453-4453/? D/AC:WindowController: getCutoutSize : DisplayCutout is null
2021-11-14 20:45:37.310 2652-2652/? E/pageboostd: Received HALT command code 2
2021-11-14 20:45:37.311 4453-7015/? D/[AirCmd]_MediaControlStateMonitor: getActivePackageName : notification list, media session list is null
2021-11-14 20:45:37.311 4453-7015/? D/[AirCmd]_PenActionRule: getAction : get default action data from remote action because pen action data is null.
2021-11-14 20:45:37.311 4453-7015/? D/[AirCmd]_RemoteSpenMainController: onSwitch : has double click action = true
2021-11-14 20:45:37.311 4453-7015/? D/[AirCmd]_BleSpenButtonActionDetector: enableDoubleClickDetection: enabled=true, doubleClickWaitInterval=300
2021-11-14 20:45:37.311 4453-7015/? D/[AirCmd]_RemoteSpenMainController: onSwitch : package is io.appium.settings and activity is io.appium.settings.Unlock and isBleConnected is false and hasActions is false
2021-11-14 20:45:37.314 4453-4453/? D/AC:WindowController: getCutoutSize : DisplayCutout is null
2021-11-14 20:45:37.316 1246-1627/? V/WindowManager: Relayout Window{8eb9f45 u0 Air_Cmd(Launcher)}: viewVisibility=8 req=2560x1600
2021-11-14 20:45:37.320 3397-3397/io.appium.uiautomator2.server W/tomator2.serve: Accessing hidden method Landroid/app/Instrumentation;->execStartActivity(Landroid/content/Context;Landroid/os/IBinder;Landroid/os/IBinder;Landroid/app/Activity;Landroid/content/Intent;ILandroid/os/Bundle;)Landroid/app/Instrumentation$ActivityResult; (greylist, linking, allowed)
2021-11-14 20:45:37.320 3397-3397/io.appium.uiautomator2.server W/tomator2.serve: Accessing hidden method Landroid/app/Instrumentation;->execStartActivity(Landroid/content/Context;Landroid/os/IBinder;Landroid/os/IBinder;Ljava/lang/String;Landroid/content/Intent;ILandroid/os/Bundle;)Landroid/app/Instrumentation$ActivityResult; (greylist, linking, allowed)
2021-11-14 20:45:37.323 1246-1355/? D/GameManagerService: notePauseComponent(), received paused-component: io.appium.settings
2021-11-14 20:45:37.323 1246-1353/? W/Looper: Slow dispatch took 127ms android.ui h=com.android.server.am.ActivityManagerService$UiHandler c=null m=31
2021-11-14 20:45:37.324 3397-3397/io.appium.uiautomator2.server I/MonitoringInstr: Instrumentation started!
2021-11-14 20:45:37.324 1246-1627/? V/WindowManager: Relayout 4453: mAttrs={(0,0)(fillxfill) gr=TOP LEFT CENTER sim={adjust=pan} layoutInDisplayCutoutMode=always ty=AIR_COMMAND fmt=TRANSLUCENT fl=100032a pfl=10 dimAmount=0.4 naviIconColor=0 sfl=30040}, display=0
2021-11-14 20:45:37.324 1246-3891/? I/SamsungAlarmManager: setLocked to kernel - T:2 / 20211114T204543, SetElapsed=3483443715, nowELAPSED=3483437225
2021-11-14 20:45:37.325 4453-4453/? I/ViewRootImpl@974665d[Air_Cmd(Launcher)]: Relayout returned: old=(0,0,2560,1600) new=(0,0,2560,1600) req=(2560,1600)8 dur=10 res=0x1 s={false 0} ch=false
2021-11-14 20:45:37.325 4453-4453/? D/AC:WindowController: getCutoutSize : DisplayCutout is null
2021-11-14 20:45:37.326 1246-3796/? I/SamsungAlarmManager: setLocked to kernel - T:2 / 20211114T204544, SetElapsed=3483444039, nowELAPSED=3483437227
2021-11-14 20:45:37.326 1858-1858/? I/MODManager: onHide ChargingInfoOnlyContainer
2021-11-14 20:45:37.326 1858-1858/? D/ScoverManager: unregisterListener
2021-11-14 20:45:37.326 1246-1352/? W/Looper: Slow dispatch took 127ms android.fg h=com.android.server.AppStateTracker$MyHandler c=null m=0
2021-11-14 20:45:37.327 1858-1858/? I/MODManager: hideChargingInfo
2021-11-14 20:45:37.327 4453-4453/? D/AC:FloatingIconController: onBleFloatingIconStateChanged isEnabled : false, delay : 250
2021-11-14 20:45:37.327 1858-1858/? W/AODChargingInfoTimer: stop : not yet started
2021-11-14 20:45:37.328 1858-1858/? D/FaceWidgetContainer: setDozing false
2021-11-14 20:45:37.329 1858-1858/? D/KeyguardSideMargin: isLandscapetrue
2021-11-14 20:45:37.329 1858-1858/? D/KeyguardSideMargin: screenWidth2560
2021-11-14 20:45:37.329 1858-1858/? D/KeyguardSideMargin: screenHeight1600
2021-11-14 20:45:37.329 1858-1858/? D/StatusBar: updateQsExpansionEnabled - QS Expand enabled: true
2021-11-14 20:45:37.329 1858-1858/? D/ScrimController: State changed to: KEYGUARD
2021-11-14 20:45:37.329 1858-1858/? D/StatusBar-Window: Bouncer LP changed!!! = 0x4000, height = 0
2021-11-14 20:45:37.330 1858-1858/? D/KeyguardSecIndicationPolicy: remove Item pos = DEFAULT, type = LEGACY_TRANSIENT
2021-11-14 20:45:37.330 1858-1858/? D/KeyguardSecIndicationPolicy: add T Event pos = DEFAULT, type = BATTERY, id = 7526, text = Fully charged, duration = 3000
2021-11-14 20:45:37.330 1858-1858/? D/KeyguardSecIndicationPolicy: update top pos = DEFAULT, item = [id=7525|ty=BATTERY_RESTING|pr=20|txt=Fully charged|ti=duration=PERSISTENT|an=false] -> [id=7526|ty=BATTERY|pr=40|txt=Fully charged|ti=duration=3000|an=false]
2021-11-14 20:45:37.333 1246-1246/? W/LoadedApk: Slow system_server main thread handled for android.intent.action.SCREEN_ON took 176 ms, Receiver = com.android.server.AlarmManagerService$InteractiveStateReceiver@8290113
2021-11-14 20:45:37.333 1246-1246/? W/Looper: Slow dispatch took 177ms main h=android.app.ActivityThread$H c=android.app.-$$Lambda$LoadedApk$ReceiverDispatcher$Args$_BumDX2UKsnxLVrE6UJsJZkotuA@1fa0943 m=0
2021-11-14 20:45:37.333 1246-1246/? W/Looper: Slow system_server main looper dispatch took 177ms h=android.app.ActivityThread$H c=android.app.-$$Lambda$LoadedApk$ReceiverDispatcher$Args$_BumDX2UKsnxLVrE6UJsJZkotuA@1fa0943 m=0
2021-11-14 20:45:37.333 1246-1246/? I/MdnieScenarioControlService: action : com.samsung.server.PowerManagerService.action.USER_ACTIVITY
2021-11-14 20:45:37.333 1246-1246/? D/AODManagerService: requestReCalToTSP IsSingleTouchMode = false / previousDisplayState = 4
2021-11-14 20:45:37.333 1246-1246/? D/GameManagerService: onDisplayChanged. displyId: 0, state: 2
2021-11-14 20:45:37.334 1246-1598/? D/LiftUpHandler: screen on
2021-11-14 20:45:37.334 1246-1791/? D/GameManagerService: onLooperPrepared(), msg: { when=-1ms what=10007 target=com.samsung.android.game.GameManagerService$FgCheckThread$1 }
2021-11-14 20:45:37.335 1246-1791/? D/GameManagerService: handleLcdOn(). isDeivceLocked: false, inKeyguardRestrictedInputMode: true
2021-11-14 20:45:37.335 1246-1246/? D/SamsungAlarmManager: Cancel Alarm calling from uid:1000 pid :1246 / listener:android.app.AlarmManager$ListenerWrapper@f6230f9
2021-11-14 20:45:37.335 1246-1246/? I/SamsungAlarmManager: setLocked to kernel - T:2 / 20211114T204544, SetElapsed=3483444039, nowELAPSED=3483437236
2021-11-14 20:45:37.335 1246-1246/? I/EngineeringModeService: Broadcast received:com.android.server.em.EM_SYNC_TOKEN_STATE_TIMER
2021-11-14 20:45:37.335 1246-1246/? W/ContextImpl: Calling a method in the system process without a qualified user: android.app.ContextImpl.sendBroadcast:1088 com.android.server.EngineeringModeService.notifyTokenStatus:894 com.android.server.EngineeringModeService.access$1000:93 com.android.server.EngineeringModeService$2.onReceive:609 android.app.LoadedApk$ReceiverDispatcher$Args.lambda$getRunnable$0$LoadedApk$ReceiverDispatcher$Args:1646
2021-11-14 20:45:37.336 1858-1901/? D/KeyguardViewMediator: onDreamingStopped
2021-11-14 20:45:37.337 3734-4088/? D/SDHMS:va.c: Polling event getStats will starts.
2021-11-14 20:45:37.340 1246-1246/? D/PkgPredictorService: Screen receive a broadcast: android.intent.action.SCREEN_ON
2021-11-14 20:45:37.342 1246-1355/? V/UsbDeviceManager: onKeyguardStateChanged: isShowing=true secure=false user=0
2021-11-14 20:45:37.343 1246-1791/? D/GameManagerService: process is not found.
2021-11-14 20:45:37.343 1246-1352/? D/UsbDeviceManager: handleMessage -> MSG_UPDATE_SCREEN_LOCK: mScreenLocked=false
2021-11-14 20:45:37.343 1246-1355/? D/StorageManagerService: onKeyguardStateChanged = false
2021-11-14 20:45:37.343 1246-1610/? I/StorageManagerService: handleMessage :{ when=0 what=15 target=com.android.server.StorageManagerService$StorageManagerServiceHandler }
2021-11-14 20:45:37.343 1246-1610/? D/StorageManagerService: handleMessage :: H_KEYGUARD_CHANGED = 0
2021-11-14 20:45:37.345 1246-1246/? I/PACMService: Broadcast received:com.android.server.em.EM_SYNC_TOKEN_STATE
2021-11-14 20:45:37.345 1858-1858/? D/KeyguardSecIndicationController: updateLockIconVisibility visible : false, isShowAnimation : false
2021-11-14 20:45:37.346 1246-1246/? I/EngineeringModeManager: android connects to EngineeringModeService.
2021-11-14 20:45:37.347 1246-1246/? I/PACMService: ts : EM
2021-11-14 20:45:37.347 3397-3397/io.appium.uiautomator2.server I/MonitoringInstr: No JSBridge.
2021-11-14 20:45:37.348 1858-1858/? D/KeyguardSecIndicationPolicy: update Event pos = DEFAULT, type = BATTERY_RESTING, id = 7527, text = Fully charged
2021-11-14 20:45:37.348 1858-1858/? D/KeyguardSecIndicationController: onRefreshBatteryInfo() status = BatteryStatus{status=5,level=100,plugged=2,health=2,maxChargingWattage=-1,remaining=-1ultraFastCharger=0}
2021-11-14 20:45:37.348 2282-2282/? I/LiveIconUpdateEventHandler: onReceive: com.samsung.action.EVERY_MINUTE_CLOCK_UPDATE
2021-11-14 20:45:37.348 2282-2282/? D/LiveIconUpdateEventHandler: updateClockLiveIcon
2021-11-14 20:45:37.348 32541-32541/? D/GOS:RequestHeader: installed_sec_game_family : com.sec.android.app.samsungapps=enabled,com.samsung.android.game.gamehome=enabled,com.samsung.android.game.gametools=disabled
2021-11-14 20:45:37.348 1858-1858/? D/LockIcon: mCurrentState = 4, mLastState = 4, mLastDozing = true, mDozing = false, mLastPulsing = false, mPulsing = false, mLastBouncerVisible = false, mBouncerVisible = false, force = false
2021-11-14 20:45:37.348 1858-1858/? D/LockIcon: mCurrentState = 4, mLastState = 4, mLastDozing = true, mDozing = false, mLastPulsing = false, mPulsing = false, mLastBouncerVisible = false, mBouncerVisible = false, force = false
2021-11-14 20:45:37.349 2282-2282/? D/LiveIconUpdateEventHandler: cancelMinuteChangeAlarm
2021-11-14 20:45:37.349 1858-1858/? D/KeyguardSecIndicationPolicy: remove empty pos = DEFAULT, type = BIOMETRICS_STOP
2021-11-14 20:45:37.349 1858-1858/? D/KeyguardSecIndicationPolicy: remove Item pos = DEFAULT, type = BIOMETRICS_STOP
2021-11-14 20:45:37.349 1858-1858/? D/FaceWidgetClockPage: updateClockSuspendState() reason = wakingup, suspend=false, kv=true, wa=true, di=true, wu=false
2021-11-14 20:45:37.349 1858-1858/? I/DigitalHorizontalTypoClockView_LOCK_SCREEN: suspend : mSuspend = true, enable = false
2021-11-14 20:45:37.351 1246-4073/? D/SamsungAlarmManager: Cancel Alarm calling from uid:10098 pid :2282 / op:PendingIntent{cfca3ec: PendingIntentRecord{80262af com.sec.android.app.launcher broadcastIntent}}
2021-11-14 20:45:37.353 2282-2282/? D/LiveIconUpdateEventHandler: setMinuteChangeAlarm
2021-11-14 20:45:37.356 32541-3449/? I/GOS:MainIntentService: onHandleIntent(). type(ON_ALARM) from 4
2021-11-14 20:45:37.356 32541-3449/? I/GOS:MainIntentService: received UPDATE_ALARM type alarm: ON_ALARM
2021-11-14 20:45:37.356 32541-3449/? I/GOS:AlarmController: onUpdateAlarm(), start!, IntentType: ON_ALARM
2021-11-14 20:45:37.358 1246-1584/? I/CAE: handleMessage(CaPowerManager.java:198) - AP_WAKEUP
2021-11-14 20:45:37.358 1246-1584/? I/CAE: updateApPowerStatus(SensorHubParserProvider.java:447) - AP_WAKEUP
2021-11-14 20:45:37.358 1246-1584/? I/CAE: sendCmdToSensorHub(SensorHubCommManager.java:158) - -76, 13, -47, 0,
2021-11-14 20:45:37.359 1246-1585/? D/SensorService: setSContextDataLocked ints length 2 , byte length 4
2021-11-14 20:45:37.359 804-804/? I/sensors-hal: inject_sensor_data:375, handle 4 send inject
2021-11-14 20:45:37.359 804-804/? I/sensors-hal: sendContextData:275, sensor hal 4, (b4, 13, 209)
2021-11-14 20:45:37.359 804-804/? I/sensors-hal: sendContextData:218, activities 4 b4
2021-11-14 20:45:37.359 804-804/? I/sensors-hal: sendUserData:236, Activities is disabled 0
2021-11-14 20:45:37.359 804-804/? I/sensors-hal: sendContextData:91, common_info 4
2021-11-14 20:45:37.359 804-804/? I/sensors-hal: sendUserData:112, CommonInfo 0xb4 0xd 0xd1, 4456472
2021-11-14 20:45:37.359 804-804/? I/sensors-hal: create_send_context_data:67, sending create_send_context_data
2021-11-14 20:45:37.359 804-804/? I/sensors-hal: send_context_data:450, common_info, 4914309147815575552, 1320970896291267344, msgid:700
2021-11-14 20:45:37.359 1858-4309/? I/DymLock|PreferenceDbDataSource: getInt() key[pref_dynamic_magazine_guide_step] value[4]
2021-11-14 20:45:37.359 1858-4309/? I/DymLock|RequestVisualCue: visual cue step : 4
2021-11-14 20:45:37.360 1246-1353/? D/CodecSolution: isMaxAspectPackageEx: com.sec.android.app.launcher : false(0)
2021-11-14 20:45:37.361 804-804/? I/sensors-hal: get:112, sucess wakelock get:sensor_ssc_worker/common_info
2021-11-14 20:45:37.361 804-1578/? I/sensors-hal: put:171, sucess release sensor_ssc_worker/common_info wakelock
2021-11-14 20:45:37.361 791-791/? D/vendor.qti.bluetooth@1.0-ibs_handler: SerialClockVote: vote for UART CLK ON
2021-11-14 20:45:37.362 791-791/? D/vendor.qti.bluetooth@1.0-wake_lock: Acquire wakelock is acquired
2021-11-14 20:45:37.362 791-791/? I/vendor.qti.bluetooth@1.0-ibs_handler: DeviceWakeUp: Writing IBS_WAKE_IND
2021-11-14 20:45:37.362 1246-1584/? I/CAE: handleMessage(CaPowerManager.java:214) - SCREEN_ON_Already_Delivered
2021-11-14 20:45:37.362 1246-1395/? D/BatteryExternalStatsWorker: update stats
2021-11-14 20:45:37.362 1246-1395/? D/BatteryExternalStatsWorker: WifiActivityEnergyInfo was updated
2021-11-14 20:45:37.363 1817-30447/? D/PhoneInterfaceManager: [PhoneIntfMgr] requestModemActivityInfo: PID: 1817, UID: 1001, TID: 30447
2021-11-14 20:45:37.363 1817-1817/? E/PhoneInterfaceManager: [PhoneIntfMgr] queryModemActivityInfo: Empty response
2021-11-14 20:45:37.363 1246-4073/? D/SamsungAlarmManager: setInexact Intent (T:1/F:0/AC:false) 20211114T204600 - CU:10098/CP:2282
2021-11-14 20:45:37.364 1246-4073/? I/SamsungAlarmManager: setLocked to kernel - T:2 / 20211114T204544, SetElapsed=3483444039, nowELAPSED=3483437265
2021-11-14 20:45:37.364 1817-30447/? D/PhoneInterfaceManager: [PhoneIntfMgr] requestModemActivityInfo: got result ModemActivityInfo{ mTimestamp=0 mSleepTimeMs=0 mIdleTimeMs=0 mTxTimeMs[]=[0, 0, 0, 0, 0] mRxTimeMs=0 mEnergyUsed=0}
2021-11-14 20:45:37.365 791-2621/? I/vendor.qti.bluetooth@1.0-ibs_handler: ProcessIbsCmd: Received IBS_WAKE_ACK: 0xFC
2021-11-14 20:45:37.366 1858-1858/? I/DigitalHorizontalTypoClockView_LOCK_SCREEN: onTimeChanged : [DateTimeInfo : date = Sun, November 14, hourMin = 8:45, hour = 8, minute = 45, amPm = PM, colon = :, second = , timezone = null, isLeftOfAmPm = false, ttsDate = Sunday, November 14]
2021-11-14 20:45:37.366 1858-1858/? W/GraphicUtils: getTextEmpty : skipped with null text
2021-11-14 20:45:37.366 1858-1858/? W/GraphicUtils: setLinearGradientTextColor : skipped with null text
2021-11-14 20:45:37.366 791-2621/? I/vendor.qti.bluetooth@1.0-ibs_handler: ProcessIbsCmd: Received IBS_WAKE_IND: 0xFD
2021-11-14 20:45:37.366 791-2621/? I/vendor.qti.bluetooth@1.0-ibs_handler: ProcessIbsCmd: Writing IBS_WAKE_ACK
2021-11-14 20:45:37.366 1858-1858/? D/KeyguardWallpaperController: onFinishedWakingUp:
2021-11-14 20:45:37.366 1858-1858/? D/KeyguardBiometricSmallIconView: updateAnimation() play = false, callers = com.android.keyguard.biometrics.KeyguardBiometricSmallIconView.clearWithPreviewText:146
2021-11-14 20:45:37.366 1858-2385/? I/WallpaperService: Dispatch wallpaper command: 0, 0 action is SCREEN_TURNED_ON
2021-11-14 20:45:37.366 1858-1858/? D/KeyguardBiometricSmallIconView: updateUnlockAnimation() play = false, callers = com.android.keyguard.biometrics.KeyguardBiometricSmallIconView.clearWithPreviewText:154
2021-11-14 20:45:37.367 1246-1395/? D/BatteryExternalStatsWorker: BluetoothActivityEnergyInfo was updated
2021-11-14 20:45:37.367 1246-1395/? D/BatteryExternalStatsWorker: ModemActivityEnergyInfo was updated
2021-11-14 20:45:37.369 1858-1858/? D/KeyguardBiometricSmallIconView: updateAnimation() play = false, callers = com.android.keyguard.biometrics.KeyguardBiometricSmallIconView.updateIconVisibility:555
2021-11-14 20:45:37.369 1858-1858/? D/MultiSplitUiController: onFocusedStackChanged: focusedStackInfo=Stack id=1718 bounds=[0,0][2560,1600] displayId=0 userId=0 configuration={1.0 ?mcc?mnc [en_US] ldltr sw711dp w1137dp h639dp 360dpi lrg hdr widecg land night finger -keyb/v/h -nav/h winConfig={ mBounds=Rect(0, 0 - 2560, 1600) mAppBounds=Rect(0, 0 - 2560, 1492) mWindowingMode=fullscreen mDisplayWindowingMode=fullscreen mActivityType=standard mAlwaysOnTop=undefined mRotation=ROTATION_90} s.1128 desktop/d ?dc bts=0 ff=0 bf=0} taskId=6759: io.appium.settings/io.appium.settings.Unlock bounds=[0,0][2560,1600] userId=0 visible=true topActivity=ComponentInfo{io.appium.settings/io.appium.settings.Unlock}
2021-11-14 20:45:37.369 1858-1858/? D/LightBarController: onSystemUiVisibilityChanged fullVis=2000 mask=0 oldFullVal=2000 newFullVal=2000 fullDiff=0 mFullscreenLight=true isLight(Full)=true mLastStatusBarMode=4 newBarMode=4
2021-11-14 20:45:37.369 1858-1858/? D/LightBarController: onNavigationVisibilityChanged : vis = a018, nbModeChanged = true navigationBarMode = 4, navbarColorManagedByIme = false
2021-11-14 20:45:37.369 1858-1858/? V/NavBarStoreImpl: handleEvent [EventType] GET_BOOL_TINT_CONTROLLER_ENABLED [Module] LightBarController
2021-11-14 20:45:37.369 1858-1858/? V/NavBarStoreImpl: --[Band]COLOR_PACK_GET_TINT_SAMPLING_ENABLED
2021-11-14 20:45:37.369 1858-1858/? V/NavBarStoreImpl: ----apply(SET_TINT_SAMPLING_ENABLED)
2021-11-14 20:45:37.369 1858-1858/? V/NavBarStoreImpl: getResult(GET_BOOL_TINT_CONTROLLER_ENABLED)=false
2021-11-14 20:45:37.369 1858-1858/? I/MultiSplitSmartTipController: Dismiss toolTip.
2021-11-14 20:45:37.369 1858-1858/? D/DividerPanelController: showDividerPanelView - isVisible : false, isAnimate : false, isTransient : false
2021-11-14 20:45:37.369 1858-1858/? D/DividerPanelView: updateDividerPanelVisibility - isVisible : false
2021-11-14 20:45:37.370 1246-1598/? D/LiftUpHandler: already ended..
2021-11-14 20:45:37.370 1246-1246/? D/AODManagerService: requestReCalToTSP IsSingleTouchMode = false / previousDisplayState = 2
2021-11-14 20:45:37.370 1858-1858/? D/DisplayLifecycle: updateDisplay id = 0
2021-11-14 20:45:37.370 1246-1246/? D/GameManagerService: onDisplayChanged. displyId: 0, state: 2
2021-11-14 20:45:37.370 1246-1246/? D/PowerManagerService: [api] release WakeLock DRAW_WAKE_LOCK 'Window:StatusBar' ACQ=-249ms (uid=1000 pid=1246 pkg=android ws=WorkSource{10020 com.android.systemui})
2021-11-14 20:45:37.370 1246-1791/? D/GameManagerService: onLooperPrepared(), msg: { when=0 what=10007 target=com.samsung.android.game.GameManagerService$FgCheckThread$1 }
2021-11-14 20:45:37.371 1246-1395/? D/BatteryExternalStatsWorker: done updateExternalStatsLocked
2021-11-14 20:45:37.371 1246-1246/? D/PowerManagerService: [api] override the screen timeout by mNotificationLightScreenOverride
2021-11-14 20:45:37.372 1246-1353/? D/CodecSolution: isMaxAspectPackageEx: com.sec.android.app.launcher : false(0)
2021-11-14 20:45:37.373 1246-1246/? D/GameManagerService: identifyGamePackage. io.appium.settings, mCurrentUserId: 0, callerUserId: 0
2021-11-14 20:45:37.373 1246-1246/? D/GamePkgDataHelper: getGamePkgData(). io.appium.settings
2021-11-14 20:45:37.373 1246-1711/? W/PkgPredictorService: background app without no launcher icon com.sec.android.app.launcher for.uid: 10098 userId: 0
2021-11-14 20:45:37.375 1858-1858/? D/DozeService: onDestroy:
2021-11-14 20:45:37.375 1858-1858/? D/DozeService: onDreamingStopped:
2021-11-14 20:45:37.375 1246-4112/? D/PowerManagerService: [api] override the screen timeout by mNotificationLightScreenOverride
2021-11-14 20:45:37.375 1858-1858/? D/PluginAODManager: enableTouch : true
2021-11-14 20:45:37.375 1858-1858/? D/DozeService: stopClockPack: mClockPackPlugin=com.samsung.android.app.clockpack.plugin.PluginClockPackImpl@5ce1864
2021-11-14 20:45:37.375 1858-1858/? I/PluginClockPackImpl: onDreamingStopped()
2021-11-14 20:45:37.375 1858-1858/? I/ClockPack: !@ClockPack: onDestroy
2021-11-14 20:45:37.376 1858-1858/? I/MODManager: unregister
2021-11-14 20:45:37.376 752-1225/? I/netd: trafficSwapActiveStatsMap() <2.17ms>
2021-11-14 20:45:37.376 30751-30751/io.appium.settings D/LocationTracker: Got an updated location
2021-11-14 20:45:37.377 1858-4309/? I/DymLock|PreferenceDbDataSource: getLong() key[pref_first_enabled_time] value[1618417715249]
2021-11-14 20:45:37.377 1858-4309/? I/DymLock|RequestVisualCue: isCueRequired() daySince[214]
2021-11-14 20:45:37.377 1858-4309/? I/DymLock|RequestVisualCue: isCueRequired() durationPassed[false] time[204537]
2021-11-14 20:45:37.377 752-1225/? I/netd: tetherGetStats() <0.76ms>
2021-11-14 20:45:37.377 1246-2171/? D/SamsungAlarmManager: Cancel Alarm calling from uid:1000 pid :3734 / op:PendingIntent{be2425: PendingIntentRecord{ec12142 com.sec.android.sdhms broadcastIntent}}
2021-11-14 20:45:37.377 1246-1395/? W/BatteryExternalStatsWorker: modem info is invalid: ModemActivityInfo{ mTimestamp=0 mSleepTimeMs=0 mIdleTimeMs=0 mTxTimeMs[]=[0, 0, 0, 0, 0] mRxTimeMs=0 mEnergyUsed=0}
2021-11-14 20:45:37.378 32541-3449/? I/GOS:AlarmController: onUpdateAlarm() - too early. skip full update. millisFromLastFullyUpdate: 21719687
2021-11-14 20:45:37.378 1246-2001/? D/AODManagerService: unregisterAODDozeCallbackInternal
2021-11-14 20:45:37.378 1858-1858/? I/MODManager: unregisterFingerprintListener called
2021-11-14 20:45:37.378 1246-1789/? D/FingerprintService: unregisterAodListener: called with: token = [android.os.BinderProxy@15f81f3], internal = [false], pid = [1858]
2021-11-14 20:45:37.378 1858-1858/? D/QSClockBellTower: He is ready to ring the bell. (((timeText:8:45, skipUpdateForDemo:false, dateText:Sun, November 14, shortenDateText = Sun, Nov 14)))
2021-11-14 20:45:37.379 1858-1858/? D/QSClock: status_bar_clock notifyTimeChanged(currentTime:8:45) mClockVisibleByPolicy:true, mClockVisibleByUser:true, visible?false, parent:android.widget.LinearLayout{13c95ff V.E...... ......I. 0,0-0,54 #7f0a0397 app:id/left_clock_container}
2021-11-14 20:45:37.379 1858-1858/? D/QSClockBellTower: Everyone heard the bell. run(currentTime:1636951537378, getTime():Sun Nov 14 20:45:37 PST 2021, getTimeZone():libcore.util.ZoneInfo[id="America/Los_Angeles",mRawOffset=-28800000,mEarliestRawOffset=-28800000,mUseDst=true,mDstSavings=3600000,transitions=185])
2021-11-14 20:45:37.379 1858-1858/? D/KeyguardImageWallpaper: onCommand: [WAKE_LOCK]
2021-11-14 20:45:37.379 1858-1858/? I/TiltColorController: onCommand: WAKE_LOCK prevCommand:SLEEP_LOCK
2021-11-14 20:45:37.379 32541-3449/? I/GOS:AlarmController: onUpdateAlarm() - too early. skip normal update. millisFromLastUpdate: 21719688
2021-11-14 20:45:37.379 1858-1858/? D/KeyguardWallpaperController: handleWallpaperCommand: WAKE_LOCK
2021-11-14 20:45:37.380 1858-1858/? D/FaceWidgetViewPager: onMeasure childCount:3 min:257
2021-11-14 20:45:37.380 1858-1858/? D/FaceWidgetViewPager: onMeasure index[2] childHeight[272]
2021-11-14 20:45:37.380 1858-1858/? D/FaceWidgetViewPager: onMeasure result: 272
2021-11-14 20:45:37.380 1858-1858/? D/QSContainerImpl: getDisplayHeight portrait? false displayHeight= 1600
2021-11-14 20:45:37.381 1246-2240/? V/WindowManager: Relayout Window{d3f5fdb u0 ScreenDecorOverlay}: viewVisibility=0 req=2558x23
2021-11-14 20:45:37.381 1858-2385/? I/WallpaperService: Dispatch wallpaper command: 0, 0 action is WAKE_LOCK
2021-11-14 20:45:37.383 2004-2056/? V/GmsPassiveListener_FLP: Got the onLocationResult !!!!
2021-11-14 20:45:37.383 2004-2056/? V/NlpMonitor_FLP: monitorNlp, package=io.appium.settings/ interval=60000
2021-11-14 20:45:37.383 1246-3891/? V/WindowManager: Relayout Window{625425d u0 StatusBar}: viewVisibility=0 req=2560x1600
2021-11-14 20:45:37.385 1246-3891/? V/WindowManager: Relayout 1858: mAttrs={(0,0)(fillxfill) gr=TOP CENTER_VERTICAL sim={adjust=resize} layoutInDisplayCutoutMode=always ty=STATUS_BAR fmt=TRANSLUCENT or=SCREEN_ORIENTATION_USER if=DISABLE_USER_ACTIVITY userActivityTimeout=5000 fl=81860040 pfl=800400 vsysui=2010 dimAmount=0.0 screenDimDuration=0 naviIconColor=0 sfl=40000}, display=0
2021-11-14 20:45:37.386 1858-1858/? I/ViewRootImpl@8259c7c[StatusBar]: Relayout returned: old=(0,0,2560,1600) new=(0,0,2560,1600) req=(2560,1600)0 dur=6 res=0x1 s={true 486971928576} ch=false
2021-11-14 20:45:37.386 1246-2240/? V/WindowManager: Relayout 1858: mAttrs={(0,0)(fillxwrap) gr=TOP LEFT CENTER sim={adjust=pan} layoutInDisplayCutoutMode=always ty=NAVIGATION_BAR_PANEL fmt=TRANSLUCENT fl=20800128 pfl=1100050 vsysui=100 naviIconColor=0}, display=0
2021-11-14 20:45:37.387 1858-2531/? I/ViewRootImpl@dc177ff[ScreenDecorOverlay]: Relayout returned: old=(0,0,2560,23) new=(0,0,2560,23) req=(2558,23)0 dur=9 res=0x1 s={true 488900173824} ch=false
2021-11-14 20:45:37.388 3734-4088/? D/SDHMS:va.c: Polling event getStats finished.
2021-11-14 20:45:37.388 1246-3993/? V/WindowManager: Relayout Window{cd0a031 u0 ScreenDecorOverlayBottom}: viewVisibility=0 req=2558x81
2021-11-14 20:45:37.392 1246-3993/? V/WindowManager: Relayout 1858: mAttrs={(0,0)(fillxwrap) gr=BOTTOM RIGHT CENTER sim={adjust=pan} layoutInDisplayCutoutMode=always ty=NAVIGATION_BAR_PANEL fmt=TRANSLUCENT fl=20800128 pfl=1100050 vsysui=100 naviIconColor=0}, display=0
2021-11-14 20:45:37.393 1858-1858/? D/KeyguardSideMargin: isLandscapetrue
2021-11-14 20:45:37.393 1858-1858/? D/KeyguardSideMargin: screenWidth2560
2021-11-14 20:45:37.393 1858-1858/? D/KeyguardSideMargin: screenHeight1600
2021-11-14 20:45:37.394 1858-2531/? I/ViewRootImpl@83bb664[ScreenDecorOverlayBottom]: Relayout returned: old=(0,1519,2560,1600) new=(0,1519,2560,1600) req=(2558,81)0 dur=6 res=0x1 s={true 488900341760} ch=false
2021-11-14 20:45:37.394 4453-4453/? V/AC:AirCommandMainController: mPriorityIntentReceiver : android.intent.action.SCREEN_ON
2021-11-14 20:45:37.398 1858-1858/? D/KeyguardSideMargin: isLandscapetrue
2021-11-14 20:45:37.398 1858-1858/? D/KeyguardSideMargin: screenWidth2560
2021-11-14 20:45:37.398 4453-4453/? D/[AirCmd]_ModelFeatures: isSupportBleSpen : true
2021-11-14 20:45:37.398 1858-1858/? D/KeyguardSideMargin: screenHeight1600
2021-11-14 20:45:37.398 4453-4453/? V/AC:Features: Keyguard on
2021-11-14 20:45:37.398 4453-4453/? D/AC:AirCommandMainController: updateFloatingIconUi : type=2
2021-11-14 20:45:37.398 1858-1858/? W/View: requestLayout() improperly called by com.android.keyguard.CarrierText{f67af4a V.ED..... ......ID 0,0-0,54 #7f0a030b app:id/keyguard_carrier_text} during layout: running second layout pass
2021-11-14 20:45:37.399 1858-1858/? D/KeyguardSideMargin: isLandscapetrue
2021-11-14 20:45:37.400 1858-1858/? D/KeyguardSideMargin: screenWidth2560
2021-11-14 20:45:37.400 1858-1858/? D/KeyguardSideMargin: screenHeight1600
2021-11-14 20:45:37.401 1858-1858/? D/KeyguardSideMargin: isLandscapetrue
2021-11-14 20:45:37.401 4453-4453/? I/AC:WindowController: updateWindowParam : .2437.1347
2021-11-14 20:45:37.401 4453-4453/? I/AC:WindowController: skip update.
2021-11-14 20:45:37.401 1858-1858/? D/KeyguardSideMargin: screenWidth2560
2021-11-14 20:45:37.401 1858-1858/? D/KeyguardSideMargin: screenHeight1600
2021-11-14 20:45:37.402 1858-1858/? D/LightBarController: onSystemUiVisibilityChanged fullVis=2000 mask=0 oldFullVal=2000 newFullVal=2000 fullDiff=0 mFullscreenLight=true isLight(Full)=true mLastStatusBarMode=4 newBarMode=4
2021-11-14 20:45:37.402 1858-1858/? D/LightBarController: onNavigationVisibilityChanged : vis = a018, nbModeChanged = true navigationBarMode = 4, navbarColorManagedByIme = false
2021-11-14 20:45:37.402 1858-1858/? V/NavBarStoreImpl: handleEvent [EventType] GET_BOOL_TINT_CONTROLLER_ENABLED [Module] LightBarController
2021-11-14 20:45:37.402 3397-3448/io.appium.uiautomator2.server I/UsageTrackerFacilitator: Usage tracking disabled
2021-11-14 20:45:37.402 1858-1858/? V/NavBarStoreImpl: --[Band]COLOR_PACK_GET_TINT_SAMPLING_ENABLED
2021-11-14 20:45:37.402 1858-1858/? V/NavBarStoreImpl: ----apply(SET_TINT_SAMPLING_ENABLED)
2021-11-14 20:45:37.402 1858-1858/? V/NavBarStoreImpl: getResult(GET_BOOL_TINT_CONTROLLER_ENABLED)=false
2021-11-14 20:45:37.402 4453-4453/? V/AC:WindowController: setVisibility.0
2021-11-14 20:45:37.402 1858-1858/? D/ScrimController: updateScrimColor main=0xffdadce0 front=0xff000000(0.000000) behind=0xff000000(1.000000) vis=2
2021-11-14 20:45:37.402 4453-4453/? V/AC:FloatingIconAnimationController: play : 0x2
2021-11-14 20:45:37.402 4453-4453/? V/AC:FloatingIconController: hideFloatingButton.true.false
2021-11-14 20:45:37.402 4453-4453/? V/AC:WindowController: setVisibility.4
2021-11-14 20:45:37.403 4453-4453/? V/AC:Features: Keyguard on
2021-11-14 20:45:37.404 3397-3448/io.appium.uiautomator2.server I/TestRequestBuilder: Scanning classpath to find tests in paths [/data/app/io.appium.uiautomator2.server.test-bqLYaxCOY3B3GSYSaK8tvw==/base.apk]
2021-11-14 20:45:37.404 3397-3448/io.appium.uiautomator2.server W/tomator2.serve: Opening an oat file without a class loader. Are you using the deprecated DexFile APIs?
2021-11-14 20:45:37.405 1858-2675/? I/OpenGLRenderer: doUpdatePositionAsync is called and callVoidMethod
2021-11-14 20:45:37.406 791-2621/? I/vendor.qti.bluetooth@1.0-ibs_handler: ProcessIbsCmd: Received IBS_SLEEP_IND: 0xFE
2021-11-14 20:45:37.408 1246-3993/? V/WindowManager: Relayout Window{a036015 u0 Bouncer}: viewVisibility=4 req=2560x0
2021-11-14 20:45:37.409 1246-3993/? V/WindowManager: Relayout 1858: mAttrs={(0,0)(fillx0) gr=TOP CENTER_VERTICAL sim={adjust=resize} layoutInDisplayCutoutMode=always ty=KEYGUARD_DIALOG fmt=TRANSLUCENT if=DISABLE_USER_ACTIVITY userActivityTimeout=5000 fl=85000548 vsysui=510 dimAmount=0.0 screenDimDuration=0 naviIconColor=0 sfl=40000}, display=0
2021-11-14 20:45:37.410 1858-1858/? I/ViewRootImpl@112db8b[Bouncer]: Relayout returned: old=(0,0,2560,0) new=(0,0,2560,0) req=(2560,0)4 dur=3 res=0x1 s={false 0} ch=false
2021-11-14 20:45:37.410 1858-1858/? D/QSMiscContainer: MumAndDexHelper.needToBeVisible() result:false, hasMultiUsers?false, DeviceState.isDesktopMode?false, DesktopManager.isDesktopMode?false, IsDexEnablingOrEnabled:false, userSwitcherEnabled:false
2021-11-14 20:45:37.410 1858-1858/? I/chatty: uid=10020(com.samsung.desktopsystemui) com.android.systemui identical 1 line
2021-11-14 20:45:37.410 1858-1858/? D/QSMiscContainer: MumAndDexHelper.needToBeVisible() result:false, hasMultiUsers?false, DeviceState.isDesktopMode?false, DesktopManager.isDesktopMode?false, IsDexEnablingOrEnabled:false, userSwitcherEnabled:false
2021-11-14 20:45:37.416 1858-1858/? D/MultiSplitUiController: onFocusedStackChanged: focusedStackInfo=Stack id=0 bounds=[0,0][2560,1600] displayId=0 userId=0 configuration={1.0 ?mcc?mnc [en_US] ldltr sw711dp w1137dp h639dp 360dpi lrg hdr widecg land night finger -keyb/v/h -nav/h winConfig={ mBounds=Rect(0, 0 - 2560, 1600) mAppBounds=Rect(0, 0 - 2560, 1492) mWindowingMode=fullscreen mDisplayWindowingMode=fullscreen mActivityType=home mAlwaysOnTop=undefined mRotation=ROTATION_90} s.1128 desktop/d ?dc bts=0 ff=0 bf=0} taskId=5061: com.sec.android.app.launcher/com.sec.android.app.launcher.activities.LauncherActivity bounds=[0,0][2560,1600] userId=0 visible=true topActivity=ComponentInfo{com.sec.android.app.launcher/com.sec.android.app.launcher.activities.LauncherActivity}
2021-11-14 20:45:37.416 1858-1858/? D/LightBarController: onSystemUiVisibilityChanged fullVis=2000 mask=0 oldFullVal=2000 newFullVal=2000 fullDiff=0 mFullscreenLight=true isLight(Full)=true mLastStatusBarMode=4 newBarMode=4
2021-11-14 20:45:37.416 1858-1858/? D/LightBarController: onNavigationVisibilityChanged : vis = a018, nbModeChanged = true navigationBarMode = 4, navbarColorManagedByIme = false
2021-11-14 20:45:37.416 1858-1858/? V/NavBarStoreImpl: handleEvent [EventType] GET_BOOL_TINT_CONTROLLER_ENABLED [Module] LightBarController
2021-11-14 20:45:37.416 1858-1858/? V/NavBarStoreImpl: --[Band]COLOR_PACK_GET_TINT_SAMPLING_ENABLED
2021-11-14 20:45:37.417 1858-1858/? V/NavBarStoreImpl: ----apply(SET_TINT_SAMPLING_ENABLED)
2021-11-14 20:45:37.417 1858-1858/? V/NavBarStoreImpl: getResult(GET_BOOL_TINT_CONTROLLER_ENABLED)=false
2021-11-14 20:45:37.417 1858-1858/? I/MultiSplitSmartTipController: Dismiss toolTip.
2021-11-14 20:45:37.417 1858-1858/? D/DividerPanelController: showDividerPanelView - isVisible : false, isAnimate : false, isTransient : false
2021-11-14 20:45:37.417 1858-1858/? D/DividerPanelView: updateDividerPanelVisibility - isVisible : false
2021-11-14 20:45:37.417 1858-1858/? D/KeyguardUpdateMonitor: received broadcast android.intent.action.TIME_TICK
2021-11-14 20:45:37.417 1858-1858/? D/QSClockBellTower: He is ready to ring the bell. (((timeText:8:45, skipUpdateForDemo:false, dateText:Sun, November 14, shortenDateText = Sun, Nov 14)))
