2021-11-14 20:45:48.185 1246-1444/? D/PowerManagerService: mDisplayReady: true
2021-11-14 20:45:48.188 1858-1858/? D/DisplayLifecycle: updateDisplay id = 0
2021-11-14 20:45:48.279 804-3572/? I/sensors-hal: handle_sns_std_sensor_event:100, [SSC_LIGHT] A lux: 111
2021-11-14 20:45:48.428 723-723/? E/audit: type=1400 audit(1636951548.420:92812): avc: denied { kill } for pid=0 comm="swapper/1" capability=5 scontext=u:r:kernel:s0 tcontext=u:r:kernel:s0 tclass=capability permissive=0 SEPF_SM-T860_10_0020 audit_filtered
2021-11-14 20:45:48.566 2648-2648/? I/io_stats: !@ 8,0 r 769845 27802324 w 6367424 206248948 d 3209271 481619456 f 4769729 5984573 iot 9029210 5622677 th 102400 0 0 pt 0 inp 0 0 2216750.751
2021-11-14 20:45:48.573 585-585/? I/hwservicemanager: getTransport: Cannot find entry vendor.samsung.hardware.radio.channel@2.0::ISehChannel/imsd in either framework or device manifest.
2021-11-14 20:45:49.858 1246-1295/? D/SamsungAlarmManager: Cancel Alarm calling from uid:10041 pid :28734 / op:PendingIntent{7f77fac: PendingIntentRecord{84ff475 com.google.android.gms startService}}
2021-11-14 20:45:49.860 1246-1295/? I/SamsungAlarmManager: setLocked to kernel - T:2 / 20211114T204609, SetElapsed=3483469233, nowELAPSED=3483449761
2021-11-14 20:45:49.863 1246-1295/? I/SamsungAlarmManager: setLocked to kernel - T:3 / 20211114T204600, SetElapsed=3483459901, nowELAPSED=3483449764
2021-11-14 20:45:52.581 585-585/? I/hwservicemanager: getTransport: Cannot find entry vendor.samsung.hardware.radio.channel@2.0::ISehChannel/imsd in either framework or device manifest.
2021-11-14 20:45:53.281 804-3572/? I/sensors-hal: handle_sns_std_sensor_event:100, [SSC_LIGHT] A lux: 111
2021-11-14 20:45:53.452 1246-1359/? E/Watchdog: !@Sync 73838
[2021-11-14 20:45:53.452] FD count : 657, wdog_way : pwdt
2021-11-14 20:45:54.552 1246-1295/? D/NtpTrustedTime: currentTimeMillis() cache hit
2021-11-14 20:45:54.555 752-1225/? I/netd: trafficSwapActiveStatsMap() <1.68ms>
2021-11-14 20:45:54.563 752-1225/? I/netd: tetherGetStats() <4.13ms>
2021-11-14 20:45:54.571 1246-1295/? D/NtpTrustedTime: currentTimeMillis() cache hit
2021-11-14 20:45:54.580 1246-1659/? D/NtpTrustedTime: currentTimeMillis() cache hit
2021-11-14 20:45:54.587 1246-1295/? D/NtpTrustedTime: currentTimeMillis() cache hit
2021-11-14 20:45:54.588 752-1225/? I/netd: trafficSwapActiveStatsMap() <0.77ms>
2021-11-14 20:45:54.592 752-1225/? I/netd: tetherGetStats() <2.36ms>
2021-11-14 20:45:54.596 1246-1295/? D/NtpTrustedTime: currentTimeMillis() cache hit
2021-11-14 20:45:54.604 1246-1659/? D/NtpTrustedTime: currentTimeMillis() cache hit
2021-11-14 20:45:55.347 868-868/? I/SurfaceFlinger: SFWD update time=2216757533198852
2021-11-14 20:45:56.078 815-847/? E/ANDR-PERF-UTIL: Failed to update node /proc/2967/sched_boost with value 0
2021-11-14 20:45:56.078 815-847/? E/ANDR-PERF-OPTSHANDLER: can't reset task 2967
2021-11-14 20:45:56.078 815-847/? E/ANDR-PERF-RESOURCEQS: Failed to reset optimization [3, 32]
2021-11-14 20:45:56.589 585-585/? I/hwservicemanager: getTransport: Cannot find entry vendor.samsung.hardware.radio.channel@2.0::ISehChannel/imsd in either framework or device manifest.
2021-11-14 20:45:57.115 1246-1444/? I/PowerManagerService: [PWL] Off : 15s ago
2021-11-14 20:45:57.115 1246-1444/? I/PowerManagerService: [PWL] PowerManagerService.Display: ref count=1
2021-11-14 20:45:57.115 1246-1444/? I/PowerManagerService: [PWL] mUserActivitySummary : 0x4
2021-11-14 20:45:57.115 1246-1444/? I/PowerManagerService: [PWL] mDisplayPowerRequest.policy : 1
2021-11-14 20:45:57.893 28734-28734/? D/BoundBrokerSvc: onUnbind: Intent { act=com.google.android.gms.clearcut.bootcount.service.START cmp=com.google.android.gms/.chimera.PersistentBoundBrokerService }
2021-11-14 20:45:58.281 804-3572/? I/sensors-hal: handle_sns_std_sensor_event:100, [SSC_LIGHT] A lux: 111
2021-11-14 20:45:58.455 1246-1687/? D/DeviceStorageMonitorService: check() STORAGE TOTAL > 64G