2021-11-14 20:45:38.900 1246-1355/? D/GameManagerService: identifyForegroundApp. Nalu.CP.Android, mCurrentUserId: 0, callerUserId: 0
2021-11-14 20:45:38.900 1246-1355/? D/GamePkgDataHelper: getGamePkgData(). Nalu.CP.Android
2021-11-14 20:45:38.900 1246-1355/? D/GameManagerService: identifyForegroundApp. Nalu.CP.Android, mCurrentUserId: 0, callerUserId: 0
2021-11-14 20:45:38.900 1246-1355/? D/GamePkgDataHelper: getGamePkgData(). Nalu.CP.Android
2021-11-14 20:45:38.901 1246-1355/? D/GameManagerService: identifyForegroundApp. Nalu.CP.Android, mCurrentUserId: 0, callerUserId: 0
2021-11-14 20:45:38.901 1246-1355/? D/GamePkgDataHelper: getGamePkgData(). Nalu.CP.Android
2021-11-14 20:45:38.902 1246-1355/? D/GameManagerService: identifyForegroundApp. Nalu.CP.Android, mCurrentUserId: 0, callerUserId: 0
2021-11-14 20:45:38.902 1246-1355/? D/GamePkgDataHelper: getGamePkgData(). Nalu.CP.Android
2021-11-14 20:45:38.902 1246-1769/? W/WifiTransportLayerUtils: getApplicationCategory - IOException Nalu.CP.Android
2021-11-14 20:45:38.902 1246-1355/? D/GameManagerService: identifyForegroundApp. Nalu.CP.Android, mCurrentUserId: 0, callerUserId: 0
2021-11-14 20:45:38.902 1246-1355/? D/GamePkgDataHelper: getGamePkgData(). Nalu.CP.Android
2021-11-14 20:45:38.903 1246-1355/? D/GameManagerService: identifyForegroundApp. Nalu.CP.Android, mCurrentUserId: 0, callerUserId: 0
2021-11-14 20:45:38.903 1246-1355/? D/GamePkgDataHelper: getGamePkgData(). Nalu.CP.Android
2021-11-14 20:45:38.904 1246-1355/? D/GameManagerService: identifyForegroundApp. Nalu.CP.Android, mCurrentUserId: 0, callerUserId: 0
2021-11-14 20:45:38.904 1246-1355/? D/GamePkgDataHelper: getGamePkgData(). Nalu.CP.Android
2021-11-14 20:45:38.904 1246-1355/? D/GameManagerService: identifyForegroundApp. Nalu.CP.Android, mCurrentUserId: 0, callerUserId: 0
2021-11-14 20:45:38.904 1246-1355/? D/GamePkgDataHelper: getGamePkgData(). Nalu.CP.Android
2021-11-14 20:45:38.905 1246-1355/? D/GameManagerService: identifyForegroundApp. Nalu.CP.Android, mCurrentUserId: 0, callerUserId: 0
2021-11-14 20:45:38.905 1246-1355/? D/GamePkgDataHelper: getGamePkgData(). Nalu.CP.Android
2021-11-14 20:45:38.906 1246-1355/? D/GameManagerService: identifyForegroundApp. Nalu.CP.Android, mCurrentUserId: 0, callerUserId: 0
2021-11-14 20:45:38.906 1246-1355/? D/GamePkgDataHelper: getGamePkgData(). Nalu.CP.Android
2021-11-14 20:45:38.906 1246-1355/? D/GameManagerService: identifyForegroundApp. Nalu.CP.Android, mCurrentUserId: 0, callerUserId: 0
2021-11-14 20:45:38.907 1246-1355/? D/GamePkgDataHelper: getGamePkgData(). Nalu.CP.Android
2021-11-14 20:45:38.907 1246-1355/? D/GameManagerService: identifyForegroundApp. Nalu.CP.Android, mCurrentUserId: 0, callerUserId: 0
2021-11-14 20:45:38.907 1246-1355/? D/GamePkgDataHelper: getGamePkgData(). Nalu.CP.Android
2021-11-14 20:45:38.908 1246-1355/? D/GameManagerService: identifyForegroundApp. Nalu.CP.Android, mCurrentUserId: 0, callerUserId: 0
2021-11-14 20:45:38.908 1246-1355/? D/GamePkgDataHelper: getGamePkgData(). Nalu.CP.Android
2021-11-14 20:45:38.909 1246-1355/? D/GameManagerService: identifyForegroundApp. Nalu.CP.Android, mCurrentUserId: 0, callerUserId: 0
2021-11-14 20:45:38.909 1246-1355/? D/GamePkgDataHelper: getGamePkgData(). Nalu.CP.Android
2021-11-14 20:45:38.909 1246-1355/? D/GameManagerService: identifyForegroundApp. Nalu.CP.Android, mCurrentUserId: 0, callerUserId: 0
2021-11-14 20:45:38.909 1246-1355/? D/GamePkgDataHelper: getGamePkgData(). Nalu.CP.Android
2021-11-14 20:45:38.910 1246-1355/? D/GameManagerService: identifyForegroundApp. Nalu.CP.Android, mCurrentUserId: 0, callerUserId: 0
2021-11-14 20:45:38.910 1246-1355/? D/GamePkgDataHelper: getGamePkgData(). Nalu.CP.Android
2021-11-14 20:45:38.911 1246-1355/? D/GameManagerService: identifyForegroundApp. Nalu.CP.Android, mCurrentUserId: 0, callerUserId: 0
2021-11-14 20:45:38.911 1246-1355/? D/GamePkgDataHelper: getGamePkgData(). Nalu.CP.Android
2021-11-14 20:45:38.911 1246-1355/? D/GameManagerService: identifyForegroundApp. Nalu.CP.Android, mCurrentUserId: 0, callerUserId: 0
2021-11-14 20:45:38.911 1246-1355/? D/GamePkgDataHelper: getGamePkgData(). Nalu.CP.Android
2021-11-14 20:45:38.912 1246-1355/? D/GameManagerService: identifyForegroundApp. Nalu.CP.Android, mCurrentUserId: 0, callerUserId: 0
2021-11-14 20:45:38.912 1246-1355/? D/GamePkgDataHelper: getGamePkgData(). Nalu.CP.Android
2021-11-14 20:45:38.913 1246-1355/? D/GameManagerService: identifyForegroundApp. Nalu.CP.Android, mCurrentUserId: 0, callerUserId: 0
2021-11-14 20:45:38.913 1246-1355/? D/GamePkgDataHelper: getGamePkgData(). Nalu.CP.Android
2021-11-14 20:45:38.913 1246-1355/? D/GameManagerService: identifyForegroundApp. Nalu.CP.Android, mCurrentUserId: 0, callerUserId: 0
2021-11-14 20:45:38.913 1246-1355/? D/GamePkgDataHelper: getGamePkgData(). Nalu.CP.Android
2021-11-14 20:45:38.914 1246-1355/? D/GameManagerService: identifyForegroundApp. Nalu.CP.Android, mCurrentUserId: 0, callerUserId: 0
2021-11-14 20:45:38.914 1246-1355/? D/GamePkgDataHelper: getGamePkgData(). Nalu.CP.Android
2021-11-14 20:45:38.915 1246-1355/? D/GameManagerService: identifyForegroundApp. Nalu.CP.Android, mCurrentUserId: 0, callerUserId: 0
2021-11-14 20:45:38.915 1246-1355/? D/GamePkgDataHelper: getGamePkgData(). Nalu.CP.Android
2021-11-14 20:45:38.916 1246-1355/? D/GameManagerService: identifyForegroundApp. Nalu.CP.Android, mCurrentUserId: 0, callerUserId: 0
2021-11-14 20:45:38.916 1246-1355/? D/GamePkgDataHelper: getGamePkgData(). Nalu.CP.Android
2021-11-14 20:45:38.916 1246-1355/? D/GameManagerService: identifyForegroundApp. Nalu.CP.Android, mCurrentUserId: 0, callerUserId: 0
2021-11-14 20:45:38.916 1246-1355/? D/GamePkgDataHelper: getGamePkgData(). Nalu.CP.Android
2021-11-14 20:45:38.917 1246-1355/? D/GameManagerService: identifyForegroundApp. Nalu.CP.Android, mCurrentUserId: 0, callerUserId: 0
2021-11-14 20:45:38.917 1246-1355/? D/GamePkgDataHelper: getGamePkgData(). Nalu.CP.Android
2021-11-14 20:45:38.918 1246-1355/? D/GameManagerService: identifyForegroundApp. Nalu.CP.Android, mCurrentUserId: 0, callerUserId: 0
2021-11-14 20:45:38.918 1246-1355/? D/GamePkgDataHelper: getGamePkgData(). Nalu.CP.Android
2021-11-14 20:45:38.918 1246-1355/? D/GameManagerService: identifyForegroundApp. Nalu.CP.Android, mCurrentUserId: 0, callerUserId: 0
2021-11-14 20:45:38.918 1246-1355/? D/GamePkgDataHelper: getGamePkgData(). Nalu.CP.Android
2021-11-14 20:45:38.919 1246-1355/? D/GameManagerService: identifyForegroundApp. Nalu.CP.Android, mCurrentUserId: 0, callerUserId: 0
2021-11-14 20:45:38.919 1246-1355/? D/GamePkgDataHelper: getGamePkgData(). Nalu.CP.Android
2021-11-14 20:45:38.920 1246-1355/? D/GameManagerService: identifyForegroundApp. Nalu.CP.Android, mCurrentUserId: 0, callerUserId: 0
2021-11-14 20:45:38.920 1246-1355/? D/GamePkgDataHelper: getGamePkgData(). Nalu.CP.Android
2021-11-14 20:45:38.920 1246-1355/? D/GameManagerService: identifyForegroundApp. Nalu.CP.Android, mCurrentUserId: 0, callerUserId: 0
2021-11-14 20:45:38.920 1246-1355/? D/GamePkgDataHelper: getGamePkgData(). Nalu.CP.Android
2021-11-14 20:45:38.921 1246-1355/? D/GameManagerService: identifyForegroundApp. Nalu.CP.Android, mCurrentUserId: 0, callerUserId: 0
2021-11-14 20:45:38.921 1246-1355/? D/GamePkgDataHelper: getGamePkgData(). Nalu.CP.Android
2021-11-14 20:45:38.922 1246-1355/? D/GameManagerService: identifyForegroundApp. Nalu.CP.Android, mCurrentUserId: 0, callerUserId: 0
2021-11-14 20:45:38.922 1246-1355/? D/GamePkgDataHelper: getGamePkgData(). Nalu.CP.Android
2021-11-14 20:45:38.923 1246-1355/? D/GameManagerService: identifyForegroundApp. Nalu.CP.Android, mCurrentUserId: 0, callerUserId: 0
2021-11-14 20:45:38.923 1246-1355/? D/GamePkgDataHelper: getGamePkgData(). Nalu.CP.Android
2021-11-14 20:45:38.923 1246-1355/? D/GameManagerService: identifyForegroundApp. Nalu.CP.Android, mCurrentUserId: 0, callerUserId: 0
2021-11-14 20:45:38.923 1246-1355/? D/GamePkgDataHelper: getGamePkgData(). Nalu.CP.Android
2021-11-14 20:45:38.924 1246-1355/? D/GameManagerService: identifyForegroundApp. Nalu.CP.Android, mCurrentUserId: 0, callerUserId: 0
2021-11-14 20:45:38.924 1246-1355/? D/GamePkgDataHelper: getGamePkgData(). Nalu.CP.Android
2021-11-14 20:45:38.925 1246-1355/? D/GameManagerService: identifyForegroundApp. Nalu.CP.Android, mCurrentUserId: 0, callerUserId: 0
2021-11-14 20:45:38.925 1246-1355/? D/GamePkgDataHelper: getGamePkgData(). Nalu.CP.Android
2021-11-14 20:45:38.925 1246-1355/? D/GameManagerService: identifyForegroundApp. Nalu.CP.Android, mCurrentUserId: 0, callerUserId: 0
2021-11-14 20:45:38.925 1246-1355/? D/GamePkgDataHelper: getGamePkgData(). Nalu.CP.Android
2021-11-14 20:45:38.926 1246-1355/? D/GameManagerService: identifyForegroundApp. Nalu.CP.Android, mCurrentUserId: 0, callerUserId: 0
2021-11-14 20:45:38.926 1246-1355/? D/GamePkgDataHelper: getGamePkgData(). Nalu.CP.Android
2021-11-14 20:45:38.927 1246-1355/? D/GameManagerService: identifyForegroundApp. Nalu.CP.Android, mCurrentUserId: 0, callerUserId: 0
2021-11-14 20:45:38.927 1246-1355/? D/GamePkgDataHelper: getGamePkgData(). Nalu.CP.Android
2021-11-14 20:45:38.927 1246-1355/? D/GameManagerService: identifyForegroundApp. Nalu.CP.Android, mCurrentUserId: 0, callerUserId: 0
2021-11-14 20:45:38.927 1246-1355/? D/GamePkgDataHelper: getGamePkgData(). Nalu.CP.Android
2021-11-14 20:45:38.928 1246-1355/? D/GameManagerService: identifyForegroundApp. Nalu.CP.Android, mCurrentUserId: 0, callerUserId: 0
2021-11-14 20:45:38.928 1246-1355/? D/GamePkgDataHelper: getGamePkgData(). Nalu.CP.Android
2021-11-14 20:45:38.929 1246-1355/? D/GameManagerService: identifyForegroundApp. Nalu.CP.Android, mCurrentUserId: 0, callerUserId: 0
2021-11-14 20:45:38.929 1246-1355/? D/GamePkgDataHelper: getGamePkgData(). Nalu.CP.Android
2021-11-14 20:45:38.929 1246-1355/? D/GameManagerService: identifyForegroundApp. Nalu.CP.Android, mCurrentUserId: 0, callerUserId: 0
2021-11-14 20:45:38.930 1246-1355/? D/GamePkgDataHelper: getGamePkgData(). Nalu.CP.Android
2021-11-14 20:45:38.930 1246-1355/? D/GameManagerService: identifyForegroundApp. Nalu.CP.Android, mCurrentUserId: 0, callerUserId: 0
2021-11-14 20:45:38.930 1246-1355/? D/GamePkgDataHelper: getGamePkgData(). Nalu.CP.Android
2021-11-14 20:45:38.931 1246-1355/? D/GameManagerService: identifyForegroundApp. Nalu.CP.Android, mCurrentUserId: 0, callerUserId: 0
2021-11-14 20:45:38.931 1246-1355/? D/GamePkgDataHelper: getGamePkgData(). Nalu.CP.Android
2021-11-14 20:45:38.932 1246-1355/? D/GameManagerService: identifyForegroundApp. Nalu.CP.Android, mCurrentUserId: 0, callerUserId: 0
2021-11-14 20:45:38.932 1246-1355/? D/GamePkgDataHelper: getGamePkgData(). Nalu.CP.Android
2021-11-14 20:45:38.932 1246-1355/? D/GameManagerService: identifyForegroundApp. Nalu.CP.Android, mCurrentUserId: 0, callerUserId: 0
2021-11-14 20:45:38.932 1246-1355/? D/GamePkgDataHelper: getGamePkgData(). Nalu.CP.Android
2021-11-14 20:45:38.933 1246-1355/? D/GameManagerService: identifyForegroundApp. Nalu.CP.Android, mCurrentUserId: 0, callerUserId: 0
2021-11-14 20:45:38.933 1246-1355/? D/GamePkgDataHelper: getGamePkgData(). Nalu.CP.Android
2021-11-14 20:45:38.934 1246-1355/? D/GameManagerService: identifyForegroundApp. Nalu.CP.Android, mCurrentUserId: 0, callerUserId: 0
2021-11-14 20:45:38.934 1246-1355/? D/GamePkgDataHelper: getGamePkgData(). Nalu.CP.Android
2021-11-14 20:45:38.934 1246-1355/? D/GameManagerService: identifyForegroundApp. Nalu.CP.Android, mCurrentUserId: 0, callerUserId: 0
2021-11-14 20:45:38.934 1246-1355/? D/GamePkgDataHelper: getGamePkgData(). Nalu.CP.Android
2021-11-14 20:45:38.935 1246-1355/? D/GameManagerService: identifyForegroundApp. Nalu.CP.Android, mCurrentUserId: 0, callerUserId: 0
2021-11-14 20:45:38.935 1246-1355/? D/GamePkgDataHelper: getGamePkgData(). Nalu.CP.Android
2021-11-14 20:45:38.936 1246-1355/? D/GameManagerService: identifyForegroundApp. Nalu.CP.Android, mCurrentUserId: 0, callerUserId: 0
2021-11-14 20:45:38.936 1246-1355/? D/GamePkgDataHelper: getGamePkgData(). Nalu.CP.Android
2021-11-14 20:45:38.936 1246-1355/? D/GameManagerService: identifyForegroundApp. Nalu.CP.Android, mCurrentUserId: 0, callerUserId: 0
2021-11-14 20:45:38.936 1246-1355/? D/GamePkgDataHelper: getGamePkgData(). Nalu.CP.Android
2021-11-14 20:45:38.937 1246-1355/? D/GameManagerService: identifyForegroundApp. Nalu.CP.Android, mCurrentUserId: 0, callerUserId: 0
2021-11-14 20:45:38.937 1246-1355/? D/GamePkgDataHelper: getGamePkgData(). Nalu.CP.Android
2021-11-14 20:45:38.938 1246-1355/? D/GameManagerService: identifyForegroundApp. Nalu.CP.Android, mCurrentUserId: 0, callerUserId: 0
2021-11-14 20:45:38.938 1246-1355/? D/GamePkgDataHelper: getGamePkgData(). Nalu.CP.Android
2021-11-14 20:45:38.939 1246-1355/? D/GameManagerService: identifyForegroundApp. Nalu.CP.Android, mCurrentUserId: 0, callerUserId: 0
2021-11-14 20:45:38.939 1246-1355/? D/GamePkgDataHelper: getGamePkgData(). Nalu.CP.Android
2021-11-14 20:45:38.939 1246-1355/? D/GameManagerService: identifyForegroundApp. Nalu.CP.Android, mCurrentUserId: 0, callerUserId: 0
2021-11-14 20:45:38.939 1246-1355/? D/GamePkgDataHelper: getGamePkgData(). Nalu.CP.Android
2021-11-14 20:45:38.940 1246-1355/? D/GameManagerService: identifyForegroundApp. Nalu.CP.Android, mCurrentUserId: 0, callerUserId: 0
2021-11-14 20:45:38.940 1246-1355/? D/GamePkgDataHelper: getGamePkgData(). Nalu.CP.Android
2021-11-14 20:45:38.941 1246-1355/? D/GameManagerService: identifyForegroundApp. Nalu.CP.Android, mCurrentUserId: 0, callerUserId: 0
2021-11-14 20:45:38.941 1246-1355/? D/GamePkgDataHelper: getGamePkgData(). Nalu.CP.Android
2021-11-14 20:45:38.941 791-2621/? I/vendor.qti.bluetooth@1.0-ibs_handler: ProcessIbsCmd: Received IBS_WAKE_IND: 0xFD
2021-11-14 20:45:38.941 791-2621/? I/vendor.qti.bluetooth@1.0-ibs_handler: ProcessIbsCmd: Writing IBS_WAKE_ACK
2021-11-14 20:45:38.941 1246-1355/? D/GameManagerService: identifyForegroundApp. Nalu.CP.Android, mCurrentUserId: 0, callerUserId: 0
2021-11-14 20:45:38.941 1246-1355/? D/GamePkgDataHelper: getGamePkgData(). Nalu.CP.Android
2021-11-14 20:45:38.942 1246-1355/? D/GameManagerService: identifyForegroundApp. Nalu.CP.Android, mCurrentUserId: 0, callerUserId: 0
2021-11-14 20:45:38.942 1246-1355/? D/GamePkgDataHelper: getGamePkgData(). Nalu.CP.Android
2021-11-14 20:45:38.942 1837-1996/? D/BtGatt.GattService: onScanResult to scannerId: 4- eventType=0x10, addressType=0, address=5C:1, primaryPhy=1, secondaryPhy=0, advertisingSid=0xff, txPower=127, rssi=-69, periodicAdvInt=0x0
2021-11-14 20:45:38.943 1246-1355/? D/GameManagerService: identifyForegroundApp. Nalu.CP.Android, mCurrentUserId: 0, callerUserId: 0
2021-11-14 20:45:38.943 1246-1355/? D/GamePkgDataHelper: getGamePkgData(). Nalu.CP.Android
2021-11-14 20:45:38.943 1246-1355/? D/GameManagerService: identifyForegroundApp. Nalu.CP.Android, mCurrentUserId: 0, callerUserId: 0
2021-11-14 20:45:38.943 1246-1355/? D/GamePkgDataHelper: getGamePkgData(). Nalu.CP.Android
2021-11-14 20:45:38.944 1246-1355/? D/GameManagerService: identifyForegroundApp. Nalu.CP.Android, mCurrentUserId: 0, callerUserId: 0
2021-11-14 20:45:38.944 1246-1355/? D/GamePkgDataHelper: getGamePkgData(). Nalu.CP.Android
2021-11-14 20:45:38.945 1246-1355/? D/GameManagerService: identifyForegroundApp. Nalu.CP.Android, mCurrentUserId: 0, callerUserId: 0
2021-11-14 20:45:38.945 1246-1355/? D/GamePkgDataHelper: getGamePkgData(). Nalu.CP.Android
2021-11-14 20:45:38.946 1246-1355/? D/GameManagerService: identifyForegroundApp. Nalu.CP.Android, mCurrentUserId: 0, callerUserId: 0
2021-11-14 20:45:38.946 1246-1355/? D/GamePkgDataHelper: getGamePkgData(). Nalu.CP.Android
2021-11-14 20:45:38.947 1246-1355/? D/GameManagerService: identifyForegroundApp. Nalu.CP.Android, mCurrentUserId: 0, callerUserId: 0
2021-11-14 20:45:38.947 1246-1355/? D/GamePkgDataHelper: getGamePkgData(). Nalu.CP.Android
2021-11-14 20:45:38.947 1246-1355/? D/GameManagerService: identifyForegroundApp. Nalu.CP.Android, mCurrentUserId: 0, callerUserId: 0
2021-11-14 20:45:38.947 1246-1355/? D/GamePkgDataHelper: getGamePkgData(). Nalu.CP.Android
2021-11-14 20:45:38.948 1246-1355/? D/GameManagerService: identifyForegroundApp. Nalu.CP.Android, mCurrentUserId: 0, callerUserId: 0
2021-11-14 20:45:38.948 1246-1355/? D/GamePkgDataHelper: getGamePkgData(). Nalu.CP.Android
2021-11-14 20:45:38.949 1246-1355/? D/GameManagerService: identifyForegroundApp. Nalu.CP.Android, mCurrentUserId: 0, callerUserId: 0
2021-11-14 20:45:38.949 1246-1355/? D/GamePkgDataHelper: getGamePkgData(). Nalu.CP.Android
2021-11-14 20:45:38.949 1246-1355/? D/GameManagerService: identifyForegroundApp. Nalu.CP.Android, mCurrentUserId: 0, callerUserId: 0
2021-11-14 20:45:38.949 1246-1355/? D/GamePkgDataHelper: getGamePkgData(). Nalu.CP.Android
2021-11-14 20:45:38.950 1246-1355/? D/GameManagerService: identifyForegroundApp. Nalu.CP.Android, mCurrentUserId: 0, callerUserId: 0
2021-11-14 20:45:38.950 1246-1355/? D/GamePkgDataHelper: getGamePkgData(). Nalu.CP.Android
2021-11-14 20:45:38.951 1246-1355/? D/GameManagerService: identifyForegroundApp. Nalu.CP.Android, mCurrentUserId: 0, callerUserId: 0
2021-11-14 20:45:38.951 1246-1355/? D/GamePkgDataHelper: getGamePkgData(). Nalu.CP.Android
2021-11-14 20:45:38.951 1246-1355/? D/GameManagerService: identifyForegroundApp. Nalu.CP.Android, mCurrentUserId: 0, callerUserId: 0
2021-11-14 20:45:38.952 1246-1355/? D/GamePkgDataHelper: getGamePkgData(). Nalu.CP.Android
2021-11-14 20:45:38.952 1246-1355/? D/GameManagerService: identifyForegroundApp. Nalu.CP.Android, mCurrentUserId: 0, callerUserId: 0
2021-11-14 20:45:38.952 1246-1355/? D/GamePkgDataHelper: getGamePkgData(). Nalu.CP.Android
2021-11-14 20:45:38.953 1246-1355/? D/GameManagerService: identifyForegroundApp. Nalu.CP.Android, mCurrentUserId: 0, callerUserId: 0
2021-11-14 20:45:38.953 1246-1355/? D/GamePkgDataHelper: getGamePkgData(). Nalu.CP.Android
2021-11-14 20:45:38.954 1246-1355/? D/GameManagerService: identifyForegroundApp. Nalu.CP.Android, mCurrentUserId: 0, callerUserId: 0
2021-11-14 20:45:38.954 1246-1355/? D/GamePkgDataHelper: getGamePkgData(). Nalu.CP.Android
2021-11-14 20:45:38.954 1246-1355/? D/GameManagerService: identifyForegroundApp. Nalu.CP.Android, mCurrentUserId: 0, callerUserId: 0
2021-11-14 20:45:38.954 1246-1355/? D/GamePkgDataHelper: getGamePkgData(). Nalu.CP.Android
2021-11-14 20:45:38.955 1246-1355/? D/GameManagerService: identifyForegroundApp. Nalu.CP.Android, mCurrentUserId: 0, callerUserId: 0
2021-11-14 20:45:38.955 1246-1355/? D/GamePkgDataHelper: getGamePkgData(). Nalu.CP.Android
2021-11-14 20:45:38.956 1246-1355/? D/GameManagerService: identifyForegroundApp. Nalu.CP.Android, mCurrentUserId: 0, callerUserId: 0
2021-11-14 20:45:38.956 1246-1355/? D/GamePkgDataHelper: getGamePkgData(). Nalu.CP.Android
2021-11-14 20:45:38.956 1246-1355/? D/GameManagerService: identifyForegroundApp. Nalu.CP.Android, mCurrentUserId: 0, callerUserId: 0
2021-11-14 20:45:38.956 1246-1355/? D/GamePkgDataHelper: getGamePkgData(). Nalu.CP.Android
2021-11-14 20:45:38.957 1246-1355/? D/GameManagerService: identifyForegroundApp. Nalu.CP.Android, mCurrentUserId: 0, callerUserId: 0
2021-11-14 20:45:38.957 1246-1355/? D/GamePkgDataHelper: getGamePkgData(). Nalu.CP.Android
2021-11-14 20:45:38.958 1246-1355/? D/GameManagerService: identifyForegroundApp. Nalu.CP.Android, mCurrentUserId: 0, callerUserId: 0
2021-11-14 20:45:38.958 1246-1355/? D/GamePkgDataHelper: getGamePkgData(). Nalu.CP.Android
2021-11-14 20:45:38.958 1246-1355/? D/GameManagerService: identifyForegroundApp. Nalu.CP.Android, mCurrentUserId: 0, callerUserId: 0
2021-11-14 20:45:38.958 1246-1355/? D/GamePkgDataHelper: getGamePkgData(). Nalu.CP.Android
2021-11-14 20:45:38.959 1246-1355/? D/GameManagerService: identifyForegroundApp. Nalu.CP.Android, mCurrentUserId: 0, callerUserId: 0
2021-11-14 20:45:38.959 1246-1355/? D/GamePkgDataHelper: getGamePkgData(). Nalu.CP.Android
2021-11-14 20:45:38.960 1246-1355/? D/GameManagerService: identifyForegroundApp. Nalu.CP.Android, mCurrentUserId: 0, callerUserId: 0
2021-11-14 20:45:38.960 1246-1355/? D/GamePkgDataHelper: getGamePkgData(). Nalu.CP.Android
2021-11-14 20:45:38.960 1246-1355/? D/GameManagerService: identifyForegroundApp. Nalu.CP.Android, mCurrentUserId: 0, callerUserId: 0
2021-11-14 20:45:38.961 1246-1355/? D/GamePkgDataHelper: getGamePkgData(). Nalu.CP.Android
2021-11-14 20:45:38.961 1246-1355/? D/GameManagerService: identifyForegroundApp. Nalu.CP.Android, mCurrentUserId: 0, callerUserId: 0
2021-11-14 20:45:38.961 1246-1355/? D/GamePkgDataHelper: getGamePkgData(). Nalu.CP.Android
2021-11-14 20:45:38.962 1246-1355/? D/GameManagerService: identifyForegroundApp. Nalu.CP.Android, mCurrentUserId: 0, callerUserId: 0
2021-11-14 20:45:38.962 1246-1355/? D/GamePkgDataHelper: getGamePkgData(). Nalu.CP.Android
2021-11-14 20:45:38.963 1246-1355/? D/GameManagerService: identifyForegroundApp. Nalu.CP.Android, mCurrentUserId: 0, callerUserId: 0
2021-11-14 20:45:38.963 1246-1355/? D/GamePkgDataHelper: getGamePkgData(). Nalu.CP.Android
2021-11-14 20:45:38.963 1246-1355/? D/GameManagerService: identifyForegroundApp. Nalu.CP.Android, mCurrentUserId: 0, callerUserId: 0
2021-11-14 20:45:38.963 1246-1355/? D/GamePkgDataHelper: getGamePkgData(). Nalu.CP.Android
2021-11-14 20:45:38.964 1246-1355/? D/GameManagerService: identifyForegroundApp. Nalu.CP.Android, mCurrentUserId: 0, callerUserId: 0
2021-11-14 20:45:38.964 1246-1355/? D/GamePkgDataHelper: getGamePkgData(). Nalu.CP.Android
2021-11-14 20:45:38.965 1246-1355/? D/GameManagerService: identifyForegroundApp. Nalu.CP.Android, mCurrentUserId: 0, callerUserId: 0
2021-11-14 20:45:38.965 1246-1355/? D/GamePkgDataHelper: getGamePkgData(). Nalu.CP.Android
2021-11-14 20:45:38.966 1246-1355/? D/GameManagerService: identifyForegroundApp. Nalu.CP.Android, mCurrentUserId: 0, callerUserId: 0
2021-11-14 20:45:38.966 1246-1355/? D/GamePkgDataHelper: getGamePkgData(). Nalu.CP.Android
2021-11-14 20:45:38.966 791-2626/? I/vendor.qti.bluetooth@1.0-ibs_handler: DeviceSleep: TX Awake, Sending SLEEP_IND
2021-11-14 20:45:38.967 1246-1355/? D/GameManagerService: identifyForegroundApp. Nalu.CP.Android, mCurrentUserId: 0, callerUserId: 0
2021-11-14 20:45:38.967 1246-1355/? D/GamePkgDataHelper: getGamePkgData(). Nalu.CP.Android
2021-11-14 20:45:38.967 1246-1355/? D/GameManagerService: identifyForegroundApp. Nalu.CP.Android, mCurrentUserId: 0, callerUserId: 0
2021-11-14 20:45:38.967 1246-1355/? D/GamePkgDataHelper: getGamePkgData(). Nalu.CP.Android
2021-11-14 20:45:38.968 1246-1355/? D/GameManagerService: identifyForegroundApp. Nalu.CP.Android, mCurrentUserId: 0, callerUserId: 0
2021-11-14 20:45:38.968 1246-1355/? D/GamePkgDataHelper: getGamePkgData(). Nalu.CP.Android
2021-11-14 20:45:38.969 1246-1355/? D/GameManagerService: identifyForegroundApp. Nalu.CP.Android, mCurrentUserId: 0, callerUserId: 0
2021-11-14 20:45:38.969 1246-1355/? D/GamePkgDataHelper: getGamePkgData(). Nalu.CP.Android
2021-11-14 20:45:38.970 1246-1355/? D/GameManagerService: identifyForegroundApp. Nalu.CP.Android, mCurrentUserId: 0, callerUserId: 0
2021-11-14 20:45:38.970 1246-1355/? D/GamePkgDataHelper: getGamePkgData(). Nalu.CP.Android
2021-11-14 20:45:38.970 1246-1355/? D/GameManagerService: identifyForegroundApp. Nalu.CP.Android, mCurrentUserId: 0, callerUserId: 0
2021-11-14 20:45:38.970 1246-1355/? D/GamePkgDataHelper: getGamePkgData(). Nalu.CP.Android
2021-11-14 20:45:38.971 1246-1355/? D/GameManagerService: identifyForegroundApp. Nalu.CP.Android, mCurrentUserId: 0, callerUserId: 0
2021-11-14 20:45:38.971 1246-1355/? D/GamePkgDataHelper: getGamePkgData(). Nalu.CP.Android
2021-11-14 20:45:38.972 1246-1355/? D/GameManagerService: identifyForegroundApp. Nalu.CP.Android, mCurrentUserId: 0, callerUserId: 0
2021-11-14 20:45:38.972 1246-1355/? D/GamePkgDataHelper: getGamePkgData(). Nalu.CP.Android
2021-11-14 20:45:38.973 1246-1355/? D/GameManagerService: identifyForegroundApp. Nalu.CP.Android, mCurrentUserId: 0, callerUserId: 0
2021-11-14 20:45:38.973 1246-1355/? D/GamePkgDataHelper: getGamePkgData(). Nalu.CP.Android
2021-11-14 20:45:38.974 1246-1355/? D/GameManagerService: identifyForegroundApp. Nalu.CP.Android, mCurrentUserId: 0, callerUserId: 0
2021-11-14 20:45:38.974 1246-1355/? D/GamePkgDataHelper: getGamePkgData(). Nalu.CP.Android
2021-11-14 20:45:38.974 1246-1355/? D/GameManagerService: identifyForegroundApp. Nalu.CP.Android, mCurrentUserId: 0, callerUserId: 0
2021-11-14 20:45:38.975 1246-1355/? D/GamePkgDataHelper: getGamePkgData(). Nalu.CP.Android
2021-11-14 20:45:38.975 1246-1355/? D/GameManagerService: identifyForegroundApp. Nalu.CP.Android, mCurrentUserId: 0, callerUserId: 0
2021-11-14 20:45:38.975 1246-1355/? D/GamePkgDataHelper: getGamePkgData(). Nalu.CP.Android
2021-11-14 20:45:38.976 1246-1355/? D/GameManagerService: identifyForegroundApp. Nalu.CP.Android, mCurrentUserId: 0, callerUserId: 0
2021-11-14 20:45:38.976 1246-1355/? D/GamePkgDataHelper: getGamePkgData(). Nalu.CP.Android
2021-11-14 20:45:38.977 1246-1355/? D/GameManagerService: identifyForegroundApp. Nalu.CP.Android, mCurrentUserId: 0, callerUserId: 0
2021-11-14 20:45:38.977 1246-1355/? D/GamePkgDataHelper: getGamePkgData(). Nalu.CP.Android
2021-11-14 20:45:38.977 1246-1355/? D/GameManagerService: identifyForegroundApp. Nalu.CP.Android, mCurrentUserId: 0, callerUserId: 0
2021-11-14 20:45:38.977 1246-1355/? D/GamePkgDataHelper: getGamePkgData(). Nalu.CP.Android
2021-11-14 20:45:38.978 1246-1355/? D/GameManagerService: identifyForegroundApp. Nalu.CP.Android, mCurrentUserId: 0, callerUserId: 0
2021-11-14 20:45:38.978 1246-1355/? D/GamePkgDataHelper: getGamePkgData(). Nalu.CP.Android
2021-11-14 20:45:38.979 1246-1355/? D/GameManagerService: identifyForegroundApp. Nalu.CP.Android, mCurrentUserId: 0, callerUserId: 0
2021-11-14 20:45:38.979 1246-1355/? D/GamePkgDataHelper: getGamePkgData(). Nalu.CP.Android
2021-11-14 20:45:38.979 1246-1355/? D/GameManagerService: identifyForegroundApp. Nalu.CP.Android, mCurrentUserId: 0, callerUserId: 0
2021-11-14 20:45:38.980 1246-1355/? D/GamePkgDataHelper: getGamePkgData(). Nalu.CP.Android
2021-11-14 20:45:38.980 1246-1355/? D/GameManagerService: identifyForegroundApp. Nalu.CP.Android, mCurrentUserId: 0, callerUserId: 0
2021-11-14 20:45:38.980 1246-1355/? D/GamePkgDataHelper: getGamePkgData(). Nalu.CP.Android
2021-11-14 20:45:38.981 1246-1355/? D/GameManagerService: identifyForegroundApp. Nalu.CP.Android, mCurrentUserId: 0, callerUserId: 0
2021-11-14 20:45:38.981 1246-1355/? D/GamePkgDataHelper: getGamePkgData(). Nalu.CP.Android
2021-11-14 20:45:38.981 791-2621/? I/vendor.qti.bluetooth@1.0-ibs_handler: ProcessIbsCmd: Received IBS_SLEEP_IND: 0xFE
2021-11-14 20:45:38.981 791-2621/? D/vendor.qti.bluetooth@1.0-ibs_handler: SerialClockVote: vote for UART CLK OFF
2021-11-14 20:45:38.982 1246-1355/? D/GameManagerService: identifyForegroundApp. Nalu.CP.Android, mCurrentUserId: 0, callerUserId: 0
2021-11-14 20:45:38.982 1246-1355/? D/GamePkgDataHelper: getGamePkgData(). Nalu.CP.Android
2021-11-14 20:45:38.982 1246-1355/? D/GameManagerService: identifyForegroundApp. Nalu.CP.Android, mCurrentUserId: 0, callerUserId: 0
2021-11-14 20:45:38.982 1246-1355/? D/GamePkgDataHelper: getGamePkgData(). Nalu.CP.Android
2021-11-14 20:45:38.983 1246-1355/? D/GameManagerService: identifyForegroundApp. Nalu.CP.Android, mCurrentUserId: 0, callerUserId: 0
2021-11-14 20:45:38.983 1246-1355/? D/GamePkgDataHelper: getGamePkgData(). Nalu.CP.Android
2021-11-14 20:45:38.984 1246-1355/? D/GameManagerService: identifyForegroundApp. Nalu.CP.Android, mCurrentUserId: 0, callerUserId: 0
2021-11-14 20:45:38.984 1246-1355/? D/GamePkgDataHelper: getGamePkgData(). Nalu.CP.Android
2021-11-14 20:45:38.984 1246-1355/? D/GameManagerService: identifyForegroundApp. Nalu.CP.Android, mCurrentUserId: 0, callerUserId: 0
2021-11-14 20:45:38.984 1246-1355/? D/GamePkgDataHelper: getGamePkgData(). Nalu.CP.Android
2021-11-14 20:45:38.985 1246-1355/? D/GameManagerService: identifyForegroundApp. Nalu.CP.Android, mCurrentUserId: 0, callerUserId: 0
2021-11-14 20:45:38.985 1246-1355/? D/GamePkgDataHelper: getGamePkgData(). Nalu.CP.Android
2021-11-14 20:45:38.986 1246-1355/? D/GameManagerService: identifyForegroundApp. Nalu.CP.Android, mCurrentUserId: 0, callerUserId: 0
2021-11-14 20:45:38.986 1246-1355/? D/GamePkgDataHelper: getGamePkgData(). Nalu.CP.Android
2021-11-14 20:45:38.987 1246-1355/? D/GameManagerService: identifyForegroundApp. Nalu.CP.Android, mCurrentUserId: 0, callerUserId: 0
2021-11-14 20:45:38.987 1246-1355/? D/GamePkgDataHelper: getGamePkgData(). Nalu.CP.Android
2021-11-14 20:45:38.987 1246-1355/? D/GameManagerService: identifyForegroundApp. Nalu.CP.Android, mCurrentUserId: 0, callerUserId: 0
2021-11-14 20:45:38.987 1246-1355/? D/GamePkgDataHelper: getGamePkgData(). Nalu.CP.Android
2021-11-14 20:45:38.988 1246-1355/? D/GameManagerService: identifyForegroundApp. Nalu.CP.Android, mCurrentUserId: 0, callerUserId: 0
2021-11-14 20:45:38.988 1246-1355/? D/GamePkgDataHelper: getGamePkgData(). Nalu.CP.Android
2021-11-14 20:45:38.989 1246-1355/? D/GameManagerService: identifyForegroundApp. Nalu.CP.Android, mCurrentUserId: 0, callerUserId: 0
2021-11-14 20:45:38.989 1246-1355/? D/GamePkgDataHelper: getGamePkgData(). Nalu.CP.Android
2021-11-14 20:45:38.989 1246-1355/? D/GameManagerService: identifyForegroundApp. Nalu.CP.Android, mCurrentUserId: 0, callerUserId: 0
2021-11-14 20:45:38.989 1246-1355/? D/GamePkgDataHelper: getGamePkgData(). Nalu.CP.Android
2021-11-14 20:45:38.990 1246-1355/? D/GameManagerService: identifyForegroundApp. Nalu.CP.Android, mCurrentUserId: 0, callerUserId: 0
2021-11-14 20:45:38.990 1246-1355/? D/GamePkgDataHelper: getGamePkgData(). Nalu.CP.Android
2021-11-14 20:45:38.991 1246-1355/? D/GameManagerService: identifyForegroundApp. Nalu.CP.Android, mCurrentUserId: 0, callerUserId: 0
2021-11-14 20:45:38.991 1246-1355/? D/GamePkgDataHelper: getGamePkgData(). Nalu.CP.Android
2021-11-14 20:45:38.991 1246-1355/? D/GameManagerService: identifyForegroundApp. Nalu.CP.Android, mCurrentUserId: 0, callerUserId: 0
2021-11-14 20:45:38.991 1246-1355/? D/GamePkgDataHelper: getGamePkgData(). Nalu.CP.Android
2021-11-14 20:45:38.992 1246-1355/? D/GameManagerService: identifyForegroundApp. Nalu.CP.Android, mCurrentUserId: 0, callerUserId: 0
2021-11-14 20:45:38.992 1246-1355/? D/GamePkgDataHelper: getGamePkgData(). Nalu.CP.Android
2021-11-14 20:45:38.993 1246-1355/? D/GameManagerService: identifyForegroundApp. Nalu.CP.Android, mCurrentUserId: 0, callerUserId: 0
2021-11-14 20:45:38.993 1246-1355/? D/GamePkgDataHelper: getGamePkgData(). Nalu.CP.Android
2021-11-14 20:45:38.993 1246-1355/? D/GameManagerService: identifyForegroundApp. Nalu.CP.Android, mCurrentUserId: 0, callerUserId: 0
2021-11-14 20:45:38.993 1246-1355/? D/GamePkgDataHelper: getGamePkgData(). Nalu.CP.Android
2021-11-14 20:45:38.994 1246-1355/? D/GameManagerService: identifyForegroundApp. Nalu.CP.Android, mCurrentUserId: 0, callerUserId: 0
2021-11-14 20:45:38.994 1246-1355/? D/GamePkgDataHelper: getGamePkgData(). Nalu.CP.Android
2021-11-14 20:45:38.995 1246-1355/? D/GameManagerService: identifyForegroundApp. Nalu.CP.Android, mCurrentUserId: 0, callerUserId: 0
2021-11-14 20:45:38.995 1246-1355/? D/GamePkgDataHelper: getGamePkgData(). Nalu.CP.Android
2021-11-14 20:45:38.996 1246-1355/? D/GameManagerService: identifyForegroundApp. Nalu.CP.Android, mCurrentUserId: 0, callerUserId: 0
2021-11-14 20:45:38.996 1246-1355/? D/GamePkgDataHelper: getGamePkgData(). Nalu.CP.Android
2021-11-14 20:45:38.996 1246-1355/? D/GameManagerService: identifyForegroundApp. Nalu.CP.Android, mCurrentUserId: 0, callerUserId: 0
2021-11-14 20:45:38.996 1246-1355/? D/GamePkgDataHelper: getGamePkgData(). Nalu.CP.Android
2021-11-14 20:45:38.997 1246-1355/? D/GameManagerService: identifyForegroundApp. Nalu.CP.Android, mCurrentUserId: 0, callerUserId: 0
2021-11-14 20:45:38.997 1246-1355/? D/GamePkgDataHelper: getGamePkgData(). Nalu.CP.Android
2021-11-14 20:45:38.998 1246-1355/? D/GameManagerService: identifyForegroundApp. Nalu.CP.Android, mCurrentUserId: 0, callerUserId: 0
2021-11-14 20:45:38.998 1246-1355/? D/GamePkgDataHelper: getGamePkgData(). Nalu.CP.Android
2021-11-14 20:45:38.998 1246-1355/? D/GameManagerService: identifyForegroundApp. Nalu.CP.Android, mCurrentUserId: 0, callerUserId: 0
2021-11-14 20:45:38.998 1246-1355/? D/GamePkgDataHelper: getGamePkgData(). Nalu.CP.Android
2021-11-14 20:45:38.999 1246-1355/? D/GameManagerService: identifyForegroundApp. Nalu.CP.Android, mCurrentUserId: 0, callerUserId: 0
2021-11-14 20:45:38.999 1246-1355/? D/GamePkgDataHelper: getGamePkgData(). Nalu.CP.Android
2021-11-14 20:45:39.000 1246-1355/? D/GameManagerService: identifyForegroundApp. Nalu.CP.Android, mCurrentUserId: 0, callerUserId: 0
2021-11-14 20:45:39.000 1246-1355/? D/GamePkgDataHelper: getGamePkgData(). Nalu.CP.Android
2021-11-14 20:45:39.000 1246-1355/? D/GameManagerService: identifyForegroundApp. Nalu.CP.Android, mCurrentUserId: 0, callerUserId: 0
2021-11-14 20:45:39.000 1246-1355/? D/GamePkgDataHelper: getGamePkgData(). Nalu.CP.Android
2021-11-14 20:45:39.001 1246-1355/? D/GameManagerService: identifyForegroundApp. Nalu.CP.Android, mCurrentUserId: 0, callerUserId: 0
2021-11-14 20:45:39.001 1246-1355/? D/GamePkgDataHelper: getGamePkgData(). Nalu.CP.Android
2021-11-14 20:45:39.002 1246-1355/? D/GameManagerService: identifyForegroundApp. Nalu.CP.Android, mCurrentUserId: 0, callerUserId: 0
2021-11-14 20:45:39.002 1246-1355/? D/GamePkgDataHelper: getGamePkgData(). Nalu.CP.Android
2021-11-14 20:45:39.003 1246-1355/? D/GameManagerService: identifyForegroundApp. Nalu.CP.Android, mCurrentUserId: 0, callerUserId: 0
2021-11-14 20:45:39.003 1246-1355/? D/GamePkgDataHelper: getGamePkgData(). Nalu.CP.Android
2021-11-14 20:45:39.003 1246-1355/? D/GameManagerService: identifyForegroundApp. Nalu.CP.Android, mCurrentUserId: 0, callerUserId: 0
2021-11-14 20:45:39.003 1246-1355/? D/GamePkgDataHelper: getGamePkgData(). Nalu.CP.Android
2021-11-14 20:45:39.004 1246-1355/? D/GameManagerService: identifyForegroundApp. Nalu.CP.Android, mCurrentUserId: 0, callerUserId: 0
2021-11-14 20:45:39.004 1246-1355/? D/GamePkgDataHelper: getGamePkgData(). Nalu.CP.Android
2021-11-14 20:45:39.005 1246-1355/? D/GameManagerService: identifyForegroundApp. Nalu.CP.Android, mCurrentUserId: 0, callerUserId: 0
2021-11-14 20:45:39.005 1246-1355/? D/GamePkgDataHelper: getGamePkgData(). Nalu.CP.Android
2021-11-14 20:45:39.005 1246-1355/? D/GameManagerService: identifyForegroundApp. Nalu.CP.Android, mCurrentUserId: 0, callerUserId: 0
2021-11-14 20:45:39.005 1246-1355/? D/GamePkgDataHelper: getGamePkgData(). Nalu.CP.Android
2021-11-14 20:45:39.006 1246-1355/? D/GameManagerService: identifyForegroundApp. Nalu.CP.Android, mCurrentUserId: 0, callerUserId: 0
2021-11-14 20:45:39.006 1246-1355/? D/GamePkgDataHelper: getGamePkgData(). Nalu.CP.Android
2021-11-14 20:45:39.007 1246-1355/? D/GameManagerService: identifyForegroundApp. Nalu.CP.Android, mCurrentUserId: 0, callerUserId: 0
2021-11-14 20:45:39.007 1246-1355/? D/GamePkgDataHelper: getGamePkgData(). Nalu.CP.Android
2021-11-14 20:45:39.007 1246-1355/? D/GameManagerService: identifyForegroundApp. Nalu.CP.Android, mCurrentUserId: 0, callerUserId: 0
2021-11-14 20:45:39.007 1246-1355/? D/GamePkgDataHelper: getGamePkgData(). Nalu.CP.Android
2021-11-14 20:45:39.008 1246-1355/? D/GameManagerService: identifyForegroundApp. Nalu.CP.Android, mCurrentUserId: 0, callerUserId: 0
2021-11-14 20:45:39.008 1246-1355/? D/GamePkgDataHelper: getGamePkgData(). Nalu.CP.Android
2021-11-14 20:45:39.009 1246-1355/? D/GameManagerService: identifyForegroundApp. Nalu.CP.Android, mCurrentUserId: 0, callerUserId: 0
2021-11-14 20:45:39.009 1246-1355/? D/GamePkgDataHelper: getGamePkgData(). Nalu.CP.Android
2021-11-14 20:45:39.010 1246-1355/? D/GameManagerService: identifyForegroundApp. Nalu.CP.Android, mCurrentUserId: 0, callerUserId: 0
2021-11-14 20:45:39.010 1246-1355/? D/GamePkgDataHelper: getGamePkgData(). Nalu.CP.Android
2021-11-14 20:45:39.010 1246-1355/? D/GameManagerService: identifyForegroundApp. Nalu.CP.Android, mCurrentUserId: 0, callerUserId: 0
2021-11-14 20:45:39.010 1246-1355/? D/GamePkgDataHelper: getGamePkgData(). Nalu.CP.Android
2021-11-14 20:45:39.011 1246-1355/? D/GameManagerService: identifyForegroundApp. Nalu.CP.Android, mCurrentUserId: 0, callerUserId: 0
2021-11-14 20:45:39.011 1246-1355/? D/GamePkgDataHelper: getGamePkgData(). Nalu.CP.Android
2021-11-14 20:45:39.012 1246-1355/? D/GameManagerService: identifyForegroundApp. Nalu.CP.Android, mCurrentUserId: 0, callerUserId: 0
2021-11-14 20:45:39.012 1246-1355/? D/GamePkgDataHelper: getGamePkgData(). Nalu.CP.Android
2021-11-14 20:45:39.012 1246-1355/? D/GameManagerService: identifyForegroundApp. Nalu.CP.Android, mCurrentUserId: 0, callerUserId: 0
2021-11-14 20:45:39.012 1246-1355/? D/GamePkgDataHelper: getGamePkgData(). Nalu.CP.Android
2021-11-14 20:45:39.013 1246-1355/? D/GameManagerService: identifyForegroundApp. Nalu.CP.Android, mCurrentUserId: 0, callerUserId: 0
2021-11-14 20:45:39.013 1246-1355/? D/GamePkgDataHelper: getGamePkgData(). Nalu.CP.Android
2021-11-14 20:45:39.014 1246-1355/? D/GameManagerService: identifyForegroundApp. Nalu.CP.Android, mCurrentUserId: 0, callerUserId: 0
2021-11-14 20:45:39.014 1246-1355/? D/GamePkgDataHelper: getGamePkgData(). Nalu.CP.Android
2021-11-14 20:45:39.015 1246-1355/? D/GameManagerService: identifyForegroundApp. Nalu.CP.Android, mCurrentUserId: 0, callerUserId: 0
2021-11-14 20:45:39.015 1246-1355/? D/GamePkgDataHelper: getGamePkgData(). Nalu.CP.Android
2021-11-14 20:45:39.015 1246-1355/? D/GameManagerService: identifyForegroundApp. Nalu.CP.Android, mCurrentUserId: 0, callerUserId: 0
2021-11-14 20:45:39.015 1246-1355/? D/GamePkgDataHelper: getGamePkgData(). Nalu.CP.Android
2021-11-14 20:45:39.016 1246-1355/? D/GameManagerService: identifyForegroundApp. Nalu.CP.Android, mCurrentUserId: 0, callerUserId: 0
2021-11-14 20:45:39.016 1246-1355/? D/GamePkgDataHelper: getGamePkgData(). Nalu.CP.Android
2021-11-14 20:45:39.017 1246-1355/? D/GameManagerService: identifyForegroundApp. Nalu.CP.Android, mCurrentUserId: 0, callerUserId: 0
2021-11-14 20:45:39.017 1246-1355/? D/GamePkgDataHelper: getGamePkgData(). Nalu.CP.Android
2021-11-14 20:45:39.018 1246-1355/? D/GameManagerService: identifyForegroundApp. Nalu.CP.Android, mCurrentUserId: 0, callerUserId: 0
2021-11-14 20:45:39.018 1246-1355/? D/GamePkgDataHelper: getGamePkgData(). Nalu.CP.Android
2021-11-14 20:45:39.019 1246-1355/? D/GameManagerService: identifyForegroundApp. Nalu.CP.Android, mCurrentUserId: 0, callerUserId: 0
2021-11-14 20:45:39.019 1246-1355/? D/GamePkgDataHelper: getGamePkgData(). Nalu.CP.Android
2021-11-14 20:45:39.020 1246-1355/? D/GameManagerService: identifyForegroundApp. Nalu.CP.Android, mCurrentUserId: 0, callerUserId: 0
2021-11-14 20:45:39.020 1246-1355/? D/GamePkgDataHelper: getGamePkgData(). Nalu.CP.Android
2021-11-14 20:45:39.021 1246-1355/? D/GameManagerService: identifyForegroundApp. Nalu.CP.Android, mCurrentUserId: 0, callerUserId: 0
2021-11-14 20:45:39.021 1246-1355/? D/GamePkgDataHelper: getGamePkgData(). Nalu.CP.Android
2021-11-14 20:45:39.021 1246-1355/? D/GameManagerService: identifyForegroundApp. Nalu.CP.Android, mCurrentUserId: 0, callerUserId: 0
2021-11-14 20:45:39.021 1246-1355/? D/GamePkgDataHelper: getGamePkgData(). Nalu.CP.Android
2021-11-14 20:45:39.022 1246-1355/? D/GameManagerService: identifyForegroundApp. Nalu.CP.Android, mCurrentUserId: 0, callerUserId: 0
2021-11-14 20:45:39.022 1246-1355/? D/GamePkgDataHelper: getGamePkgData(). Nalu.CP.Android
2021-11-14 20:45:39.023 1246-1355/? D/GameManagerService: identifyForegroundApp. Nalu.CP.Android, mCurrentUserId: 0, callerUserId: 0
2021-11-14 20:45:39.023 1246-1355/? D/GamePkgDataHelper: getGamePkgData(). Nalu.CP.Android
2021-11-14 20:45:39.024 1246-1355/? D/GameManagerService: identifyForegroundApp. Nalu.CP.Android, mCurrentUserId: 0, callerUserId: 0
2021-11-14 20:45:39.024 1246-1355/? D/GamePkgDataHelper: getGamePkgData(). Nalu.CP.Android
2021-11-14 20:45:39.024 1246-1355/? D/GameManagerService: identifyForegroundApp. Nalu.CP.Android, mCurrentUserId: 0, callerUserId: 0
2021-11-14 20:45:39.024 1246-1355/? D/GamePkgDataHelper: getGamePkgData(). Nalu.CP.Android
2021-11-14 20:45:39.025 1246-1355/? W/ActivityTaskManager: Activity top resumed state loss timeout for ActivityRecord{2e8bd7b u0 Nalu.CP.Android/crc6429e3927486beccbc.ActivityLicenseBrowse t6760}
2021-11-14 20:45:39.025 1246-1355/? W/ActivityTaskManager: Activity pause timeout for ActivityRecord{2e8bd7b u0 Nalu.CP.Android/crc6429e3927486beccbc.ActivityLicenseBrowse t6760}
2021-11-14 20:45:39.026 1246-1355/? D/GameManagerService: identifyForegroundApp. Nalu.CP.Android, mCurrentUserId: 0, callerUserId: 0
2021-11-14 20:45:39.026 1246-1355/? D/GamePkgDataHelper: getGamePkgData(). Nalu.CP.Android
2021-11-14 20:45:39.027 1246-1355/? V/WindowManager: performShow on Window{26edfd4 u0 Splash Screen Nalu.CP.Android}: mDrawState=READY_TO_SHOW readyForDisplay=false starting=true during animation: policyVis=false parentHidden=false tok.hiddenRequested=false tok.hidden=true animating=true tok animating=true Callers=com.android.server.wm.WindowState.performShowLocked:4812 com.android.server.wm.WindowStateAnimator.commitFinishDrawingLocked:407 com.android.server.wm.DisplayContent.lambda$new$8$DisplayContent:1026 com.android.server.wm.-$$Lambda$DisplayContent$qxt4izS31fb0LF2uo_OF9DMa7gc.accept:4
2021-11-14 20:45:39.028 1246-1355/? D/GameManagerService: identifyForegroundApp. Nalu.CP.Android, mCurrentUserId: 0, callerUserId: 0
2021-11-14 20:45:39.028 1246-1355/? D/GamePkgDataHelper: getGamePkgData(). Nalu.CP.Android
2021-11-14 20:45:39.029 1246-1355/? D/GameManagerService: identifyForegroundApp. Nalu.CP.Android, mCurrentUserId: 0, callerUserId: 0
2021-11-14 20:45:39.029 1246-1355/? D/GamePkgDataHelper: getGamePkgData(). Nalu.CP.Android
2021-11-14 20:45:39.029 1246-1355/? D/GameManagerService: identifyForegroundApp. Nalu.CP.Android, mCurrentUserId: 0, callerUserId: 0
2021-11-14 20:45:39.029 1246-1355/? D/GamePkgDataHelper: getGamePkgData(). Nalu.CP.Android
2021-11-14 20:45:39.030 5308-5529/? I/TrayUsageStatesWatcher: notePauseComponent : ComponentInfo{Nalu.CP.Android/crc6429e3927486beccbc.ActivityLicenseBrowse}, 4
2021-11-14 20:45:39.031 1246-1355/? D/GameManagerService: notePauseComponent(), received paused-component: Nalu.CP.Android
2021-11-14 20:45:39.031 1246-1355/? D/GameManagerService: identifyForegroundApp. Nalu.CP.Android, mCurrentUserId: 0, callerUserId: 0
2021-11-14 20:45:39.031 1246-1355/? D/GamePkgDataHelper: getGamePkgData(). Nalu.CP.Android
2021-11-14 20:45:39.031 1246-1355/? D/GameManagerService: identifyForegroundApp. Nalu.CP.Android, mCurrentUserId: 0, callerUserId: 0
2021-11-14 20:45:39.031 1246-1355/? D/GamePkgDataHelper: getGamePkgData(). Nalu.CP.Android
2021-11-14 20:45:39.031 1246-1355/? D/GameManagerService: identifyForegroundApp. Nalu.CP.Android, mCurrentUserId: 0, callerUserId: 0
2021-11-14 20:45:39.031 1246-1355/? D/GamePkgDataHelper: getGamePkgData(). Nalu.CP.Android
2021-11-14 20:45:39.032 1246-1355/? D/GameManagerService: identifyForegroundApp. Nalu.CP.Android, mCurrentUserId: 0, callerUserId: 0
2021-11-14 20:45:39.032 1246-1355/? D/GamePkgDataHelper: getGamePkgData(). Nalu.CP.Android
2021-11-14 20:45:39.057 791-2621/? I/vendor.qti.bluetooth@1.0-ibs_handler: ProcessIbsCmd: Received IBS_WAKE_IND: 0xFD
2021-11-14 20:45:39.057 791-2621/? D/vendor.qti.bluetooth@1.0-ibs_handler: SerialClockVote: vote for UART CLK ON
2021-11-14 20:45:39.057 791-2621/? I/vendor.qti.bluetooth@1.0-ibs_handler: ProcessIbsCmd: Writing IBS_WAKE_ACK
2021-11-14 20:45:39.059 1837-1996/? D/BtGatt.GattService: onScanResult to scannerId: 4- eventType=0x10, addressType=0, address=5C:1, primaryPhy=1, secondaryPhy=0, advertisingSid=0xff, txPower=127, rssi=-70, periodicAdvInt=0x0
2021-11-14 20:45:39.098 791-2621/? I/vendor.qti.bluetooth@1.0-ibs_handler: ProcessIbsCmd: Received IBS_SLEEP_IND: 0xFE
2021-11-14 20:45:39.098 791-2621/? D/vendor.qti.bluetooth@1.0-ibs_handler: SerialClockVote: vote for UART CLK OFF
2021-11-14 20:45:39.145 3182-3462/? E/CastSocket: [TcpProberDeviceController-2] Failed to shutdown the output stream socket: ovs@c4a3164. java.nio.channels.ClosedChannelException
at sun.nio.ch.SocketChannelImpl.shutdownOutput(SocketChannelImpl.java:842)
at sun.nio.ch.SocketAdaptor.shutdownOutput(SocketAdaptor.java:424) at ouy.l(:com.google.android.gms@213918037@21.39.18 (120400-407637301):3) at ova.c(:com.google.android.gms@213918037@21.39.18 (120400-407637301):50) at ouz.run(:com.google.android.gms@213918037@21.39.18 (120400-407637301):3)
at java.lang.Thread.run(Thread.java:919)
2021-11-14 20:45:39.146 3182-3462/? E/CastSocket: [TcpProberDeviceController-1] Failed to shutdown the output stream socket: ovs@1928393. java.nio.channels.ClosedChannelException
at sun.nio.ch.SocketChannelImpl.shutdownOutput(SocketChannelImpl.java:842)
at sun.nio.ch.SocketAdaptor.shutdownOutput(SocketAdaptor.java:424) at ouy.l(:com.google.android.gms@213918037@21.39.18 (120400-407637301):3) at ova.c(:com.google.android.gms@213918037@21.39.18 (120400-407637301):50) at ouz.run(:com.google.android.gms@213918037@21.39.18 (120400-407637301):3)
at java.lang.Thread.run(Thread.java:919)
2021-11-14 20:45:39.147 3182-3226/? E/TcpProberDeviceController: [TcpProberDeviceController-2] onSocketConnectionFailed. Error: 2
2021-11-14 20:45:39.147 3182-3226/? E/TcpProberDeviceController: [TcpProberDeviceController-1] onSocketConnectionFailed. Error: 2
2021-11-14 20:45:39.150 3182-3226/? I/CastSocketMultiplexer: Stopping multiplexer...
2021-11-14 20:45:39.170 791-2621/? I/vendor.qti.bluetooth@1.0-ibs_handler: ProcessIbsCmd: Received IBS_WAKE_IND: 0xFD
2021-11-14 20:45:39.170 791-2621/? D/vendor.qti.bluetooth@1.0-ibs_handler: SerialClockVote: vote for UART CLK ON
2021-11-14 20:45:39.170 791-2621/? I/vendor.qti.bluetooth@1.0-ibs_handler: ProcessIbsCmd: Writing IBS_WAKE_ACK
2021-11-14 20:45:39.172 1837-1996/? D/BtGatt.GattService: onScanResult to scannerId: 4- eventType=0x10, addressType=0, address=5C:1, primaryPhy=1, secondaryPhy=0, advertisingSid=0xff, txPower=127, rssi=-70, periodicAdvInt=0x0
2021-11-14 20:45:39.210 1246-1246/? D/CustomFrequencyManagerService: FrequencyrequestList.getNextMaxCPUCoreRequest, index: 4
2021-11-14 20:45:39.211 791-2621/? I/vendor.qti.bluetooth@1.0-ibs_handler: ProcessIbsCmd: Received IBS_SLEEP_IND: 0xFE
2021-11-14 20:45:39.211 791-2621/? D/vendor.qti.bluetooth@1.0-ibs_handler: SerialClockVote: vote for UART CLK OFF
2021-11-14 20:45:39.214 1246-1246/? D/CustomFrequencyManagerService: releaseDVFSLockLocked : Getting Lock type frm List : DVFS_MIN_LIMIT frequency : 2841600 uid : 1000 pid : 1246 tag : APP_LAUNCH@CPU_MIN@66
2021-11-14 20:45:39.214 1246-1246/? D/CustomFrequencyManagerService: FrequencyrequestList.getNextmaxLittleCpuMinRequest, index: 5
2021-11-14 20:45:39.280 804-25943/? I/sensors-hal: handle_sns_std_sensor_event:100, [SSC_LIGHT] A lux: 112
2021-11-14 20:45:39.285 791-2621/? I/vendor.qti.bluetooth@1.0-ibs_handler: ProcessIbsCmd: Received IBS_WAKE_IND: 0xFD
2021-11-14 20:45:39.285 791-2621/? D/vendor.qti.bluetooth@1.0-ibs_handler: SerialClockVote: vote for UART CLK ON
2021-11-14 20:45:39.285 791-2621/? I/vendor.qti.bluetooth@1.0-ibs_handler: ProcessIbsCmd: Writing IBS_WAKE_ACK
2021-11-14 20:45:39.287 1837-1996/? D/BtGatt.GattService: onScanResult to scannerId: 4- eventType=0x10, addressType=0, address=5C:1, primaryPhy=1, secondaryPhy=0, advertisingSid=0xff, txPower=127, rssi=-70, periodicAdvInt=0x0
2021-11-14 20:45:39.290 2967-3504/? D/ConnectivityManager: requestNetwork; CallingUid : 10320, CallingPid : 2967
2021-11-14 20:45:39.291 1246-2001/? D/ConnectivityService: listenForNetwork for uid/pid:10320/2967 NetworkRequest [ LISTEN id=14720, [ Capabilities: INTERNET&NOT_RESTRICTED&TRUSTED&NOT_VPN&FOREGROUND Uid: 10320] ]
2021-11-14 20:45:39.291 1246-1680/? D/ConnectivityService: rematching NetworkAgentInfo [WIFI () - 615]
2021-11-14 20:45:39.291 1246-1680/? D/ConnectivityService: network has: [ Transports: WIFI Capabilities: NOT_METERED&INTERNET&NOT_RESTRICTED&TRUSTED&NOT_VPN&VALIDATED&NOT_ROAMING&FOREGROUND&NOT_CONGESTED&NOT_SUSPENDED LinkUpBandwidth>=1048576Kbps LinkDnBandwidth>=1048576Kbps Specifier: SignalStrength: -71 SSID: "NETGEAR17"]
2021-11-14 20:45:39.291 1246-1680/? D/ConnectivityService: Network NetworkAgentInfo [WIFI () - 615] was already satisfying request 1. No change.
2021-11-14 20:45:39.291 1246-1680/? D/ConnectivityService: Network NetworkAgentInfo [WIFI () - 615] was already satisfying request 8. No change.
2021-11-14 20:45:39.291 1246-1680/? D/ConnectivityService: Network NetworkAgentInfo [WIFI () - 615] was already satisfying request 14. No change.
2021-11-14 20:45:39.291 1246-1680/? D/ConnectivityService: Network NetworkAgentInfo [WIFI () - 615] was already satisfying request 14644. No change.
2021-11-14 20:45:39.291 1246-1680/? D/ConnectivityService: Network NetworkAgentInfo [WIFI () - 615] was already satisfying request 20. No change.
2021-11-14 20:45:39.291 1246-1680/? D/ConnectivityService: Network NetworkAgentInfo [WIFI () - 615] was already satisfying request 11533. No change.
2021-11-14 20:45:39.291 1246-1680/? D/ConnectivityService: Network NetworkAgentInfo [WIFI () - 615] was already satisfying request 14573. No change.
2021-11-14 20:45:39.291 1246-1680/? D/ConnectivityService: Network NetworkAgentInfo [WIFI () - 615] was already satisfying request 14585. No change.
2021-11-14 20:45:39.291 1246-1680/? D/ConnectivityService: Network NetworkAgentInfo [WIFI () - 615] was already satisfying request 23. No change.
2021-11-14 20:45:39.291 1246-1680/? D/ConnectivityService: Network NetworkAgentInfo [WIFI () - 615] was already satisfying request 14574. No change.
2021-11-14 20:45:39.291 1246-1680/? D/ConnectivityService: Network NetworkAgentInfo [WIFI () - 615] was already satisfying request 14114. No change.
2021-11-14 20:45:39.291 1246-1680/? D/ConnectivityService: Network NetworkAgentInfo [WIFI () - 615] was already satisfying request 14698. No change.
