2021-11-14 20:45:42.078 1246-1355/? D/WindowManager: w is invisible : 3595192 MultiSplitDivider
2021-11-14 20:45:42.078 1246-1355/? D/WindowManager: w is invisible : e554342 MultiSplitStackDivider
2021-11-14 20:45:42.078 1246-1355/? D/WindowManager: w is invisible : 4c44aa4 DockedStackDivider
2021-11-14 20:45:42.078 1246-1355/? D/WindowManager: w is invisible : f9f0d80 AssistPreviewPanel
2021-11-14 20:45:42.078 1246-1355/? D/WindowManager: w is invisible : 625425d StatusBar
2021-11-14 20:45:42.078 1246-1355/? D/WindowManager: w is invisible : 7dba58d com.samsung.android.app.cocktailbarservice/com.samsung.android.app.cocktailbarservice.CocktailBarService
2021-11-14 20:45:42.078 1246-1355/? D/WindowManager: w is invisible : a036015 Bouncer
2021-11-14 20:45:42.078 1246-1355/? D/WindowManager: w is invisible : fe97879 NavigationBar0
2021-11-14 20:45:42.078 1246-1355/? D/WindowManager: w is invisible : d3f5fdb ScreenDecorOverlay
2021-11-14 20:45:42.078 1246-1355/? D/WindowManager: w is invisible : cd0a031 ScreenDecorOverlayBottom
2021-11-14 20:45:42.078 1246-1355/? D/WindowManager: w is invisible : 6ae2fb6 Air_Cmd(Floating)
2021-11-14 20:45:42.078 1246-1355/? D/WindowManager: w is invisible : 8eb9f45 Air_Cmd(Launcher)
2021-11-14 20:45:42.078 1246-1355/? D/WindowManager: w is invisible : a089542 InputMethod
2021-11-14 20:45:42.078 1246-1355/? D/WindowManager: windowMattersToAccessibility, check : cd0a031 ScreenDecorOverlayBottom
2021-11-14 20:45:42.078 1246-1355/? D/WindowManager: windowMattersToAccessibility : cd0a031 ScreenDecorOverlayBottom
2021-11-14 20:45:42.078 1246-1355/? D/WindowManager: windowMattersToAccessibility, check : d3f5fdb ScreenDecorOverlay
2021-11-14 20:45:42.078 1246-1355/? D/WindowManager: windowMattersToAccessibility : d3f5fdb ScreenDecorOverlay
2021-11-14 20:45:42.078 1246-1355/? D/WindowManager: windowMattersToAccessibility, check : 7dba58d com.samsung.android.app.cocktailbarservice/com.samsung.android.app.cocktailbarservice.CocktailBarService
2021-11-14 20:45:42.078 1246-1355/? D/WindowManager: windowMattersToAccessibility, check : 625425d StatusBar
2021-11-14 20:45:42.085 791-2621/? I/vendor.qti.bluetooth@1.0-ibs_handler: ProcessIbsCmd: Received IBS_WAKE_IND: 0xFD
2021-11-14 20:45:42.085 791-2621/? D/vendor.qti.bluetooth@1.0-ibs_handler: SerialClockVote: vote for UART CLK ON
2021-11-14 20:45:42.085 791-2621/? D/vendor.qti.bluetooth@1.0-wake_lock: Acquire wakelock is acquired
2021-11-14 20:45:42.085 791-2621/? I/vendor.qti.bluetooth@1.0-ibs_handler: ProcessIbsCmd: Writing IBS_WAKE_ACK
2021-11-14 20:45:42.086 5308-5308/? I/Utils: isCurrentUser current = 0, ownerId = 0
2021-11-14 20:45:42.087 5308-5308/? I/TrayVisibilityController: getComputedTrayVisible : keyguardState = 2
2021-11-14 20:45:42.087 5308-5308/? I/TrayVisibilityController: updateTrayVisible: State=2 visible=1 mCurrentVisible=1 specificMode=0
2021-11-14 20:45:42.087 5308-5308/? I/TrayStateController: onNotifyUpdateTray: 0 to need to visible? true
2021-11-14 20:45:42.088 1837-1996/? D/BtGatt.GattService: onScanResult to scannerId: 4- eventType=0x10, addressType=0, address=5C:1, primaryPhy=1, secondaryPhy=0, advertisingSid=0xff, txPower=127, rssi=-70, periodicAdvInt=0x0
2021-11-14 20:45:42.103 1246-1627/? D/ConnectivityService: ConnectivityService NetworkRequestInfo binderDied(NetworkRequest [ LISTEN id=14720, [ Capabilities: INTERNET&NOT_RESTRICTED&TRUSTED&NOT_VPN&FOREGROUND Uid: 10320] ], android.os.BinderProxy@5a5d190)
2021-11-14 20:45:42.103 1837-1855/? D/LeAppInfo: removeLeacReportedServerApp, appName: Nalu.CP.Android
2021-11-14 20:45:42.103 868-996/? I/SurfaceFlinger: id=56820 Removed Nalu.CP.Android/crc6429e3927486beccbc.ActivityLogin$_2967#0 (78)
2021-11-14 20:45:42.104 1246-1680/? D/ConnectivityService: releasing NetworkRequest [ LISTEN id=14720, [ Capabilities: INTERNET&NOT_RESTRICTED&TRUSTED&NOT_VPN&FOREGROUND Uid: 10320] ] (release request)
2021-11-14 20:45:42.105 1246-1355/? W/ActivityManager: setHasOverlayUi called on unknown pid: 2967
2021-11-14 20:45:42.107 753-753/? I/Zygote: Process 2967 exited due to signal 9 (Killed)
2021-11-14 20:45:42.108 791-791/? I/vendor.qti.bluetooth@1.0-ibs_handler: DeviceWakeUp: Writing IBS_WAKE_IND
2021-11-14 20:45:42.108 791-2621/? I/vendor.qti.bluetooth@1.0-ibs_handler: ProcessIbsCmd: Received IBS_WAKE_ACK: 0xFC
2021-11-14 20:45:42.109 1246-1444/? D/PowerManagerService: [api] override the screen timeout by mNotificationLightScreenOverride
2021-11-14 20:45:42.110 1246-1444/? D/PowerManagerService: UserActivityState : 1 -> 4
2021-11-14 20:45:42.110 1246-1444/? D/PowerManagerService: set mNeedCheckAbuseWakelocks to true as mAbuseWakeLocks.size : 1
2021-11-14 20:45:42.110 1246-1444/? D/PowerManagerService: releaseAbuseWakelockLocked; size = 1
2021-11-14 20:45:42.110 1246-1444/? D/PowerManagerService: [api] override the screen timeout by mNotificationLightScreenOverride
2021-11-14 20:45:42.110 1246-1444/? I/PowerManagerService: Nap time (uid 1000)...
2021-11-14 20:45:42.110 1246-1444/? D/PowerManagerService: [api] override the screen timeout by mNotificationLightScreenOverride
2021-11-14 20:45:42.110 1246-1246/? W/UsageStatsService: Event reported without a package name, eventType:16
2021-11-14 20:45:42.110 868-868/? I/Layer: id=56820[1] Destroyed Nalu.CP.Android/crc6429e3927486beccbc.ActivityLogin$_2967#0
2021-11-14 20:45:42.111 1246-1444/? I/PowerManagerService: [PWL] On : 2216739295 (5002 ms ago)
2021-11-14 20:45:42.111 1246-1444/? I/PowerManagerService: [PWL] mStayOn: false mWakeLockSummary & WAKE_LOCK_STAY_AWAKE: 0 mUserActivitySummary: 0x4
2021-11-14 20:45:42.111 1246-1444/? D/PowerManagerService: handleSandman : startDreaming: false (canDreamLocked: false canDozeLocked: false)
2021-11-14 20:45:42.111 1246-1444/? I/PowerManagerService: !@Screen__Off - 468 : dream(timeout) (2)
2021-11-14 20:45:42.111 1246-1444/? I/PowerManagerService: Going to sleep due to timeout (uid 1000)...
2021-11-14 20:45:42.111 1246-1444/? D/InputManager-JNI: setInteractive(false)
2021-11-14 20:45:42.111 1246-1444/? D/PowerManagerService: [api] setNotiLightScreenTimeoutOverride: timeoutMillis: -1
2021-11-14 20:45:42.111 1246-1444/? D/PowerManagerService: mDisplayReady: false
2021-11-14 20:45:42.111 1246-1444/? D/PowerManagerService: Setting HAL interactive mode to false
2021-11-14 20:45:42.111 1246-1444/? I/PowerManagerService: [PWL] Off : 0s ago
2021-11-14 20:45:42.111 1246-1444/? I/PowerManagerService: [PWL] PowerManagerService.Display: ref count=1
2021-11-14 20:45:42.111 1246-1444/? I/PowerManagerService: [PWL] mUserActivitySummary : 0x4
2021-11-14 20:45:42.112 1246-1444/? I/PowerManagerService: [PWL] mDisplayReady : false
2021-11-14 20:45:42.112 1246-1444/? D/DisplayPowerController: animateScreenStateChange: target=1, targetInternal=1, dualScreenPolicy=-1
2021-11-14 20:45:42.112 868-1477/? I/SurfaceFlinger: id=56821 createSurf (1600x2560),2 flag=4, ColorFade#0
2021-11-14 20:45:42.114 833-3546/? I/Sec MiscPowerHAL: !@sysfs_write +: /sys/class/power_supply/battery/lcd: 0
2021-11-14 20:45:42.114 833-3546/? I/Sec MiscPowerHAL: !@sysfs_write -: /sys/class/power_supply/battery/lcd: 0
2021-11-14 20:45:42.114 833-3545/? I/Sec MiscPowerHAL: !@sysfs_write +: /sys/class/sec/sec_epen/input/enabled: 0
2021-11-14 20:45:42.114 833-3544/? I/Sec MiscPowerHAL: !@sysfs_write +: /sys/class/sec/tsp/input/enabled: 0
2021-11-14 20:45:42.114 1246-1378/? I/libprocessgroup: Successfully killed process cgroup uid 10320 pid 2967 in 140ms
2021-11-14 20:45:42.118 1246-1246/? D/InputMethodManagerService: IME window vis: 0 active: 0 inv: 0 displayId: 0
2021-11-14 20:45:42.118 1246-1246/? D/SamsungIMMSHWKeyboard: isConnectedDexOnPC false
2021-11-14 20:45:42.119 1000-1549/? I/CameraService: notifyMonitoredUids
2021-11-14 20:45:42.124 1246-1246/? D/InputMethodManagerService: isImeSwitcherDisabledPackage : false
2021-11-14 20:45:42.125 1246-1246/? I/WindowManager: Started going to sleep... (why=OFF_BECAUSE_OF_TIMEOUT)
2021-11-14 20:45:42.125 1246-1246/? I/MdnieScenarioControlService: action : com.samsung.server.PowerManagerService.action.USER_ACTIVITY
2021-11-14 20:45:42.126 1858-1930/? D/KeyguardViewMediator: onStartedGoingToSleep(3)
2021-11-14 20:45:42.130 1837-2420/? D/BtGatt.ContextMap: remove() - id: 10
2021-11-14 20:45:42.130 1837-2420/? E/BtGatt.ContextMap: remove() - removed: 10
2021-11-14 20:45:42.131 1858-1858/? D/StatusBar-Window: Bouncer LP changed!!! = 0x4000, height = 0
2021-11-14 20:45:42.132 1858-1858/? D/LockIcon: mCurrentState = 4, mLastState = 4, mLastDozing = false, mDozing = false, mLastPulsing = false, mPulsing = false, mLastBouncerVisible = false, mBouncerVisible = false, force = false
2021-11-14 20:45:42.132 1858-1858/? D/FaceWidgetContainer: handleStartedGoingToSleep()
2021-11-14 20:45:42.132 1858-1858/? D/FaceWidgetContainer: setCurrentPage() servicebox_clock 0
2021-11-14 20:45:42.132 1858-1858/? D/FaceWidgetViewPager: setCurrentItem() item = 0, mScrollState = 0, mLastPositionOffset = 0.0
2021-11-14 20:45:42.132 1858-1858/? D/FloatingShortcutView: updateEnableState() reason = 8, currentState = DisabledShortcutState, isFloatingShortcutEnabled=false, isSettingEnabled=false, isScreenOn=false, isMoreThanOneShortcutEnabled=true, isEmergencyModeDisabled=true, isUPSMDisabled=true, isNotBouncer=true, isKeyguardShowing=true, isDLSShortcutEnabled=true, isPluginDefaultViewMode=true, isFaceWidgetFullscreenModeDisabled=true
2021-11-14 20:45:42.132 1858-1858/? D/FloatingShortcutView: changeState() DisabledShortcutState reset
2021-11-14 20:45:42.133 1837-2422/? E/BtGatt.GattService: [GSIM LOG]: gsimLogHandler, msg: MESSAGE_SCAN_STOP, appName: Nalu.CP.Android, scannerId: 10, reportDelayMillis=0
2021-11-14 20:45:42.133 1837-2422/? E/LeAppInfo: updateScanStopInfo(), There is NO scan process with : Nalu.CP.Android| Normal| LowPower| Filter| true|
2021-11-14 20:45:42.135 1858-1858/? I/DymLock|DynamicLockManager: onStartedGoingToSleep() aodTransition[false]
2021-11-14 20:45:42.135 1858-1858/? I/DymLock|DynamicLockManager: notifyAction action[SCREEN_OFF] arg[false]
2021-11-14 20:45:42.135 1858-4283/? I/DymLock|NotifyActions: notifyActions() action[screen_off]
2021-11-14 20:45:42.135 1858-4283/? I/DymLock|SystemUiUseCase: call action[screen_off]
2021-11-14 20:45:42.136 1858-1858/? D/PanelView: setViewMode() newMode:0, oldMode:0
2021-11-14 20:45:42.136 1858-1858/? I/DymLock|BaseAnimator: setTouchIgnored() true
2021-11-14 20:45:42.136 1858-1858/? I/DymLock|DynamicLockContainer: onStartedGoingToSleep(): get lock screen data
2021-11-14 20:45:42.136 1858-1858/? I/DymLock|ActionBus: publish : b.c.a.a.f.a.b@76ffcaf
2021-11-14 20:45:42.136 1858-1858/? I/DymLock|ActionBus: invokeAnnotations: com.samsung.android.dynamiclock.plugin.stores.LockContainerStore@6c6f68c
2021-11-14 20:45:42.136 23832-23916/? I/DymLock|320336|DynamicLockProvider: call() action[screen_off]
2021-11-14 20:45:42.136 1858-1858/? I/DymLock|ActionBus: invokeAnnotations: com.samsung.android.dynamiclock.plugin.stores.WallpaperStore@e1dd1d5
2021-11-14 20:45:42.136 1858-1858/? I/DymLock|WallpaperStore: do action : switch_lock_wallpaper
2021-11-14 20:45:42.136 1858-1858/? I/DymLock|WallpaperStore: switchLockWallpaper, screen[0] switcher[0] action[1]
2021-11-14 20:45:42.136 1858-4285/? I/DymLock|SystemUiUseCase: call action[get_next_lock_wallpaper]
2021-11-14 20:45:42.136 1858-1858/? I/DymLock|ActionBus: invokeAnnotations: com.samsung.android.dynamiclock.plugin.stores.LockStarStore@85f6dea
2021-11-14 20:45:42.136 1858-1858/? D/KeyguardStatusBarView: onVisibilityUpdated() 0, 0
2021-11-14 20:45:42.136 23832-23850/? I/DymLock|320336|DynamicLockProvider: call() action[get_next_lock_wallpaper]
2021-11-14 20:45:42.136 1858-1858/? D/KeyguardUpdateMonitor: setUnlockingKeyguard( false -> false )
2021-11-14 20:45:42.136 1858-1858/? D/KeyguardFingerPrint: updateFingerprintListeningState#mFingerprintRunningState=0 shouldListenForFingerprint=false
2021-11-14 20:45:42.136 1858-1858/? D/KeyguardViewMediator: handleMessage what = 17
2021-11-14 20:45:42.136 1858-1858/? D/KeyguardViewMediator: handleNotifyStartedGoingToSleep
2021-11-14 20:45:42.136 1858-1858/? D/KeyguardWallpaperController: onStartedGoingToSleep:
2021-11-14 20:45:42.137 1858-1858/? D/KeyguardImageWallpaper: onCommand: [SLEEP_LOCK]
2021-11-14 20:45:42.137 1858-1858/? I/TiltColorController: onCommand: SLEEP_LOCK prevCommand:WAKE_LOCK
2021-11-14 20:45:42.137 1858-1930/? I/WallpaperService: Dispatch wallpaper command: 0, 0 action is SLEEP_LOCK
2021-11-14 20:45:42.137 1858-1858/? D/KeyguardWallpaperController: handleWallpaperCommand: SLEEP_LOCK
2021-11-14 20:45:42.137 1858-1858/? D/KeyguardSecIndicationPolicy: removeAll
2021-11-14 20:45:42.137 1858-1858/? D/KeyguardSecIndicationPolicy: update top pos = DEFAULT, item = [id=7528|ty=BATTERY|pr=40|txt=Fully charged|ti=duration=3000|an=false] -> [id=0|ty=EMPTY_LOW|pr=1|txt=|ti=duration=PERSISTENT|an=false]
2021-11-14 20:45:42.137 1858-1858/? D/KeyguardSecIndicationController: updateLockIconVisibility visible : false, isShowAnimation : false
2021-11-14 20:45:42.137 1858-1858/? I/FaceWidgetWindowManager: removeAllViews
2021-11-14 20:45:42.141 833-3544/? I/Sec MiscPowerHAL: !@sysfs_write -: /sys/class/sec/tsp/input/enabled: 0
2021-11-14 20:45:42.143 1246-1444/? D/DisplayPowerController: ColorFade: onAnimationStart
2021-11-14 20:45:42.143 1246-1444/? V/DisplayPowerController: Brightness [94] reason changing to: '0', previous reason: 'automatic'.
2021-11-14 20:45:42.144 23832-23850/? I/DymLock|320336|PreferenceDbDataSource: getInt() key[pref_dls_state] value[2]
2021-11-14 20:45:42.145 1858-4285/? I/DymLock|WallpaperStore: lockWallpaperChanged : screen[0] action[1] wallpaperChanged[false]
2021-11-14 20:45:42.145 1858-4285/? I/DymLock|WallpaperStore: lockWallpaperChanged : str is null
2021-11-14 20:45:42.150 868-868/? I/SurfaceFlinger: Display 19261213734341249 HWC layers: type | handle | flag | format | source crop (l,t,r,b) | frame | name ------------+--------------+------+-----------+----------------------------+---------------------+------ CLIENT | 0x755f1cf0b0 | 0000 | RGBA_8888 | 0.0 0.0 1600.0 2560.0 | 0 0 2560 1600 | ColorFade#0 DEVICE | 0x755f1cf190 | 0000 | RGBA_8888 | 0.0 0.0 2560.0 23.0 | 0 0 2560 23 | ScreenDecorOverlay$_1858#0 DEVICE | 0x755b24c9a0 | 0000 | RGBA_8888 | 0.0 0.0 2560.0 81.0 | 0 1519 2560 1600 | ScreenDecorOverlayBottom$_1858#0
2021-11-14 20:45:42.151 1246-2165/? V/WindowManager: Relayout Window{625425d u0 StatusBar}: viewVisibility=0 req=2560x1600
2021-11-14 20:45:42.157 1246-2165/? V/WindowManager: Relayout 1858: mAttrs={(0,0)(fillxfill) gr=TOP CENTER_VERTICAL sim={adjust=resize} layoutInDisplayCutoutMode=always ty=STATUS_BAR fmt=TRANSLUCENT or=SCREEN_ORIENTATION_USER if=DISABLE_USER_ACTIVITY userActivityTimeout=5000 fl=81860040 pfl=800400 vsysui=2010 dimAmount=0.0 screenDimDuration=0 naviIconColor=0 sfl=40000}, display=0
2021-11-14 20:45:42.159 1858-1858/? I/ViewRootImpl@8259c7c[StatusBar]: Relayout returned: old=(0,0,2560,1600) new=(0,0,2560,1600) req=(2560,1600)0 dur=11 res=0x1 s={true 486971928576} ch=false
2021-11-14 20:45:42.162 1246-1444/? D/DisplayPowerState: !@ ColorFade entry
2021-11-14 20:45:42.162 1246-1444/? D/PowerManagerService: [input device light] onColorFadeExit(false)
2021-11-14 20:45:42.162 1246-1444/? D/DisplayPowerController: ColorFade: onAnimationEnd
2021-11-14 20:45:42.166 1246-1444/? D/DisplayPowerController: animateScreenStateChange: target=1, targetInternal=1, dualScreenPolicy=-1
2021-11-14 20:45:42.166 1246-1444/? I/DisplayPowerController: Blocking screen off
2021-11-14 20:45:42.166 1246-1444/? D/DisplayPowerController: mWindowManagerPolicy.screenTurningOff()
2021-11-14 20:45:42.166 1246-1444/? V/KeyguardServiceDelegate: onScreenTurningOff()
2021-11-14 20:45:42.166 1246-1444/? I/DisplayPowerController: Unblocked screen off after 0 ms
2021-11-14 20:45:42.166 1858-1930/? D/KeyguardViewMediator: onScreenTurningOff
2021-11-14 20:45:42.166 1246-1444/? D/DisplayPowerController: mWindowManagerPolicy.screenTurnedOff()
2021-11-14 20:45:42.166 1246-1444/? I/WindowManager: Screen turned off...
2021-11-14 20:45:42.166 1246-1395/? D/BatteryExternalStatsWorker: update stats
2021-11-14 20:45:42.166 1246-1395/? D/BatteryExternalStatsWorker: WifiActivityEnergyInfo was updated
2021-11-14 20:45:42.166 1246-1395/? D/BatteryExternalStatsWorker: BluetoothActivityEnergyInfo was updated
2021-11-14 20:45:42.166 1246-1395/? D/BatteryExternalStatsWorker: ModemActivityEnergyInfo was updated
2021-11-14 20:45:42.166 1246-1355/? D/DisplayPowerController: [api] WindowManagerPolicy.ScreenOffListener : called onScreenOff()
2021-11-14 20:45:42.166 1246-1444/? V/KeyguardServiceDelegate: onScreenTurnedOff()
2021-11-14 20:45:42.166 1858-1930/? D/KeyguardViewMediator: onScreenTurnedOff
2021-11-14 20:45:42.167 829-829/? D/SehLight: lcd : 0 +
2021-11-14 20:45:42.168 791-2621/? I/vendor.qti.bluetooth@1.0-ibs_handler: ProcessIbsCmd: Received IBS_SLEEP_IND: 0xFE
2021-11-14 20:45:42.175 791-2621/? I/vendor.qti.bluetooth@1.0-ibs_handler: ProcessIbsCmd: Received IBS_WAKE_IND: 0xFD
2021-11-14 20:45:42.175 791-2621/? I/vendor.qti.bluetooth@1.0-ibs_handler: ProcessIbsCmd: Writing IBS_WAKE_ACK
2021-11-14 20:45:42.175 829-829/? D/SehLight: lcd : 0 -
2021-11-14 20:45:42.176 1246-2254/? I/GenerationRegistry: mBackingStore.isClosed() : false
2021-11-14 20:45:42.178 1837-1996/? D/BtGatt.GattService: onScanResult to scannerId: 4- eventType=0x10, addressType=0, address=5C:1, primaryPhy=1, secondaryPhy=0, advertisingSid=0xff, txPower=127, rssi=-70, periodicAdvInt=0x0
2021-11-14 20:45:42.179 1246-1246/? V/SettingsProvider: Notifying for 0: content://settings/global/hidden_api_policy_pre_p_apps
2021-11-14 20:45:42.187 804-3433/? I/sensors-hal: handle_sns_std_sensor_event:542, [0][77] A(3) [ 1.679,-0.687, 9.631] 3483442021309284
2021-11-14 20:45:42.199 1246-1395/? D/BatteryExternalStatsWorker: done updateExternalStatsLocked
2021-11-14 20:45:42.200 1246-1444/? D/SensorService: removeConnection, index : 0, size : 1
2021-11-14 20:45:42.200 1246-1444/? D/SensorService: # removeConnection, index : 0, size : 0
2021-11-14 20:45:42.200 1246-1444/? D/SensorService: Calling activate off 1600221811
2021-11-14 20:45:42.200 1246-1444/? D/SensorService: [SO] activate (ident=0x715556dc00, enabled=0)
2021-11-14 20:45:42.200 1246-1444/? D/SensorService: [SO] AR_init
2021-11-14 20:45:42.200 1246-1444/? D/SensorService: [SO] Reset Rotation oldrotation [100]
2021-11-14 20:45:42.200 804-879/? I/sensors-hal: activate:196, android.sensor.accelerometer/22 en=0
2021-11-14 20:45:42.201 804-879/? I/sensors-hal: deactivate:248, disconnect qmi to disable sensor
2021-11-14 20:45:42.201 804-879/? I/sensors-hal: activate:214, android.sensor.accelerometer/22 en=0 completed
2021-11-14 20:45:42.202 1246-1444/? D/SensorManager: unregisterListener ::
2021-11-14 20:45:42.202 1246-1444/? D/WindowManager: WindowOrientationListener.disable duration=36
2021-11-14 20:45:42.202 1246-2165/? V/WindowManager: Relayout Window{a036015 u0 Bouncer}: viewVisibility=4 req=2560x0
2021-11-14 20:45:42.205 1246-1444/? D/AutomaticBrightnessController: sendAmbientLux(-1.0)
2021-11-14 20:45:42.206 1246-1444/? D/PowerManagerUtil: fileWriteInt to /sys/class/lcd/panel/lux, -1
2021-11-14 20:45:42.207 1246-1444/? D/AutomaticBrightnessController: setLightSensorEnabled: false
2021-11-14 20:45:42.207 1246-2165/? V/WindowManager: Relayout 1858: mAttrs={(0,0)(fillx0) gr=TOP CENTER_VERTICAL sim={adjust=resize} layoutInDisplayCutoutMode=always ty=KEYGUARD_DIALOG fmt=TRANSLUCENT if=DISABLE_USER_ACTIVITY userActivityTimeout=5000 fl=85000548 vsysui=510 dimAmount=0.0 screenDimDuration=0 naviIconColor=0 sfl=40000}, display=0
2021-11-14 20:45:42.207 1246-1444/? D/SensorService: removeConnection, index : 0, size : 2
2021-11-14 20:45:42.207 1246-1444/? D/SensorService: # removeConnection, index : 0, size : 1
2021-11-14 20:45:42.207 1246-1444/? D/SensorService: Calling activate off 18
2021-11-14 20:45:42.208 804-804/? I/sensors-hal: batch:293, android.sensor.light/18, period=200000000, max_latency=0 request completed
2021-11-14 20:45:42.208 1858-1858/? I/ViewRootImpl@112db8b[Bouncer]: Relayout returned: old=(0,0,2560,0) new=(0,0,2560,0) req=(2560,0)4 dur=43 res=0x1 s={false 0} ch=false
2021-11-14 20:45:42.208 1858-1858/? D/SecVolume.SecVolumeStore: dispatch [ACTION_DISMISS_REQUESTED] with [STATE_NO_DISPATCH]
2021-11-14 20:45:42.208 1246-1444/? D/SensorManager: unregisterListener ::
2021-11-14 20:45:42.208 1246-1444/? D/DisplayPowerController: getFinalBrightness : Summary is 0 -> 0
2021-11-14 20:45:42.208 1246-1444/? D/DisplayPowerController: Animating brightness: target=0, rate=0 (PSM:, AB limit:(-1 ~ -1) MB Limit:(-1 ~ -1), sf=1.0
2021-11-14 20:45:42.209 1246-1444/? V/DisplayPowerController: Brightness [0] reason changing to: 'screen_off', previous reason: '0'.
2021-11-14 20:45:42.209 1246-1444/? D/DisplayPowerController: animateScreenStateChange: target=1, targetInternal=1, dualScreenPolicy=-1
2021-11-14 20:45:42.209 1246-1444/? D/DisplayPowerController: getFinalBrightness : Summary is 0 -> 0
2021-11-14 20:45:42.209 1246-1780/? D/DisplayManagerService: !@display_state internal: ON -> OFF
2021-11-14 20:45:42.209 1246-1444/? D/DisplayPowerController: Animating brightness: target=0, rate=0 (PSM:, AB limit:(-1 ~ -1) MB Limit:(-1 ~ -1), sf=1.0
2021-11-14 20:45:42.209 1246-1780/? D/LocalDisplayAdapter: !@ display_state: ON -> OFF (id:19261213734341249)
2021-11-14 20:45:42.210 1246-1355/? I/DisplayManagerService: Display device changed state: "Built-in Screen", OFF
2021-11-14 20:45:42.210 868-868/? D/SurfaceFlinger: Setting power mode 0 on display 19261213734341249
2021-11-14 20:45:42.210 799-799/? I/SDM: DisplayBase::SetDisplayState: Set state = 0, display 28-0, teardown = 0
2021-11-14 20:45:42.212 1858-1858/? V/SecVolume: {"mActionType":"ACTION_DISMISS_REQUESTED","mBool":{"FROM_OUTSIDE":true},"mDisabled":[],"mEnabled":[],"mImportant":[],"mInt":{},"mLong":{},"mString":{},"mUnImportant":[]}
2021-11-14 20:45:42.212 1858-1858/? D/SecVolume.SecVolumeStore: > New State : [STATE_NO_DISPATCH]
2021-11-14 20:45:42.212 1858-1858/? D/KeyguardViewMediator: handleMessage what = 16
2021-11-14 20:45:42.212 1858-1858/? D/KeyguardViewMediator: handleNotifyScreenTurnedOff
2021-11-14 20:45:42.214 1246-1584/? I/CAE: handleMessage(CaPowerManager.java:186) - AP_SLEEP
2021-11-14 20:45:42.214 1246-1584/? I/CAE: updateApPowerStatus(SensorHubParserProvider.java:447) - AP_SLEEP
2021-11-14 20:45:42.215 1246-1584/? I/CAE: sendCmdToSensorHub(SensorHubCommManager.java:158) - -76, 13, -46, 0,
2021-11-14 20:45:42.215 791-2621/? I/vendor.qti.bluetooth@1.0-ibs_handler: ProcessIbsCmd: Received IBS_SLEEP_IND: 0xFE
2021-11-14 20:45:42.215 1246-1585/? D/SensorService: setSContextDataLocked ints length 2 , byte length 4
2021-11-14 20:45:42.215 804-804/? I/sensors-hal: inject_sensor_data:375, handle 4 send inject
2021-11-14 20:45:42.215 804-804/? I/sensors-hal: sendContextData:275, sensor hal 4, (b4, 13, 210)
2021-11-14 20:45:42.215 804-804/? I/sensors-hal: sendContextData:218, activities 4 b4
2021-11-14 20:45:42.215 804-804/? I/sensors-hal: sendUserData:236, Activities is disabled 0
2021-11-14 20:45:42.215 804-804/? I/sensors-hal: sendContextData:91, common_info 4
2021-11-14 20:45:42.215 804-804/? I/sensors-hal: sendUserData:112, CommonInfo 0xb4 0xd 0xd2, 262168
2021-11-14 20:45:42.216 804-804/? I/sensors-hal: create_send_context_data:67, sending create_send_context_data
2021-11-14 20:45:42.216 804-804/? I/sensors-hal: send_context_data:450, common_info, 4914309147815575552, 1320970896291267344, msgid:700
2021-11-14 20:45:42.218 1246-1598/? D/LiftUpHandler: not support Lift up Sensor
2021-11-14 20:45:42.218 804-804/? I/sensors-hal: get:112, sucess wakelock get:sensor_ssc_worker/common_info
2021-11-14 20:45:42.218 804-1578/? I/sensors-hal: put:171, sucess release sensor_ssc_worker/common_info wakelock
2021-11-14 20:45:42.219 1246-1295/? I/GenerationRegistry: mBackingStore.isClosed() : false
2021-11-14 20:45:42.220 1858-1858/? D/FaceWidgetPlaybackStateMonitor_LOCK: updateSessions()
2021-11-14 20:45:42.220 1858-1858/? D/FaceWidgetPlaybackStateMonitor_LOCK: onActiveSessionsChanged() There is no active session pkg.
2021-11-14 20:45:42.220 1858-1858/? D/FaceWidgetPlaybackStateMonitor_LOCK: not null
2021-11-14 20:45:42.220 1858-1858/? D/FaceWidgetPlaybackStateMonitor_LOCK: updateController: no media controller
2021-11-14 20:45:42.220 1858-1858/? D/FaceWidgetMusicController_LOCK: onSessionEnabled() enabled = true, mEnabled = true, lastSession = , activeSession = null
2021-11-14 20:45:42.220 1246-1584/? I/CAE: sendCmdToSensorHub(SensorHubCommManager.java:158) - -63, 14, 4, 45, 42,
2021-11-14 20:45:42.221 1246-1246/? D/GameManagerService: onDisplayChanged. displyId: 0, state: 1
2021-11-14 20:45:42.221 1246-1585/? D/SensorService: setSContextDataLocked ints length 3 , byte length 5
2021-11-14 20:45:42.221 1246-1295/? D/LSOService: isConfigured(LOCKSCREEN_ANY_FEATURE) - false
2021-11-14 20:45:42.221 1858-1858/? D/StatusBar: makeExpandedVisible : mExpandedVisible = true, force = true, panelsEnabled = true
2021-11-14 20:45:42.221 1858-1858/? D/FloatingShortcutView: updateVisibility() visible = true, mStatusBarState = 1, mIsPanelVisible = true, mIsExpanded = false
2021-11-14 20:45:42.221 1246-1246/? V/SettingsProvider: Notifying for 0: content://settings/global/hidden_api_policy_p_apps
2021-11-14 20:45:42.221 804-804/? I/sensors-hal: inject_sensor_data:375, handle 4 send inject
2021-11-14 20:45:42.221 804-804/? I/sensors-hal: sendContextData:275, sensor hal 5, (c1, 14, 4)
2021-11-14 20:45:42.221 804-804/? I/sensors-hal: sendContextData:218, activities 5 c1
2021-11-14 20:45:42.221 804-804/? I/sensors-hal: sendUserData:236, Activities is disabled 0
2021-11-14 20:45:42.221 804-804/? I/sensors-hal: sendContextData:91, common_info 5
2021-11-14 20:45:42.221 804-804/? I/sensors-hal: sendUserData:114, CommonInfo 0xc1 0xe 0x4
2021-11-14 20:45:42.221 804-804/? I/sensors-hal: create_send_context_data:67, sending create_send_context_data
2021-11-14 20:45:42.221 804-804/? I/sensors-hal: send_context_data:450, common_info, 4914309147815575552, 1320970896291267344, msgid:700
2021-11-14 20:45:42.221 1246-1791/? D/GameManagerService: onLooperPrepared(), msg: { when=-1ms what=10006 target=com.samsung.android.game.GameManagerService$FgCheckThread$1 }
2021-11-14 20:45:42.221 1246-1791/? D/GameManagerService: sendPauseConditionally() - mPrevNotiPackage: com.sec.android.app.myfiles
2021-11-14 20:45:42.223 1858-1858/? D/StatusBar-Window: Bouncer LP changed!!! = 0x4000, height = 0
2021-11-14 20:45:42.223 804-804/? I/sensors-hal: get:112, sucess wakelock get:sensor_ssc_worker/common_info
2021-11-14 20:45:42.223 804-1578/? I/sensors-hal: put:171, sucess release sensor_ssc_worker/common_info wakelock
2021-11-14 20:45:42.223 1858-1858/? D/StatusBar: disable disable2
2021-11-14 20:45:42.224 1246-1584/? I/CAE: sendCmdToSensorHub(SensorHubCommManager.java:158) - -63, 71, 0, 0,
2021-11-14 20:45:42.224 1246-1585/? D/SensorService: setSContextDataLocked ints length 2 , byte length 4
2021-11-14 20:45:42.225 804-804/? I/sensors-hal: inject_sensor_data:375, handle 4 send inject
2021-11-14 20:45:42.225 804-804/? I/sensors-hal: sendContextData:275, sensor hal 4, (c1, 71, 0)
2021-11-14 20:45:42.225 804-804/? I/sensors-hal: sendContextData:218, activities 4 c1
2021-11-14 20:45:42.225 804-804/? I/sensors-hal: sendUserData:236, Activities is disabled 0
2021-11-14 20:45:42.225 804-804/? I/sensors-hal: sendContextData:91, common_info 4
2021-11-14 20:45:42.225 804-804/? I/sensors-hal: sendUserData:114, CommonInfo 0xc1 0x47 0x0
2021-11-14 20:45:42.225 804-804/? I/sensors-hal: create_send_context_data:67, sending create_send_context_data
2021-11-14 20:45:42.225 804-804/? I/sensors-hal: send_context_data:450, common_info, 4914309147815575552, 1320970896291267344, msgid:700
2021-11-14 20:45:42.226 804-804/? I/sensors-hal: get:112, sucess wakelock get:sensor_ssc_worker/common_info
2021-11-14 20:45:42.226 804-1578/? I/sensors-hal: put:171, sucess release sensor_ssc_worker/common_info wakelock
2021-11-14 20:45:42.226 1246-1584/? I/CAE: handleMessage(CaPowerManager.java:221) - SCREEN_OFF
2021-11-14 20:45:42.225 1858-1858/? D/StatusBar: disable disable2
2021-11-14 20:45:42.227 1858-1858/? D/KeyguardWallpaperController: mWallpaperView.reset()
2021-11-14 20:45:42.227 1858-1858/? D/SysUICoverService: onScreenTurnedOff()
2021-11-14 20:45:42.228 1858-1858/? V/NavBarStoreImpl: ------handleEvent [EventType] ON_UPDATE_REMOTEVIEW [Module] SecNavigationBarView KEYS_RIGHT_REMOTEVIEW_CONTAINER=android.widget.LinearLayout{2c77d1f I.E...... ......I. 2194,0-2475,108 #7f0a054c app:id/right_remoteview} KEYS_LEFT_REMOTEVIEW_CONTAINER=android.widget.LinearLayout{c09e86c V.E...... ......ID 85,0-366,108 #7f0a039a app:id/left_remoteview} KEYS_CONTEXTUALBUTTON_VISIBLE=false KEYS_NAVBAR_DARK_INTENSITY=1.0
2021-11-14 20:45:42.228 1858-1858/? V/NavBarStoreImpl: --------[Band]REMOTE_VIEW_PACK_SET_REMOTEVIEW_CONTAINER
2021-11-14 20:45:42.228 1858-1858/? V/NavBarStoreImpl: ----------apply(UPDATE_NAVBAR_REMOTEVIEW_CONTAINER)
2021-11-14 20:45:42.228 1858-1858/? V/NavBarStoreImpl: ----------apply(UPDATE_NAVBAR_RIGHT_REMOTEVIEW_VISIBILITY)
2021-11-14 20:45:42.229 1858-1858/? V/NavBarStoreImpl: ----------isEnabled(NAVBAR_REMOTEVIEW_DARKINTENSITY_CHANGED)=false
2021-11-14 20:45:42.229 1858-1858/? V/NavBarStoreImpl: ------handleEvent [EventType] GET_BOOL_NAVBAR_CAN_MOVE_STATE [Module] SecNavigationBarView
2021-11-14 20:45:42.229 1858-1858/? V/NavBarStoreImpl: --------[Band]GESTURE_PACK_GET_BOOL_NAVBAR_CAN_MOVE_NAVBARVIEW
2021-11-14 20:45:42.229 1858-1858/? V/NavBarStoreImpl: ----------apply(SET_CURRENT_NAVBAR_CAN_MOVE)
2021-11-14 20:45:42.229 1858-1858/? V/NavBarStoreImpl: ------getResult(GET_BOOL_NAVBAR_CAN_MOVE_STATE)=false
2021-11-14 20:45:42.230 1858-1858/? D/DisplayLifecycle: updateDisplay id = 0
2021-11-14 20:45:42.240 1246-2240/? V/WindowManager: Relayout Window{625425d u0 StatusBar}: viewVisibility=0 req=2560x1600
2021-11-14 20:45:42.244 1246-2240/? V/WindowManager: Relayout 1858: mAttrs={(0,0)(fillxfill) gr=TOP CENTER_VERTICAL sim={adjust=resize} layoutInDisplayCutoutMode=always ty=STATUS_BAR fmt=TRANSLUCENT or=SCREEN_ORIENTATION_USER if=DISABLE_USER_ACTIVITY userActivityTimeout=5000 fl=81860040 pfl=800400 vsysui=2010 dimAmount=0.0 screenDimDuration=0 naviIconColor=0 sfl=40000}, display=0
2021-11-14 20:45:42.246 1858-1858/? I/ViewRootImpl@8259c7c[StatusBar]: Relayout returned: old=(0,0,2560,1600) new=(0,0,2560,1600) req=(2560,1600)0 dur=6 res=0x1 s={true 486971928576} ch=false
2021-11-14 20:45:42.247 1246-2240/? V/WindowManager: Relayout Window{a036015 u0 Bouncer}: viewVisibility=4 req=2560x0
2021-11-14 20:45:42.250 1246-2240/? V/WindowManager: Relayout 1858: mAttrs={(0,0)(fillx0) gr=TOP CENTER_VERTICAL sim={adjust=resize} layoutInDisplayCutoutMode=always ty=KEYGUARD_DIALOG fmt=TRANSLUCENT if=DISABLE_USER_ACTIVITY userActivityTimeout=5000 fl=85000548 vsysui=510 dimAmount=0.0 screenDimDuration=0 naviIconColor=0 sfl=40000}, display=0
2021-11-14 20:45:42.251 1858-1858/? I/ViewRootImpl@112db8b[Bouncer]: Relayout returned: old=(0,0,2560,0) new=(0,0,2560,0) req=(2560,0)4 dur=5 res=0x1 s={false 0} ch=false
2021-11-14 20:45:42.251 1858-1858/? V/NavBarStoreImpl: handleEvent [EventType] GET_BOOL_NAVBAR_CAN_MOVE_STATE [Module] SecNavigationBarView
2021-11-14 20:45:42.251 1858-1858/? V/NavBarStoreImpl: --[Band]GESTURE_PACK_GET_BOOL_NAVBAR_CAN_MOVE_NAVBARVIEW
2021-11-14 20:45:42.251 1858-1858/? V/NavBarStoreImpl: ----apply(SET_CURRENT_NAVBAR_CAN_MOVE)
2021-11-14 20:45:42.251 1858-1858/? V/NavBarStoreImpl: getResult(GET_BOOL_NAVBAR_CAN_MOVE_STATE)=false
2021-11-14 20:45:42.253 1858-1858/? D/QSMiscContainer: MumAndDexHelper.needToBeVisible() result:false, hasMultiUsers?false, DeviceState.isDesktopMode?false, DesktopManager.isDesktopMode?false, IsDexEnablingOrEnabled:false, userSwitcherEnabled:false
2021-11-14 20:45:42.253 1858-1858/? D/QSMiscContainer: MumAndDexHelper.needToBeVisible() result:false, hasMultiUsers?false, DeviceState.isDesktopMode?false, DesktopManager.isDesktopMode?false, IsDexEnablingOrEnabled:false, userSwitcherEnabled:false
2021-11-14 20:45:42.253 1858-1858/? V/NavBarStoreImpl: handleEvent [EventType] ON_TINT_SAMPLING_ENABLE_CHANGED [Module] NavBarTintController KEYS_TINT_SAMPLING_ENABLED=false
2021-11-14 20:45:42.253 1858-1858/? V/NavBarStoreImpl: --[Band]COLOR_PACK_TINT_SAMPLING_ENABLE_CHANGED
2021-11-14 20:45:42.253 1858-1858/? V/NavBarStoreImpl: ----apply(REEVALUATE_NAVBAR_ICON)
2021-11-14 20:45:42.276 1246-2240/? I/GenerationRegistry: mBackingStore.isClosed() : false
2021-11-14 20:45:42.277 1246-1246/? V/SettingsProvider: Notifying for 0: content://settings/global/hidden_api_policy
2021-11-14 20:45:42.322 791-2621/? I/vendor.qti.bluetooth@1.0-ibs_handler: ProcessIbsCmd: Received IBS_WAKE_IND: 0xFD
2021-11-14 20:45:42.322 791-2621/? I/vendor.qti.bluetooth@1.0-ibs_handler: ProcessIbsCmd: Writing IBS_WAKE_ACK
2021-11-14 20:45:42.327 1837-1996/? D/BtGatt.GattService: onScanResult to scannerId: 4- eventType=0x10, addressType=0, address=5C:1, primaryPhy=1, secondaryPhy=0, advertisingSid=0xff, txPower=127, rssi=-71, periodicAdvInt=0x0
2021-11-14 20:45:42.339 1246-1857/? D/MdnieScenarioControlService: packageName : com.sec.android.app.launcher className : com.android.launcher3.Launcher
2021-11-14 20:45:42.340 1246-1857/? V/MdnieScenarioControlService: setUIMode from UI function(3)
2021-11-14 20:45:42.352 1858-1858/? D/KeyguardSecIndicationPolicy: remove Item pos = DEFAULT , id = 7528,
2021-11-14 20:45:42.353 868-868/? D/SurfaceFlinger: Finished setting power mode 0 on display 19261213734341249
2021-11-14 20:45:42.353 1246-1780/? D/SurfaceControl: Excessive delay in setPowerMode()
2021-11-14 20:45:42.353 1246-1780/? D/PowerManagerUtil: !@ display_state: OFF: took 144 ms
2021-11-14 20:45:42.354 1246-1780/? D/DisplayPowerController: setActualDisplayState: ON -> OFF
2021-11-14 20:45:42.354 1246-1444/? D/DisplayPowerController: animateScreenStateChange: target=1, targetInternal=1, dualScreenPolicy=-1
2021-11-14 20:45:42.354 1246-1444/? D/DisplayPowerController: getFinalBrightness : Summary is 0 -> 0
2021-11-14 20:45:42.355 1246-1444/? D/DisplayPowerController: Animating brightness: target=0, rate=0 (PSM:, AB limit:(-1 ~ -1) MB Limit:(-1 ~ -1), sf=1.0
2021-11-14 20:45:42.355 1246-1444/? D/DisplayPowerController: animateScreenStateChange: target=1, targetInternal=1, dualScreenPolicy=-1
2021-11-14 20:45:42.355 1246-1444/? D/DisplayPowerController: getFinalBrightness : Summary is 0 -> 0
2021-11-14 20:45:42.355 1246-1444/? D/DisplayPowerController: Animating brightness: target=0, rate=0 (PSM:, AB limit:(-1 ~ -1) MB Limit:(-1 ~ -1), sf=1.0
2021-11-14 20:45:42.355 1246-1444/? D/PowerManagerService: DisplayPowerCallbacks : onStateChanged()
2021-11-14 20:45:42.355 1246-1444/? D/PowerManagerService: mDisplayReady: true
2021-11-14 20:45:42.355 1246-1444/? W/PowerManagerService: postDelayed mDozingSuspendBlockerReleaser
2021-11-14 20:45:42.355 1246-1444/? D/PowerManagerService: [PWL] sb acquire: PowerManagerService.Dozing
2021-11-14 20:45:42.357 1246-1444/? D/PowerManagerService: [PWL] sb release: PowerManagerService.Display
2021-11-14 20:45:42.357 1246-1444/? D/PowerManagerService: handleSandman : startDreaming: true (canDreamLocked: false canDozeLocked: true)
2021-11-14 20:45:42.358 1246-1444/? D/PowerManagerService: handleSandman : startDream(true)
2021-11-14 20:45:42.358 868-868/? I/SurfaceFlinger: Display 19261213734341249 HWC layers: type | handle | flag | format | source crop (l,t,r,b) | frame | name ------------+--------------+------+-----------+----------------------------+---------------------+------
2021-11-14 20:45:42.358 1246-1444/? I/DreamManagerService: Entering dreamland.
2021-11-14 20:45:42.360 1246-1444/? I/PowerManagerService: Dozing...
2021-11-14 20:45:42.362 1246-1352/? I/DreamController: Starting dream: name=ComponentInfo{com.android.systemui/com.android.systemui.doze.DozeService}, isTest=false, canDoze=true, userId=0
2021-11-14 20:45:42.363 1246-1246/? D/InputMethodManagerService: IME window vis: 0 active: 0 inv: 0 displayId: 0
2021-11-14 20:45:42.363 1246-1246/? D/SamsungIMMSHWKeyboard: isConnectedDexOnPC false
2021-11-14 20:45:42.364 791-2621/? I/vendor.qti.bluetooth@1.0-ibs_handler: ProcessIbsCmd: Received IBS_SLEEP_IND: 0xFE
2021-11-14 20:45:42.364 1858-2304/? D/vol.VolumeDialogControl: onReceive ACTION_CLOSE_SYSTEM_DIALOGS
2021-11-14 20:45:42.365 1858-1858/? V/StatusBar: onReceive: Intent { act=android.intent.action.CLOSE_SYSTEM_DIALOGS flg=0x10 (has extras) }
2021-11-14 20:45:42.366 1858-1858/? D/SecVolume.SecVolumeStore: dispatch [ACTION_DISMISS_REQUESTED] with [STATE_NO_DISPATCH]
2021-11-14 20:45:42.366 1858-2183/? D/LocationControllerImpl: onReceive() = android.intent.action.CLOSE_SYSTEM_DIALOGS
2021-11-14 20:45:42.366 4453-4453/? V/AC:AirCommandMainController: mIntentReceiver : action = android.intent.action.CLOSE_SYSTEM_DIALOGS
2021-11-14 20:45:42.366 1858-2183/? D/LocationControllerImpl: onReceive() = android.intent.action.CLOSE_SYSTEM_DIALOGS
2021-11-14 20:45:42.373 1858-1858/? V/SecVolume: {"mActionType":"ACTION_DISMISS_REQUESTED","mBool":{"FROM_OUTSIDE":true},"mDisabled":[],"mEnabled":[],"mImportant":[],"mInt":{},"mLong":{},"mString":{},"mUnImportant":[]}
2021-11-14 20:45:42.375 868-1479/? I/SurfaceFlinger: id=56822 createSurf (0x0),-1 flag=80004, WindowToken{42d4784 android.os.Binder@95f0997}#0
2021-11-14 20:45:42.375 1858-1858/? D/SecVolume.SecVolumeStore: > New State : [STATE_NO_DISPATCH]
2021-11-14 20:45:42.375 1858-1858/? D/PopupUI.PopupUI: PopupUIReceiver.onReceive() action : android.intent.action.CLOSE_SYSTEM_DIALOGS
2021-11-14 20:45:42.380 1858-32480/? I/AODCommonSettingsUtils: addLogText
2021-11-14 20:45:42.382 1246-1246/? D/InputMethodManagerService: isImeSwitcherDisabledPackage : false
2021-11-14 20:45:42.391 1858-1858/? D/DozeService: onCreate:
2021-11-14 20:45:42.393 1858-1858/? V/KeyguardUpdateMonitor: *** register callback for com.android.systemui.doze.DozeUi$1@835539a
2021-11-14 20:45:42.393 1858-1858/? V/KeyguardUpdateMonitor: *** unregister callback for null
2021-11-14 20:45:42.398 4453-4453/? V/AC:AirCommandMainController: mIntentReceiver : action = android.intent.action.DREAMING_STARTED
2021-11-14 20:45:42.398 4453-4453/? I/AC:AirCommandMainController: dismissAll : imm=false
2021-11-14 20:45:42.398 4453-4453/? V/AC:FloatingIconController: hideFloatingButton.true.true
2021-11-14 20:45:42.398 4453-4453/? V/AC:FloatingIconAnimationController: play : 0xb
2021-11-14 20:45:42.398 5308-5308/? I/TraySpecificModeController: SpecificModeReceiver : action = android.intent.action.DREAMING_STARTED
2021-11-14 20:45:42.398 5308-5308/? I/TrayVisibilityController: onModeChanged : mode = 16
2021-11-14 20:45:42.399 5308-5308/? I/Utils: isCurrentUser current = 0, ownerId = 0
2021-11-14 20:45:42.399 1246-1444/? D/PowerManagerService: [api] DreamReceiver: onReceive: android.intent.action.DREAMING_STARTED
2021-11-14 20:45:42.400 1246-1246/? D/SamsungAlarmManager: setInexact Listener (T:2/F:8/AC:false) 20211114T215642 - CU:1000/CP:1246
2021-11-14 20:45:42.400 1246-1246/? I/SamsungAlarmManager: setLocked to kernel - T:2 / 20211114T204609, SetElapsed=3483469233, nowELAPSED=3483442301
2021-11-14 20:45:42.400 1858-2533/? D/KeyguardViewMediator: onDreamingStarted
2021-11-14 20:45:42.401 1246-1246/? I/SamsungAlarmManager: setLocked to kernel - T:3 / 20211114T204600, SetElapsed=3483459901, nowELAPSED=3483442302
2021-11-14 20:45:42.402 5308-5308/? I/TrayVisibilityController: updateTrayVisible: State=4099 visible=2 mCurrentVisible=1 specificMode=10000
2021-11-14 20:45:42.402 3669-3669/? I/AiAiCaptions: isCaptionsOn() can't find setting.
2021-11-14 20:45:42.402 1858-1858/? D/KeyguardUpdateMonitor: handleDreamingStateChanged() dreaming : false -> true, screen saver : false -> false
2021-11-14 20:45:42.403 1858-1858/? D/KeyguardFingerPrint: updateFingerprintListeningState#mFingerprintRunningState=0 shouldListenForFingerprint=false
2021-11-14 20:45:42.403 1858-1858/? D/DozeService: onDreamingStarted:
2021-11-14 20:45:42.405 5308-5308/? I/TrayStateController: putInputRect mDynamicInputRegion=51715501@LastEvent=t=1636951537565Rect(39, 0 - 67, 174),Rect=Rect(0, 0 - 0, 0)
2021-11-14 20:45:42.406 1246-2165/? W/CocktailBarStatePolicyController: updateWindowType: current window type is requested window type(1)
2021-11-14 20:45:42.409 1246-2165/? D/SamsungAlarmManager: setInexact Intent (T:3/F:0/AC:false) 20211114T210042 - CU:10041/CP:28734
2021-11-14 20:45:42.409 1858-1858/? D/KeyguardSideMargin: isLandscapetrue
2021-11-14 20:45:42.409 1246-2165/? I/SamsungAlarmManager: setLocked to kernel - T:2 / 20211114T204609, SetElapsed=3483469233, nowELAPSED=3483442310
2021-11-14 20:45:42.410 1246-2165/? I/SamsungAlarmManager: setLocked to kernel - T:3 / 20211114T204600, SetElapsed=3483459901, nowELAPSED=3483442311
2021-11-14 20:45:42.410 1858-1858/? D/KeyguardSideMargin: screenWidth2560
2021-11-14 20:45:42.410 1858-1858/? D/KeyguardSideMargin: screenHeight1600
2021-11-14 20:45:42.411 5308-5308/? I/TrayStateController: setUiState 2 : 0 --> 2
2021-11-14 20:45:42.412 1246-3563/? D/TspStateManagerInternal: update cmd=set_grip_data,0,0,0,0
2021-11-14 20:45:42.413 1858-1858/? D/KeyguardSideMargin: isLandscapetrue
2021-11-14 20:45:42.413 1858-1858/? D/KeyguardSideMargin: screenWidth2560
2021-11-14 20:45:42.413 1858-1858/? D/KeyguardSideMargin: screenHeight1600
2021-11-14 20:45:42.413 1858-1858/? D/SwipeAnimator: RESET false
2021-11-14 20:45:42.415 1858-1858/? D/StatusBar: updateQsExpansionEnabled - QS Expand enabled: false
2021-11-14 20:45:42.415 1858-2253/? I/KeyguardViewMediator: updateActivityLockScreenState true true
2021-11-14 20:45:42.416 1246-2165/? D/ActivityTaskManager: setLockScreenShown(true,true) is called from 1858
2021-11-14 20:45:42.419 1858-1858/? D/FaceWidgetContainer: setExpandState() isExpand = false, mLockscreenPageState = SMALL, notificationCount = 0, mNotificationCount = 0
2021-11-14 20:45:42.420 1246-2165/? V/WindowManager: Prepare app transition: transit=TRANSIT_NONE mNextAppTransition=TRANSIT_UNSET alwaysKeepCurrent=false displayId=0 Callers=com.android.server.wm.DisplayContent.prepareAppTransition:6356 com.android.server.wm.WindowManagerService.prepareAppTransition:2972 com.android.server.wm.KeyguardController.setKeyguardShown:188 com.android.server.wm.ActivityTaskManagerService.setLockScreenShown:4281 android.app.IActivityTaskManager$Stub.onTransact:3242
2021-11-14 20:45:42.420 1858-1858/? D/FaceWidgetContainer: setDozing true
2021-11-14 20:45:42.420 1246-2165/? W/WindowManager: Execute app transition: mNextAppTransition=TRANSIT_NONE, displayId: 0 Callers=com.android.server.wm.WindowManagerService.executeAppTransition:3024 com.android.server.wm.KeyguardController.setKeyguardShown:201 com.android.server.wm.ActivityTaskManagerService.setLockScreenShown:4281 android.app.IActivityTaskManager$Stub.onTransact:3242 android.os.Binder.execTransactInternal:1056
2021-11-14 20:45:42.421 1246-1355/? V/UsbDeviceManager: onKeyguardStateChanged: isShowing=true secure=false user=0
2021-11-14 20:45:42.422 1246-1352/? D/UsbDeviceManager: handleMessage -> MSG_UPDATE_SCREEN_LOCK: mScreenLocked=false
2021-11-14 20:45:42.422 1246-1355/? D/StorageManagerService: onKeyguardStateChanged = false
2021-11-14 20:45:42.422 1858-1858/? D/KeyguardSideMargin: isLandscapetrue
2021-11-14 20:45:42.422 1858-1858/? D/KeyguardSideMargin: screenWidth2560
2021-11-14 20:45:42.422 1858-1858/? D/KeyguardSideMargin: screenHeight1600
2021-11-14 20:45:42.422 1246-1610/? I/StorageManagerService: handleMessage :{ when=0 what=15 target=com.android.server.StorageManagerService$StorageManagerServiceHandler }
2021-11-14 20:45:42.422 1858-1858/? D/StatusBar: updateQsExpansionEnabled - QS Expand enabled: false
2021-11-14 20:45:42.422 1858-1858/? D/ScrimController: State changed to: AOD
2021-11-14 20:45:42.422 1246-1610/? D/StorageManagerService: handleMessage :: H_KEYGUARD_CHANGED = 0
2021-11-14 20:45:42.423 4453-4453/? V/AC:WindowController: setVisibility.4
2021-11-14 20:45:42.423 4453-4453/? I/AC:AirCommandMainController: dismissAll : floating icon hide finished
2021-11-14 20:45:42.423 4453-4453/? I/AC:AirCommandMainController: stopUi
2021-11-14 20:45:42.423 4453-4453/? D/AC:AirCommandMainController: finishHomeUi
2021-11-14 20:45:42.423 4453-4453/? I/AC:OneUiHomeController: onStop
2021-11-14 20:45:42.423 4453-4453/? V/AC:WindowController: detachWindow.true
2021-11-14 20:45:42.424 833-3545/? I/Sec MiscPowerHAL: !@sysfs_write -: /sys/class/sec/sec_epen/input/enabled: 0
2021-11-14 20:45:42.424 4453-4453/? D/AC:FloatingIconController: finishUi
2021-11-14 20:45:42.424 4453-4453/? V/AC:WindowController: detachWindow.true
2021-11-14 20:45:42.424 5308-5648/? D/OpenGLRenderer: makeCurrent EglSurface : 0x71dee52700 -> 0x0
2021-11-14 20:45:42.425 5308-5648/? D/OpenGLRenderer: destroyEglSurface : 0x71dee52700
2021-11-14 20:45:42.425 4453-4453/? D/AC:AirCommandMainController: stopServiceIfNeeded
2021-11-14 20:45:42.426 5308-5648/? D/OpenGLRenderer: ~ReliableSurface : 0x71d4b0ebc0
2021-11-14 20:45:42.427 4453-4453/? D/AC:AirCommandMainController: stopServiceIfNeeded : not service finish condition
2021-11-14 20:45:42.427 1858-1858/? D/StatusBar-Window: Bouncer LP changed!!! = 0x4000, height = 0
2021-11-14 20:45:42.428 1858-1858/? D/ScrimController: updateScrimColor main=0xffdadce0 front=0xff000000(1.000000) behind=0xff000000(0.000000) vis=2
2021-11-14 20:45:42.428 1858-1858/? D/LightBarController: onSystemUiVisibilityChanged fullVis=2000 mask=0 oldFullVal=2000 newFullVal=2000 fullDiff=0 mFullscreenLight=true isLight(Full)=true mLastStatusBarMode=4 newBarMode=4
2021-11-14 20:45:42.428 1858-1858/? D/LightBarController: onNavigationVisibilityChanged : vis = a018, nbModeChanged = true navigationBarMode = 4, navbarColorManagedByIme = false
2021-11-14 20:45:42.428 1858-1858/? V/NavBarStoreImpl: handleEvent [EventType] GET_BOOL_TINT_CONTROLLER_ENABLED [Module] LightBarController
2021-11-14 20:45:42.428 1858-1858/? V/NavBarStoreImpl: --[Band]COLOR_PACK_GET_TINT_SAMPLING_ENABLED
2021-11-14 20:45:42.428 1858-1858/? V/NavBarStoreImpl: ----apply(SET_TINT_SAMPLING_ENABLED)
2021-11-14 20:45:42.428 1858-1858/? V/NavBarStoreImpl: getResult(GET_BOOL_TINT_CONTROLLER_ENABLED)=false
2021-11-14 20:45:42.429 4453-4453/? I/ViewRootImpl@974665d[Air_Cmd(Launcher)]: dispatchDetachedFromWindow
2021-11-14 20:45:42.430 1246-1295/? V/WindowManager: Relayout Window{7dba58d u0 com.samsung.android.app.cocktailbarservice/com.samsung.android.app.cocktailbarservice.CocktailBarService}: viewVisibility=8 req=67x174
2021-11-14 20:45:42.430 1246-1295/? E/WindowManager: win=Window{7dba58d u0 com.samsung.android.app.cocktailbarservice/com.samsung.android.app.cocktailbarservice.CocktailBarService} destroySurfaces: appStopped=true win.mWindowRemovalAllowed=false win.mRemoveOnExit=false win.mViewVisibility=8 caller=com.android.server.wm.WindowManagerService.tryStartExitingAnimation:2797 com.android.server.wm.WindowManagerService.relayoutWindow:2530 com.android.server.wm.Session.relayout:202 android.view.IWindowSession$Stub.onTransact:716 com.android.server.wm.Session.onTransact:142 android.os.Binder.execTransactInternal:1056 android.os.Binder.execTransact:1029
2021-11-14 20:45:42.430 1246-1295/? I/WindowManager: Destroying surface Surface(name=com.samsung.android.app.cocktailbarservice/com.samsung.android.app.cocktailbarservice.CocktailBarService$_5308)/@0xc13948f called by com.android.server.wm.WindowStateAnimator.destroySurface:1825 com.android.server.wm.WindowStateAnimator.destroySurfaceLocked:724 com.android.server.wm.WindowState.destroySurfaceUnchecked:3642 com.android.server.wm.WindowState.destroySurface:3616 com.android.server.wm.WindowManagerService.tryStartExitingAnimation:2797 com.android.server.wm.WindowManagerService.relayoutWindow:2530 com.android.server.wm.Session.relayout:202 android.view.IWindowSession$Stub.onTransact:716
2021-11-14 20:45:42.430 868-1477/? I/Layer: id=56810 removeFromCurrentState com.samsung.android.app.cocktailbarservice/com.samsung.android.app.cocktailbarservice.CocktailBarService$_5308#0 (79)
2021-11-14 20:45:42.431 1858-1858/? D/StatusBar-Window: Bouncer LP changed!!! = 0x4000, height = 0
2021-11-14 20:45:42.431 1858-1858/? D/StatusBar: makeExpandedVisible : mExpandedVisible = true, force = true, panelsEnabled = true
2021-11-14 20:45:42.431 1858-1858/? D/FloatingShortcutView: updateVisibility() visible = true, mStatusBarState = 1, mIsPanelVisible = true, mIsExpanded = false
2021-11-14 20:45:42.433 1246-2240/? D/InputTransport: Input channel destroyed: '8eb9f45', fd=619
2021-11-14 20:45:42.433 1858-1858/? D/StatusBar-Window: Bouncer LP changed!!! = 0x4000, height = 0
2021-11-14 20:45:42.433 1858-1858/? D/StatusBar: disable disable2
2021-11-14 20:45:42.434 1858-1858/? D/StatusBar: disable disable2
2021-11-14 20:45:42.434 791-2621/? I/vendor.qti.bluetooth@1.0-ibs_handler: ProcessIbsCmd: Received IBS_WAKE_IND: 0xFD
2021-11-14 20:45:42.434 791-2621/? I/vendor.qti.bluetooth@1.0-ibs_handler: ProcessIbsCmd: Writing IBS_WAKE_ACK
2021-11-14 20:45:42.435 868-1477/? I/Layer: id=56809 removeFromCurrentState 8eb9f45 Air_Cmd(Launcher)#0 (79)
2021-11-14 20:45:42.435 868-1477/? I/Layer: id=56808 removeFromCurrentState WindowToken{b7ed3bc android.os.BinderProxy@cbac3af}#0 (79)
2021-11-14 20:45:42.435 1858-1858/? D/StatusBar: makeExpandedVisible : mExpandedVisible = true, force = true, panelsEnabled = true
2021-11-14 20:45:42.435 1858-1858/? D/FloatingShortcutView: updateVisibility() visible = true, mStatusBarState = 1, mIsPanelVisible = true, mIsExpanded = false
2021-11-14 20:45:42.436 868-1479/? I/SurfaceFlinger: id=56809 Removed 8eb9f45 Air_Cmd(Launcher)#0 (79)
2021-11-14 20:45:42.436 868-1479/? I/SurfaceFlinger: id=56808 Removed WindowToken{b7ed3bc android.os.BinderProxy@cbac3af}#0 (79)
2021-11-14 20:45:42.436 4453-4453/? D/InputTransport: Input channel destroyed: '8eb9f45', fd=63
