2021-11-14 20:45:37.417 1858-1858/? D/QSClock: status_bar_clock notifyTimeChanged(currentTime:8:45) mClockVisibleByPolicy:true, mClockVisibleByUser:true, visible?false, parent:android.widget.LinearLayout{13c95ff V.E...... ........ 0,0-0,54 #7f0a0397 app:id/left_clock_container}
2021-11-14 20:45:37.417 1858-1858/? D/QSClockBellTower: Everyone heard the bell. run(currentTime:1636951537417, getTime():Sun Nov 14 20:45:37 PST 2021, getTimeZone():libcore.util.ZoneInfo[id="America/Los_Angeles",mRawOffset=-28800000,mEarliestRawOffset=-28800000,mUseDst=true,mDstSavings=3600000,transitions=185])
2021-11-14 20:45:37.418 1246-1282/? I/system_server: Background concurrent copying GC freed 448629(22MB) AllocSpace objects, 76(1616KB) LOS objects, 25% free, 69MB/93MB, paused 134us total 205.043ms
2021-11-14 20:45:37.418 1858-1858/? D/KeyguardUpdateMonitor: handleDreamingStateChanged() dreaming : true -> false, screen saver : false -> false
2021-11-14 20:45:37.419 1858-1858/? D/KeyguardFingerPrint: updateFingerprintListeningState#mFingerprintRunningState=0 shouldListenForFingerprint=false
2021-11-14 20:45:37.419 1858-1858/? D/KeyguardUpdateMonitor: received broadcast android.intent.action.TIME_TICK
2021-11-14 20:45:37.419 1858-1858/? D/QSClockBellTower: He is ready to ring the bell. (((timeText:8:45, skipUpdateForDemo:false, dateText:Sun, November 14, shortenDateText = Sun, Nov 14)))
2021-11-14 20:45:37.419 1858-1858/? D/QSClock: status_bar_clock notifyTimeChanged(currentTime:8:45) mClockVisibleByPolicy:true, mClockVisibleByUser:true, visible?false, parent:android.widget.LinearLayout{13c95ff V.E...... ........ 0,0-0,54 #7f0a0397 app:id/left_clock_container}
2021-11-14 20:45:37.419 1858-1858/? D/QSClockBellTower: Everyone heard the bell. run(currentTime:1636951537419, getTime():Sun Nov 14 20:45:37 PST 2021, getTimeZone():libcore.util.ZoneInfo[id="America/Los_Angeles",mRawOffset=-28800000,mEarliestRawOffset=-28800000,mUseDst=true,mDstSavings=3600000,transitions=185])
2021-11-14 20:45:37.421 1858-1858/? D/DisplayLifecycle: updateDisplay id = 0
2021-11-14 20:45:37.423 1858-1858/? D/DozeService: onPluginDisconnected: PluginClockPack
2021-11-14 20:45:37.423 1858-1858/? D/DozeService: stopClockPack: mClockPackPlugin=null
2021-11-14 20:45:37.423 1858-1858/? I/PluginClockPackImpl: onDestroy()
2021-11-14 20:45:37.423 1858-1858/? D/ImageWallpaper: onAmbientModeChanged:false
2021-11-14 20:45:37.424 1246-3796/? D/SamsungAlarmManager: setExact Intent (T:3/F:1/AC:false) 20211114T204637 - CU:10041/CP:28734
2021-11-14 20:45:37.424 1246-3796/? I/SamsungAlarmManager: setLocked to kernel - T:2 / 20211114T204544, SetElapsed=3483444039, nowELAPSED=3483437325
2021-11-14 20:45:37.425 1858-1858/? D/StatusBar-Window: Bouncer LP changed!!! = 0x4000, height = 0
2021-11-14 20:45:37.426 1858-1858/? D/ScrimController: updateScrimColor main=0xffdadce0 front=0xff000000(0.000000) behind=0xff000000(0.000000) vis=0
2021-11-14 20:45:37.426 1858-1858/? D/QSContainerImpl: getDisplayHeight portrait? false displayHeight= 1600
2021-11-14 20:45:37.428 1246-1627/? V/WindowManager: Relayout Window{625425d u0 StatusBar}: viewVisibility=0 req=2560x1600
2021-11-14 20:45:37.429 1246-1584/? I/CAE: handleMessage(CaPowerManager.java:204) - AP_WAKEUP_Already_Delivered
2021-11-14 20:45:37.430 1246-1627/? V/WindowManager: Relayout 1858: mAttrs={(0,0)(fillxfill) gr=TOP CENTER_VERTICAL sim={adjust=resize} layoutInDisplayCutoutMode=always ty=STATUS_BAR fmt=TRANSLUCENT or=SCREEN_ORIENTATION_USER if=DISABLE_USER_ACTIVITY userActivityTimeout=5000 fl=81860040 pfl=800400 vsysui=2010 dimAmount=0.0 screenDimDuration=0 naviIconColor=0 sfl=40000}, display=0
2021-11-14 20:45:37.431 1858-1858/? I/ViewRootImpl@8259c7c[StatusBar]: Relayout returned: old=(0,0,2560,1600) new=(0,0,2560,1600) req=(2560,1600)0 dur=3 res=0x1 s={true 486971928576} ch=false
2021-11-14 20:45:37.434 1858-1858/? D/KeyguardSideMargin: isLandscapetrue
2021-11-14 20:45:37.434 1858-1858/? D/KeyguardSideMargin: screenWidth2560
2021-11-14 20:45:37.434 1858-1858/? D/KeyguardSideMargin: screenHeight1600
2021-11-14 20:45:37.435 1858-1858/? D/KeyguardSideMargin: isLandscapetrue
2021-11-14 20:45:37.435 1858-1858/? D/KeyguardSideMargin: screenWidth2560
2021-11-14 20:45:37.435 1858-1858/? D/KeyguardSideMargin: screenHeight1600
2021-11-14 20:45:37.438 1246-1246/? D/PowerManagerService: [api] override the screen timeout by mNotificationLightScreenOverride
2021-11-14 20:45:37.438 1858-2676/? I/OpenGLRenderer: doUpdatePositionAsync is called and callVoidMethod
2021-11-14 20:45:37.441 1246-1627/? V/WindowManager: Relayout Window{a036015 u0 Bouncer}: viewVisibility=4 req=2560x0
2021-11-14 20:45:37.443 1246-1627/? V/WindowManager: Relayout 1858: mAttrs={(0,0)(fillx0) gr=TOP CENTER_VERTICAL sim={adjust=resize} layoutInDisplayCutoutMode=always ty=KEYGUARD_DIALOG fmt=TRANSLUCENT if=DISABLE_USER_ACTIVITY userActivityTimeout=5000 fl=85000548 vsysui=510 dimAmount=0.0 screenDimDuration=0 naviIconColor=0 sfl=40000}, display=0
2021-11-14 20:45:37.444 1858-1858/? I/ViewRootImpl@112db8b[Bouncer]: Relayout returned: old=(0,0,2560,0) new=(0,0,2560,0) req=(2560,0)4 dur=3 res=0x1 s={false 0} ch=false
2021-11-14 20:45:37.444 1858-1858/? D/KeyguardUpdateMonitor: handleTimeUpdate
2021-11-14 20:45:37.444 1858-1858/? D/FaceWidgetPagesController: onTimeChanged()
2021-11-14 20:45:37.444 1858-1858/? D/FaceWidgetPagesController: refreshViews() reason = ON_TIME_TICK, force = false
2021-11-14 20:45:37.444 1858-1858/? D/KeyguardUpdateMonitor: handleTimeUpdate
2021-11-14 20:45:37.444 1858-1858/? D/FaceWidgetPagesController: onTimeChanged()
2021-11-14 20:45:37.444 1858-1858/? D/FaceWidgetPagesController: refreshViews() reason = ON_TIME_TICK, force = false
2021-11-14 20:45:37.449 1246-1246/? D/EdmStorageProvider: getCount(ClientCertificateManagerTable) - 1
2021-11-14 20:45:37.449 1246-1246/? D/ClientCertificateManager Service: Send message MSG_UPDATE_LOCK_STATUS
2021-11-14 20:45:37.450 1246-1246/? D/MotionRecognitionService: mReceiver.onReceive : ACTION_SCREEN_ON
2021-11-14 20:45:37.450 1246-1598/? D/PowerManagerService: [api] override the screen timeout by mNotificationLightScreenOverride
2021-11-14 20:45:37.451 1246-1598/? D/MotionRecognitionService: .isMotionEngineEnabled : true
2021-11-14 20:45:37.451 1246-1598/? E/MotionRecognitionService: handler : SCREEN_ON end
2021-11-14 20:45:37.451 1246-1598/? D/LiftUpHandler: already ended..
2021-11-14 20:45:37.452 1246-1246/? I/SemWifiApSmartBleScanner: Screen is ON, restarting scanning
2021-11-14 20:45:37.453 1246-2640/? D/BluetoothAdapter: STATE_ON
2021-11-14 20:45:37.453 1246-2640/? D/BluetoothLeScanner: Stop Scan with callback
2021-11-14 20:45:37.453 1246-1246/? D/WifiP2pService: GopsReceiver : received : android.intent.action.SCREEN_ON
2021-11-14 20:45:37.454 1837-1855/? D/BtGatt.ContextMap: remove() - id: 6
2021-11-14 20:45:37.454 1837-1855/? E/BtGatt.ContextMap: remove() - removed: 6
2021-11-14 20:45:37.454 1246-2640/? I/SemWifiApSmartBleScanner: Stopped scanning
2021-11-14 20:45:37.454 1246-1246/? D/WifiP2pService: GopsReceiver : received : android.intent.action.SCREEN_ON time : 1ms
2021-11-14 20:45:37.454 791-2621/? I/vendor.qti.bluetooth@1.0-ibs_handler: ProcessIbsCmd: Received IBS_WAKE_IND: 0xFD
2021-11-14 20:45:37.455 791-2621/? I/vendor.qti.bluetooth@1.0-ibs_handler: ProcessIbsCmd: Writing IBS_WAKE_ACK
2021-11-14 20:45:37.457 1837-2623/? W/bt_btm: btm_ble_disable_resolving_list() rl_state = 0x0, rl_mask = 0x2, to_resume = 1
2021-11-14 20:45:37.451 1246-1598/? D/PowerManagerService: [api] override the screen timeout by mNotificationLightScreenOverride
2021-11-14 20:45:37.457 1246-1246/? D/LightsService: [api] [SvcLED] turnOff:: id = 4 (uid: 1000 pid: 1246)
2021-11-14 20:45:37.457 1246-1246/? D/LightsService: [api] [SvcLED] LED indicator : Not supported.
2021-11-14 20:45:37.458 1246-1246/? D/SmartAlertController: ACTION_SCREEN_ON
2021-11-14 20:45:37.457 1837-2623/? W/bt_btm: btm_ble_disable_resolving_list() rl_state = 0x0, rl_mask = 0x2, to_resume = 1
2021-11-14 20:45:37.459 1837-2422/? E/BtGatt.GattService: [GSIM LOG]: gsimLogHandler, msg: MESSAGE_SCAN_STOP, appName: android.uid.system, scannerId: 6, reportDelayMillis=0
2021-11-14 20:45:37.460 789-1657/? D/audio_hw_primary: adev_set_parameters: enter: screen_state=on
2021-11-14 20:45:37.460 789-1657/? V/voice: voice_set_parameters: enter: screen_state=on
2021-11-14 20:45:37.460 789-1657/? V/sm8150_platform: platform_set_parameters: enter: screen_state=on
2021-11-14 20:45:37.460 789-1657/? D/audio_hw_hfp: hfp_set_parameters: enter
2021-11-14 20:45:37.460 789-1657/? V/audio_hw_sec: factory_set_parameters: enter: screen_state=on
2021-11-14 20:45:37.460 789-1657/? D/audio_hw_hfp: hfp_set_parameters: enter
2021-11-14 20:45:37.460 789-1657/? D/audio_hw_extn: audio_extn_fm_set_parameters: Enter
2021-11-14 20:45:37.460 789-1657/? D/audio_hw_hfp: hfp_set_parameters: enter
2021-11-14 20:45:37.461 1246-1246/? W/AlarmManager: Unrecognized alarm listener com.android.server.job.controllers.idle.-$$Lambda$DeviceIdlenessTracker$-H1-ZwZAJ-vh10A0PeYXaZLj_R0@f3fb196
2021-11-14 20:45:37.463 1246-1246/? D/UniversalCredentialManagerService: inside mBReciever onReceive : android.intent.action.SCREEN_ON
2021-11-14 20:45:37.464 1246-1246/? D/UniversalCredentialManagerService: ****MSG_LOCK_STATUS_UPDATE block started****
2021-11-14 20:45:37.464 1246-1246/? D/UniversalCredentialManagerService: notifyChangeToPlugin is called for Lock status update...
2021-11-14 20:45:37.464 1246-1246/? D/UcmService: notifyChangeToPlugin event 15
2021-11-14 20:45:37.464 1246-1246/? D/UcmService: checkCallerPermissionFor is called for method-notifyChangeToPlugin
2021-11-14 20:45:37.464 1246-1246/? D/UniversalCredentialManagerService: ****MSG_LOCK_STATUS_UPDATE block ended****
2021-11-14 20:45:37.464 3734-4088/? D/SDHMS:v: Polling event handleUpdatedDeltaLocked will starts.
2021-11-14 20:45:37.464 3734-4088/? D/SDHMS:com.sec.android.sdhms.power.v: handleUpdatedDeltaLocked :
2021-11-14 20:31:41.771 ~
2021-11-14 20:45:37.464 reason=POLLING
2021-11-14 20:45:37.464 3734-4088/? D/SDHMS:com.sec.android.sdhms.power.v: refreshStats!! devInfo=power = 0.0, screenPower = 0.0, idlePower = 0.0, percent = 0, screenOnTime = 0, screenOffTime = 0, uptime = 0, screenOffUptime = 0, AOD = 0, powerSave = 0, wakelock time = 0 appInfo size=0
2021-11-14 20:45:37.464 3734-4088/? D/SDHMS:com.sec.android.sdhms.power.v: Polling event handleUpdatedDeltaLocked finished.
2021-11-14 20:45:37.465 1246-1680/? D/ConnectivityService: updateCapabilities: oldCap = [ Transports: WIFI Capabilities: NOT_METERED&INTERNET&NOT_RESTRICTED&TRUSTED&NOT_VPN&VALIDATED&NOT_ROAMING&FOREGROUND&NOT_CONGESTED&NOT_SUSPENDED LinkUpBandwidth>=1048576Kbps LinkDnBandwidth>=1048576Kbps Specifier: SignalStrength: -74 SSID: "NETGEAR17"], newCap = [ Transports: WIFI Capabilities: NOT_METERED&INTERNET&NOT_RESTRICTED&TRUSTED&NOT_VPN&NOT_ROAMING&NOT_CONGESTED LinkUpBandwidth>=1048576Kbps LinkDnBandwidth>=1048576Kbps Specifier: SignalStrength: -71 SSID: "NETGEAR17"]
2021-11-14 20:45:37.465 1246-1680/? D/ConnectivityService: notifyType CALLBACK_CAP_CHANGED for NetworkAgentInfo [WIFI () - 615]
2021-11-14 20:45:37.465 1246-1680/? D/ConnectivityService: sending notification for NetworkRequest [ REQUEST id=1, [ Capabilities: INTERNET&NOT_RESTRICTED&TRUSTED&NOT_VPN] ]
2021-11-14 20:45:37.465 1246-1680/? D/ConnectivityService: sending notification for NetworkRequest [ LISTEN id=4, [ Capabilities: FOREGROUND] ]
2021-11-14 20:45:37.465 1246-1680/? D/ConnectivityService: sending notification CALLBACK_CAP_CHANGED for NetworkRequest [ LISTEN id=4, [ Capabilities: FOREGROUND] ]
2021-11-14 20:45:37.465 1246-1680/? D/ConnectivityService: sending notification for NetworkRequest [ LISTEN id=5, [ Capabilities: NOT_RESTRICTED&TRUSTED&NOT_VPN&FOREGROUND Uid: 1000] ]
2021-11-14 20:45:37.465 1246-1680/? D/ConnectivityService: sending notification CALLBACK_CAP_CHANGED for NetworkRequest [ LISTEN id=5, [ Capabilities: NOT_RESTRICTED&TRUSTED&NOT_VPN&FOREGROUND Uid: 1000] ]
2021-11-14 20:45:37.465 1246-1680/? D/ConnectivityService: sending notification for NetworkRequest [ LISTEN id=6, [ Transports: WIFI Capabilities: NOT_RESTRICTED&TRUSTED&NOT_VPN&FOREGROUND Uid: 1000] ]
2021-11-14 20:45:37.465 1246-1680/? D/ConnectivityService: sending notification CALLBACK_CAP_CHANGED for NetworkRequest [ LISTEN id=6, [ Transports: WIFI Capabilities: NOT_RESTRICTED&TRUSTED&NOT_VPN&FOREGROUND Uid: 1000] ]
2021-11-14 20:45:37.465 1246-1680/? D/ConnectivityService: sending notification for NetworkRequest [ LISTEN id=7, [ Capabilities: NOT_RESTRICTED&TRUSTED&NOT_VPN&FOREGROUND Uid: 1000] ]
2021-11-14 20:45:37.465 1246-1680/? D/ConnectivityService: sending notification CALLBACK_CAP_CHANGED for NetworkRequest [ LISTEN id=7, [ Capabilities: NOT_RESTRICTED&TRUSTED&NOT_VPN&FOREGROUND Uid: 1000] ]
2021-11-14 20:45:37.466 1246-1680/? D/ConnectivityService: sending notification for NetworkRequest [ REQUEST id=8, [ Capabilities: INTERNET&NOT_RESTRICTED&TRUSTED&NOT_VPN] ]
2021-11-14 20:45:37.466 1246-1680/? D/ConnectivityService: sending notification CALLBACK_CAP_CHANGED for NetworkRequest [ REQUEST id=8, [ Capabilities: INTERNET&NOT_RESTRICTED&TRUSTED&NOT_VPN] ]
2021-11-14 20:45:37.466 1246-1680/? D/ConnectivityService: sending notification for NetworkRequest [ LISTEN id=11, [ Transports: WIFI Capabilities: INTERNET&NOT_RESTRICTED&TRUSTED&NOT_VPN] ]
2021-11-14 20:45:37.466 1246-1680/? D/ConnectivityService: sending notification CALLBACK_CAP_CHANGED for NetworkRequest [ LISTEN id=11, [ Transports: WIFI Capabilities: INTERNET&NOT_RESTRICTED&TRUSTED&NOT_VPN] ]
2021-11-14 20:45:37.466 1246-1680/? D/ConnectivityService: sending notification for NetworkRequest [ LISTEN id=12, [ Capabilities: INTERNET&NOT_RESTRICTED&TRUSTED&VALIDATED Uid: 1000] ]
2021-11-14 20:45:37.466 1246-1680/? D/ConnectivityService: sending notification CALLBACK_CAP_CHANGED for NetworkRequest [ LISTEN id=12, [ Capabilities: INTERNET&NOT_RESTRICTED&TRUSTED&VALIDATED Uid: 1000] ]
2021-11-14 20:45:37.466 1246-1680/? D/ConnectivityService: sending notification for NetworkRequest [ TRACK_DEFAULT id=13, [ Capabilities: INTERNET&NOT_RESTRICTED&TRUSTED Uid: 1000] ]
2021-11-14 20:45:37.466 1246-1680/? D/ConnectivityService: sending notification CALLBACK_CAP_CHANGED for NetworkRequest [ TRACK_DEFAULT id=13, [ Capabilities: INTERNET&NOT_RESTRICTED&TRUSTED Uid: 1000] ]
2021-11-14 20:45:37.466 1246-1680/? D/ConnectivityService: sending notification for NetworkRequest [ TRACK_DEFAULT id=14, [ Capabilities: INTERNET&NOT_RESTRICTED&TRUSTED Uid: 1000] ]
2021-11-14 20:45:37.466 1246-1680/? D/ConnectivityService: sending notification CALLBACK_CAP_CHANGED for NetworkRequest [ TRACK_DEFAULT id=14, [ Capabilities: INTERNET&NOT_RESTRICTED&TRUSTED Uid: 1000] ]
2021-11-14 20:45:37.466 1246-1680/? D/ConnectivityService: sending notification for NetworkRequest [ LISTEN id=15, [ Transports: WIFI Capabilities: NOT_RESTRICTED&TRUSTED&NOT_VPN Uid: 1000] ]
2021-11-14 20:45:37.466 1246-1680/? D/ConnectivityService: sending notification CALLBACK_CAP_CHANGED for NetworkRequest [ LISTEN id=15, [ Transports: WIFI Capabilities: NOT_RESTRICTED&TRUSTED&NOT_VPN Uid: 1000] ]
2021-11-14 20:45:37.467 1246-1246/? V/WifiAwareStateManager: BroadcastReceiver: action=android.intent.action.SCREEN_ON
2021-11-14 20:45:37.467 1246-1776/? D/WifiAwareStateManager: handleMessage: E msg.what=1
2021-11-14 20:45:37.467 1246-1776/? D/WifiAwareStateManager: processMsg: WaitState
2021-11-14 20:45:37.467 1246-1776/? V/WifiAwareStateManager: WaitState{ when=0 what=1 arg1=120 target=com.android.internal.util.StateMachine$SmHandler }
2021-11-14 20:45:37.467 1246-1776/? V/WifiAwareStateManager: processCommand: msg={ when=0 what=1 arg1=120 target=com.android.internal.util.StateMachine$SmHandler }
2021-11-14 20:45:37.467 1246-1776/? V/WifiAwareStateManager: reconfigureLocal(): transactionId=1224
2021-11-14 20:45:37.467 1246-1776/? D/WifiAwareStateManager: handleMessage: X
2021-11-14 20:45:37.470 1246-1758/? I/ClientCertificateManager Service: handleMessage : 1
2021-11-14 20:45:37.470 1246-1758/? D/ClientCertificateManager Service: Initialize mInternalHandler MSG_UPDATE_LOCK_STATUS
2021-11-14 20:45:37.470 1246-1758/? I/ClientCertificateManager Service: ClientCertificateManager.isPremiumContainer() : false for user : 0
2021-11-14 20:45:37.472 1921-1921/? E/wpa_sslib: Unknown driver command received: SETSUSPENDMODE 0
2021-11-14 20:45:37.473 1246-1627/? D/SamsungAlarmManager: setInexact Intent (T:3/F:8/AC:false) 20211114T205537 - CU:1000/CP:3734
2021-11-14 20:45:37.473 1246-1627/? I/SamsungAlarmManager: setLocked to kernel - T:2 / 20211114T204544, SetElapsed=3483444039, nowELAPSED=3483437374
2021-11-14 20:45:37.473 1246-1680/? D/ConnectivityService: sending notification for NetworkRequest [ LISTEN id=16, [ Capabilities: NOT_RESTRICTED&TRUSTED&NOT_VPN&VALIDATED Uid: 1001] ]
2021-11-14 20:45:37.473 1246-1680/? D/ConnectivityService: sending notification CALLBACK_CAP_CHANGED for NetworkRequest [ LISTEN id=16, [ Capabilities: NOT_RESTRICTED&TRUSTED&NOT_VPN&VALIDATED Uid: 1001] ]
2021-11-14 20:45:37.473 1858-1858/? D/KeyguardUpdateMonitor: updateCarrierTextInfo
2021-11-14 20:45:37.473 1246-1680/? D/ConnectivityService: sending notification for NetworkRequest [ LISTEN id=17, [ Transports: WIFI Capabilities: INTERNET&TRUSTED&NOT_VPN Uid: 1001] ]
2021-11-14 20:45:37.473 1246-1680/? D/ConnectivityService: sending notification CALLBACK_CAP_CHANGED for NetworkRequest [ LISTEN id=17, [ Transports: WIFI Capabilities: INTERNET&TRUSTED&NOT_VPN Uid: 1001] ]
2021-11-14 20:45:37.473 1858-1858/? D/FaceWidgetPagesController: onRefreshCarrierInfo()
2021-11-14 20:45:37.473 1246-1680/? D/ConnectivityService: sending notification for NetworkRequest [ LISTEN id=18, [ Transports: WIFI Capabilities: INTERNET&NOT_RESTRICTED&TRUSTED&NOT_VPN Uid: 1000] ]
2021-11-14 20:45:37.473 1246-1680/? D/ConnectivityService: sending notification CALLBACK_CAP_CHANGED for NetworkRequest [ LISTEN id=18, [ Transports: WIFI Capabilities: INTERNET&NOT_RESTRICTED&TRUSTED&NOT_VPN Uid: 1000] ]
2021-11-14 20:45:37.474 1246-1680/? D/ConnectivityService: sending notification for NetworkRequest [ LISTEN id=19, [ Transports: WIFI Capabilities: NOT_VPN] ]
2021-11-14 20:45:37.474 1246-1680/? D/ConnectivityService: sending notification CALLBACK_CAP_CHANGED for NetworkRequest [ LISTEN id=19, [ Transports: WIFI Capabilities: NOT_VPN] ]
2021-11-14 20:45:37.475 1246-1680/? D/ConnectivityService: sending notification for NetworkRequest [ TRACK_DEFAULT id=20, [ Capabilities: INTERNET&NOT_RESTRICTED&TRUSTED Uid: 10020] ]
2021-11-14 20:45:37.475 1246-1680/? D/ConnectivityService: sending notification CALLBACK_CAP_CHANGED for NetworkRequest [ TRACK_DEFAULT id=20, [ Capabilities: INTERNET&NOT_RESTRICTED&TRUSTED Uid: 10020] ]
2021-11-14 20:45:37.475 1246-1680/? D/ConnectivityService: sending notification for NetworkRequest [ LISTEN id=22, [ Transports: WIFI Capabilities: INTERNET&NOT_RESTRICTED&TRUSTED&NOT_VPN Uid: 1000] ]
2021-11-14 20:45:37.475 1246-1680/? D/ConnectivityService: sending notification CALLBACK_CAP_CHANGED for NetworkRequest [ LISTEN id=22, [ Transports: WIFI Capabilities: INTERNET&NOT_RESTRICTED&TRUSTED&NOT_VPN Uid: 1000] ]
2021-11-14 20:45:37.475 1246-1680/? D/ConnectivityService: sending notification for NetworkRequest [ TRACK_DEFAULT id=23, [ Capabilities: INTERNET&NOT_RESTRICTED&TRUSTED Uid: 1000] ]
2021-11-14 20:45:37.475 1246-1680/? D/ConnectivityService: sending notification CALLBACK_CAP_CHANGED for NetworkRequest [ TRACK_DEFAULT id=23, [ Capabilities: INTERNET&NOT_RESTRICTED&TRUSTED Uid: 1000] ]
2021-11-14 20:45:37.475 1246-1680/? D/ConnectivityService: sending notification for NetworkRequest [ LISTEN id=24, [] ]
2021-11-14 20:45:37.475 1246-1680/? D/ConnectivityService: sending notification CALLBACK_CAP_CHANGED for NetworkRequest [ LISTEN id=24, [] ]
2021-11-14 20:45:37.475 1246-1680/? D/ConnectivityService: sending notification for NetworkRequest [ LISTEN id=55, [ Transports: WIFI Capabilities: NOT_RESTRICTED&TRUSTED&NOT_VPN&FOREGROUND Uid: 5013] ]
2021-11-14 20:45:37.475 1246-1680/? D/ConnectivityService: sending notification CALLBACK_CAP_CHANGED for NetworkRequest [ LISTEN id=55, [ Transports: WIFI Capabilities: NOT_RESTRICTED&TRUSTED&NOT_VPN&FOREGROUND Uid: 5013] ]
2021-11-14 20:45:37.475 1858-1858/? D/FaceWidgetClockPage_Full: isNetworkRoamingState id=-1
2021-11-14 20:45:37.475 1858-1858/? D/FaceWidgetClockPage_Full: isNetworkRoamingState false
2021-11-14 20:45:37.475 1858-1858/? D/FaceWidgetClockPage_Full: onRefreshCarrierInfo(pre, now): false, false
2021-11-14 20:45:37.475 1246-1680/? D/ConnectivityService: sending notification for NetworkRequest [ TRACK_DEFAULT id=11533, [ Capabilities: INTERNET&NOT_RESTRICTED&TRUSTED Uid: 10041] ]
2021-11-14 20:45:37.475 1246-1680/? D/ConnectivityService: sending notification CALLBACK_CAP_CHANGED for NetworkRequest [ TRACK_DEFAULT id=11533, [ Capabilities: INTERNET&NOT_RESTRICTED&TRUSTED Uid: 10041] ]
2021-11-14 20:45:37.475 1246-1680/? D/ConnectivityService: sending notification for NetworkRequest [ LISTEN id=11534, [ Capabilities: INTERNET&NOT_RESTRICTED&TRUSTED Uid: 10041] ]
2021-11-14 20:45:37.476 1246-1680/? D/ConnectivityService: sending notification CALLBACK_CAP_CHANGED for NetworkRequest [ LISTEN id=11534, [ Capabilities: INTERNET&NOT_RESTRICTED&TRUSTED Uid: 10041] ]
2021-11-14 20:45:37.476 1246-1680/? D/ConnectivityService: sending notification for NetworkRequest [ LISTEN id=11535, [ Capabilities: NOT_RESTRICTED Uid: 10041] ]
2021-11-14 20:45:37.476 1246-1680/? D/ConnectivityService: sending notification CALLBACK_CAP_CHANGED for NetworkRequest [ LISTEN id=11535, [ Capabilities: NOT_RESTRICTED Uid: 10041] ]
2021-11-14 20:45:37.476 1246-1680/? D/ConnectivityService: sending notification for NetworkRequest [ LISTEN id=14111, [ Transports: WIFI Capabilities: NOT_RESTRICTED&TRUSTED&NOT_VPN Uid: 1000] ]
2021-11-14 20:45:37.476 1246-1680/? D/ConnectivityService: sending notification CALLBACK_CAP_CHANGED for NetworkRequest [ LISTEN id=14111, [ Transports: WIFI Capabilities: NOT_RESTRICTED&TRUSTED&NOT_VPN Uid: 1000] ]
2021-11-14 20:45:37.476 1246-1680/? D/ConnectivityService: sending notification for NetworkRequest [ REQUEST id=14112, [ Transports: WIFI Capabilities: NOT_RESTRICTED&TRUSTED&NOT_VPN Uid: 1000] ]
2021-11-14 20:45:37.476 1246-1680/? D/ConnectivityService: sending notification CALLBACK_CAP_CHANGED for NetworkRequest [ REQUEST id=14112, [ Transports: WIFI Capabilities: NOT_RESTRICTED&TRUSTED&NOT_VPN Uid: 1000] ]
2021-11-14 20:45:37.476 1246-1680/? D/ConnectivityService: sending notification for NetworkRequest [ TRACK_DEFAULT id=14114, [ Capabilities: INTERNET&NOT_RESTRICTED&TRUSTED Uid: 1000] ]
2021-11-14 20:45:37.476 1246-1680/? D/ConnectivityService: sending notification CALLBACK_CAP_CHANGED for NetworkRequest [ TRACK_DEFAULT id=14114, [ Capabilities: INTERNET&NOT_RESTRICTED&TRUSTED Uid: 1000] ]
2021-11-14 20:45:37.476 1246-1680/? D/ConnectivityService: sending notification for NetworkRequest [ LISTEN id=14487, [ Transports: WIFI Capabilities: NOT_RESTRICTED&TRUSTED&NOT_VPN Uid: 10041] ]
2021-11-14 20:45:37.476 1246-1680/? D/ConnectivityService: sending notification CALLBACK_CAP_CHANGED for NetworkRequest [ LISTEN id=14487, [ Transports: WIFI Capabilities: NOT_RESTRICTED&TRUSTED&NOT_VPN Uid: 10041] ]
2021-11-14 20:45:37.476 1246-1680/? D/ConnectivityService: sending notification for NetworkRequest [ LISTEN id=14560, [ Capabilities: INTERNET&NOT_RESTRICTED&TRUSTED&NOT_VPN Uid: 10041] ]
2021-11-14 20:45:37.476 1246-1680/? D/ConnectivityService: sending notification CALLBACK_CAP_CHANGED for NetworkRequest [ LISTEN id=14560, [ Capabilities: INTERNET&NOT_RESTRICTED&TRUSTED&NOT_VPN Uid: 10041] ]
2021-11-14 20:45:37.476 1246-1680/? D/ConnectivityService: sending notification for NetworkRequest [ TRACK_DEFAULT id=14573, [ Capabilities: INTERNET&NOT_RESTRICTED&TRUSTED Uid: 10041] ]
2021-11-14 20:45:37.476 1246-1680/? D/ConnectivityService: sending notification CALLBACK_CAP_CHANGED for NetworkRequest [ TRACK_DEFAULT id=14573, [ Capabilities: INTERNET&NOT_RESTRICTED&TRUSTED Uid: 10041] ]
2021-11-14 20:45:37.476 1246-1680/? D/ConnectivityService: sending notification for NetworkRequest [ TRACK_DEFAULT id=14574, [ Capabilities: INTERNET&NOT_RESTRICTED&TRUSTED Uid: 10041] ]
2021-11-14 20:45:37.476 1246-1680/? D/ConnectivityService: sending notification CALLBACK_CAP_CHANGED for NetworkRequest [ TRACK_DEFAULT id=14574, [ Capabilities: INTERNET&NOT_RESTRICTED&TRUSTED Uid: 10041] ]
2021-11-14 20:45:37.476 1246-1680/? D/ConnectivityService: sending notification for NetworkRequest [ LISTEN id=14575, [ Capabilities: INTERNET&NOT_RESTRICTED&TRUSTED Uid: 10041] ]
2021-11-14 20:45:37.477 1246-1680/? D/ConnectivityService: sending notification CALLBACK_CAP_CHANGED for NetworkRequest [ LISTEN id=14575, [ Capabilities: INTERNET&NOT_RESTRICTED&TRUSTED Uid: 10041] ]
2021-11-14 20:45:37.477 1246-1680/? D/ConnectivityService: sending notification for NetworkRequest [ TRACK_DEFAULT id=14585, [ Capabilities: INTERNET&NOT_RESTRICTED&TRUSTED Uid: 10015] ]
2021-11-14 20:45:37.477 1246-1680/? D/ConnectivityService: sending notification CALLBACK_CAP_CHANGED for NetworkRequest [ TRACK_DEFAULT id=14585, [ Capabilities: INTERNET&NOT_RESTRICTED&TRUSTED Uid: 10015] ]
2021-11-14 20:45:37.477 1246-1680/? D/ConnectivityService: sending notification for NetworkRequest [ TRACK_DEFAULT id=14643, [ Capabilities: INTERNET&NOT_RESTRICTED&TRUSTED Uid: 10102] ]
2021-11-14 20:45:37.477 1246-1680/? D/ConnectivityService: sending notification CALLBACK_CAP_CHANGED for NetworkRequest [ TRACK_DEFAULT id=14643, [ Capabilities: INTERNET&NOT_RESTRICTED&TRUSTED Uid: 10102] ]
2021-11-14 20:45:37.477 1246-1680/? D/ConnectivityService: sending notification for NetworkRequest [ TRACK_DEFAULT id=14644, [ Capabilities: INTERNET&NOT_RESTRICTED&TRUSTED Uid: 10102] ]
2021-11-14 20:45:37.477 1246-1680/? D/ConnectivityService: sending notification CALLBACK_CAP_CHANGED for NetworkRequest [ TRACK_DEFAULT id=14644, [ Capabilities: INTERNET&NOT_RESTRICTED&TRUSTED Uid: 10102] ]
2021-11-14 20:45:37.477 1246-1680/? D/ConnectivityService: sending notification for NetworkRequest [ LISTEN id=14645, [ Capabilities: INTERNET&NOT_RESTRICTED&TRUSTED Uid: 10102] ]
2021-11-14 20:45:37.477 1858-1858/? D/FaceWidgetClockPage: isNetworkRoamingState id=-1
2021-11-14 20:45:37.477 1246-1680/? D/ConnectivityService: sending notification CALLBACK_CAP_CHANGED for NetworkRequest [ LISTEN id=14645, [ Capabilities: INTERNET&NOT_RESTRICTED&TRUSTED Uid: 10102] ]
2021-11-14 20:45:37.477 1858-1858/? D/FaceWidgetClockPage: isNetworkRoamingState false
2021-11-14 20:45:37.477 1858-1858/? D/FaceWidgetClockPage: onRefreshCarrierInfo(pre, now): false, false
2021-11-14 20:45:37.477 1246-1680/? D/ConnectivityService: sending notification for NetworkRequest [ LISTEN id=14663, [ Transports: CELLULAR|WIFI|ETHERNET Capabilities: INTERNET&NOT_RESTRICTED&TRUSTED&NOT_VPN&FOREGROUND Uid: 10264] ]
2021-11-14 20:45:37.477 1246-1680/? D/ConnectivityService: sending notification CALLBACK_CAP_CHANGED for NetworkRequest [ LISTEN id=14663, [ Transports: CELLULAR|WIFI|ETHERNET Capabilities: INTERNET&NOT_RESTRICTED&TRUSTED&NOT_VPN&FOREGROUND Uid: 10264] ]
2021-11-14 20:45:37.477 1246-1680/? D/ConnectivityService: sending notification for NetworkRequest [ TRACK_DEFAULT id=14698, [ Capabilities: INTERNET&NOT_RESTRICTED&TRUSTED Uid: 10058] ]
2021-11-14 20:45:37.477 1246-1680/? D/ConnectivityService: sending notification CALLBACK_CAP_CHANGED for NetworkRequest [ TRACK_DEFAULT id=14698, [ Capabilities: INTERNET&NOT_RESTRICTED&TRUSTED Uid: 10058] ]
2021-11-14 20:45:37.477 13891-13937/? I/Carnival-NetworkErrorManager(): onAvailable
2021-11-14 20:45:37.477 1246-1680/? D/ConnectivityService: sending notification for NetworkRequest [ LISTEN id=14699, [ Capabilities: INTERNET&NOT_RESTRICTED&TRUSTED Uid: 10058] ]
2021-11-14 20:45:37.477 1246-1680/? D/ConnectivityService: sending notification CALLBACK_CAP_CHANGED for NetworkRequest [ LISTEN id=14699, [ Capabilities: INTERNET&NOT_RESTRICTED&TRUSTED Uid: 10058] ]
2021-11-14 20:45:37.477 1246-1680/? D/ConnectivityService: sending notification for NetworkRequest [ TRACK_DEFAULT id=14701, [ Capabilities: INTERNET&NOT_RESTRICTED&TRUSTED Uid: 10298] ]
2021-11-14 20:45:37.477 1246-1680/? D/ConnectivityService: sending notification CALLBACK_CAP_CHANGED for NetworkRequest [ TRACK_DEFAULT id=14701, [ Capabilities: INTERNET&NOT_RESTRICTED&TRUSTED Uid: 10298] ]
2021-11-14 20:45:37.477 13891-13937/? I/Carnival-NetworkErrorManager(): onNetworkRecovered
2021-11-14 20:45:37.478 13891-13937/? I/Carnival-SamsungAccountManager(): onNetworkRecovered
2021-11-14 20:45:37.478 1246-1680/? D/ConnectivityService: sending notification for NetworkRequest [ LISTEN id=14702, [ Capabilities: INTERNET&NOT_RESTRICTED&TRUSTED&NOT_VPN&FOREGROUND Uid: 10298] ]
2021-11-14 20:45:37.478 1246-1680/? D/ConnectivityService: sending notification CALLBACK_CAP_CHANGED for NetworkRequest [ LISTEN id=14702, [ Capabilities: INTERNET&NOT_RESTRICTED&TRUSTED&NOT_VPN&FOREGROUND Uid: 10298] ]
2021-11-14 20:45:37.478 1246-1680/? D/ConnectivityService: sending notification for NetworkRequest [ LISTEN id=14716, [ Transports: CELLULAR|WIFI Capabilities: NOT_RESTRICTED&TRUSTED&NOT_VPN&FOREGROUND Uid: 5009] ]
2021-11-14 20:45:37.478 31263-31721/? I/HONEYBOARD: c onCapabilitiesChanged network : 615 current network state : -1
2021-11-14 20:45:37.478 1246-1680/? D/ConnectivityService: sending notification CALLBACK_CAP_CHANGED for NetworkRequest [ LISTEN id=14716, [ Transports: CELLULAR|WIFI Capabilities: NOT_RESTRICTED&TRUSTED&NOT_VPN&FOREGROUND Uid: 5009] ]
2021-11-14 20:45:37.478 1858-1858/? D/FaceWidgetCloneClockPage: isNetworkRoamingState id=-1
2021-11-14 20:45:37.478 1858-1858/? D/FaceWidgetCloneClockPage: isNetworkRoamingState false
2021-11-14 20:45:37.478 1858-1858/? D/FaceWidgetCloneClockPage: onRefreshCarrierInfo(pre, now): false, false
2021-11-14 20:45:37.478 1246-2240/? D/PowerManagerService: [api] override the screen timeout by mNotificationLightScreenOverride
2021-11-14 20:45:37.480 1246-1677/? I/WifiConnectivityMonitor.NetworkCallbackController: mNetworkCallback onCapabilitiesChanged: 615[ Transports: WIFI Capabilities: NOT_METERED&INTERNET&NOT_RESTRICTED&TRUSTED&NOT_VPN&VALIDATED&NOT_ROAMING&FOREGROUND&NOT_CONGESTED&NOT_SUSPENDED LinkUpBandwidth>=1048576Kbps LinkDnBandwidth>=1048576Kbps SignalStrength: -71 SSID: "NETGEAR17"]
2021-11-14 20:45:37.480 1246-3454/? D/WifiConnectivityMonitor.DnsPingerHandler: setCurrentLinkProperties: lp={InterfaceName: wlan0 LinkAddresses: [ fe80::dedc:e2ff:feea:5b54/64,192.168.1.14/24 ] DnsAddresses: [ /192.168.1.1 ] Domains: null MTU: 0 TcpBufferSizes: 524288,1048576,4194304,524288,1048576,4194304 Routes: [ fe80::/64 -> :: wlan0,192.168.1.0/24 -> 0.0.0.0 wlan0,0.0.0.0/0 -> 192.168.1.1 wlan0 ]}
2021-11-14 20:45:37.482 1246-1246/? I/MdnieScenarioControlService: action : android.intent.action.SCREEN_ON
2021-11-14 20:45:37.482 1246-1246/? D/MdnieScenarioControlService: isLockScreenOn : true
2021-11-14 20:45:37.482 1246-1371/? D/SensorService: Calling batch handle==18 flags=0 rate=200000000 timeout== 0
2021-11-14 20:45:37.483 804-879/? I/sensors-hal: batch:293, android.sensor.light/18, period=200000000, max_latency=0 request completed
2021-11-14 20:45:37.483 1246-1246/? I/AdaptiveDisplaySolutionService: action : android.intent.action.SCREEN_ON
2021-11-14 20:45:37.483 1246-1371/? D/SensorManager: registerListener :: 18, veml3328 Ambient Light Sensor Non-wakeup, 200000, 0,
2021-11-14 20:45:37.484 1246-1688/? D/LocationManagerService: receive broadcast intent, action: android.intent.action.SCREEN_ON - start
2021-11-14 20:45:37.484 1246-1688/? D/LocationManagerService: receive broadcast intent, action: android.intent.action.SCREEN_ON duration : 0ms
2021-11-14 20:45:37.484 3734-3843/? W/System: A resource failed to call close.
2021-11-14 20:45:37.485 3734-3843/? W/System: A resource failed to call close.
2021-11-14 20:45:37.485 868-989/? E/HWComposer: getDisplayedContentSamplingAttributes: getDisplayedContentSamplingAttributes failed for display 19261213734341249: Unsupported (8)
2021-11-14 20:45:37.485 3734-3843/? W/System: A resource failed to call close.
2021-11-14 20:45:37.486 1246-1688/? D/GnssLocationProvider: receive broadcast intent, action: android.intent.action.SCREEN_ON
2021-11-14 20:45:37.487 2004-2004/? D/EventReceiver_FLP: BroadcastReceiver : ACTION_SCREEN_ON
2021-11-14 20:45:37.487 2004-2004/? D/EventReceiver_FLP: BroadcastReceiver finished
2021-11-14 20:45:37.487 1246-2062/? D/SLocation: SGeofenceManager - sgfm received : android.intent.action.SCREEN_ON
2021-11-14 20:45:37.487 1246-2062/? D/SLocation: SPManager - SP is not support Q OS upgrade model!
2021-11-14 20:45:37.487 1246-1758/? I/ClientCertificateManager Service: ClientCertificateManager.isPremiumContainer() : false for user : 0
2021-11-14 20:45:37.487 1246-2062/? D/SLocation: SPManager - SP is not support Q OS upgrade model!
2021-11-14 20:45:37.489 1246-2062/? D/SamsungAlarmManager: setExact Listener (T:3/F:9/AC:false) 20211114T204637 - CU:1000/CP:1246
2021-11-14 20:45:37.489 1246-2062/? I/SamsungAlarmManager: setLocked to kernel - T:2 / 20211114T204544, SetElapsed=3483444039, nowELAPSED=3483437390
2021-11-14 20:45:37.491 2112-2600/? D/VolteServiceModule: onSreenOnOffChanged: on =1
2021-11-14 20:45:37.491 2112-2600/? D/StackIF<0>: updateScreenOnOff: on 1
2021-11-14 20:45:37.491 2112-2600/? D/SECIMSJ: [0937]> 84
2021-11-14 20:45:37.492 2112-2597/? D/[IMS6.0]: IMS_onResponse()
2021-11-14 20:45:37.492 2112-2597/? D/StackIF: processMessage 2
2021-11-14 20:45:37.492 2112-2597/? D/StackIF: Processing Response
2021-11-14 20:45:37.492 2112-2597/? D/SECIMSJ: [0937]< 101
2021-11-14 20:45:37.492 2112-2597/? D/StackIF: processResponse: reqId 101
2021-11-14 20:45:37.492 2112-2597/? D/StackIF: processResponse: handle -1 result 0 reason 0
2021-11-14 20:45:37.492 1246-1246/? I/WifiProfileShare: screen on
2021-11-14 20:45:37.501 791-2621/? I/vendor.qti.bluetooth@1.0-ibs_handler: ProcessIbsCmd: Received IBS_SLEEP_IND: 0xFE
2021-11-14 20:45:37.502 1246-1857/? D/MdnieScenarioControlService: packageName : com.sec.android.app.launcher className : com.android.launcher3.Launcher
2021-11-14 20:45:37.503 1246-1857/? V/MdnieScenarioControlService: setUIMode from UI function(3)
2021-11-14 20:45:37.508 3397-3448/io.appium.uiautomator2.server D/TestExecutor: Adding listener androidx.test.internal.runner.listener.LogRunListener
2021-11-14 20:45:37.509 3397-3448/io.appium.uiautomator2.server D/TestExecutor: Adding listener androidx.test.internal.runner.listener.InstrumentationResultPrinter
2021-11-14 20:45:37.509 3397-3448/io.appium.uiautomator2.server D/TestExecutor: Adding listener androidx.test.internal.runner.listener.ActivityFinisherRunListener
2021-11-14 20:45:37.509 3397-3448/io.appium.uiautomator2.server I/TestRunner: run started: 1 tests
2021-11-14 20:45:37.511 3397-3448/io.appium.uiautomator2.server I/TestRunner: started: startServer(io.appium.uiautomator2.server.test.AppiumUiAutomator2Server)
2021-11-14 20:45:37.514 3397-3448/io.appium.uiautomator2.server I/appium: [AppiumUiAutomator2Server] Starting Server
2021-11-14 20:45:37.518 1015-1015/? D/keystore: addAccessorToPrivilegedList : already exist data(0, CCM_LOCKED_u0)
2021-11-14 20:45:37.518 3734-3734/? D/SDHMS:wb: writeSysfs:: path() : /dev/cpuset/restricted/cpus exist() : true canWrite() : false
2021-11-14 20:45:37.518 3734-3734/? D/SDHMS:kb.x: ScreenOnOffReceiver mIsScreenOff :false
2021-11-14 20:45:37.520 3860-3860/? I/[MCFServer]_SubscriberManager: onReceive - ACTION_ID_SCREEN_ON
2021-11-14 20:45:37.521 1246-1627/? D/SamsungAlarmManager: Cancel Alarm calling from uid:1000 pid :3860 / listener:android.app.IAlarmListener$Stub$Proxy@ac516b4
2021-11-14 20:45:37.521 1246-1627/? I/SamsungAlarmManager: setLocked to kernel - T:2 / 20211114T204609, SetElapsed=3483469233, nowELAPSED=3483437422
2021-11-14 20:45:37.521 1246-1627/? I/SamsungAlarmManager: setLocked to kernel - T:3 / 20211114T204600, SetElapsed=3483459901, nowELAPSED=3483437422
2021-11-14 20:45:37.521 3860-3860/? I/[MCFServer]_CasterManager: onReceive - ACTION_ID_SCREEN_ON
2021-11-14 20:45:37.523 5308-5308/? I/CocktailBarUiController: ACTION_SCREEN_ON
2021-11-14 20:45:37.523 5308-5308/? I/AbstractCocktailPanelView: setPanelVisible: CocktailPortraitRemotePanelView2 will be hidden: 1
2021-11-14 20:45:37.523 5308-5308/? I/CocktailBarPanelVisibilityManager: updateActivePanelView: vis=false screenOn=true onTransit=false -hide: 1 current Active: 1
2021-11-14 20:45:37.526 5574-5958/? I/SystemBroadcastReceiver: [#CMH#] Received broadcast
2021-11-14 20:45:37.526 5574-5958/? I/PolicyManager: [#CMH#] onReceive action = EVENT_SCREEN_ON
2021-11-14 20:45:37.526 5574-5958/? I/SystemBroadcastReceiver: [#CMH#] onReceive completed
2021-11-14 20:45:37.527 4453-4453/? D/[AirCmd]_ExternalStateChangeBroadcastReceiver: onReceive : action = android.intent.action.SCREEN_ON
2021-11-14 20:45:37.528 3669-4090/? D/KnoxHelper: getActivityList callingUserId: 0, target user: 0
2021-11-14 20:45:37.529 3669-4090/? I/chatty: uid=10136(com.google.android.as) aiai-app-predic identical 1 line
2021-11-14 20:45:37.530 3669-4090/? D/KnoxHelper: getActivityList callingUserId: 0, target user: 0
2021-11-14 20:45:37.531 1246-8015/? D/WifiLowLatency.LlHandler: MSG_TRAFFIC_POLL_ENABLE 0
2021-11-14 20:45:37.532 3669-4090/? D/KnoxHelper: getActivityList callingUserId: 0, target user: 0
2021-11-14 20:45:37.532 5308-5308/? I/TrayUsageStatesWatcher: getResumeComponentName : ComponentInfo{com.sec.android.app.launcher/com.android.launcher3.Launcher}
2021-11-14 20:45:37.532 5308-5308/? I/AbstractCocktailPanelView: notifyPanelVisibilityChanged: visibility not changed 2 id: 1
2021-11-14 20:45:37.533 8133-8133/? D/BeaconManager[10.0.41.0]: Util.userSerialNumber : - 0
2021-11-14 20:45:37.533 8133-8133/? V/BeaconManager[10.0.41.0]: BleScanHelper.startBleScan - startBleScan
2021-11-14 20:45:37.533 3669-4090/? D/KnoxHelper: getActivityList callingUserId: 0, target user: 0
2021-11-14 20:45:37.533 5308-5308/? I/Utils: isCurrentUser current = 0, ownerId = 0
2021-11-14 20:45:37.533 5308-5308/? I/TrayVisibilityController: getComputedTrayVisible : keyguardState = 2
2021-11-14 20:45:37.534 5308-5308/? I/TrayVisibilityController: updateTrayVisible: State=2 visible=1 mCurrentVisible=2 specificMode=0
2021-11-14 20:45:37.534 5308-5308/? I/TrayStateController: putInputRect mDynamicInputRegion=51715501@LastEvent=t=1636950685453Rect(39, 0 - 67, 174),Rect=Rect(0, 0 - 0, 0)
2021-11-14 20:45:37.534 3669-4090/? D/KnoxHelper: getActivityList callingUserId: 0, target user: 0
2021-11-14 20:45:37.534 5308-5308/? I/TrayStateController: putInputRect mDynamicInputRegion=51715501@LastEvent=t=1636950685453Rect(39, 0 - 67, 174),Rect=Rect(39, 0 - 67, 174)
2021-11-14 20:45:37.535 5308-5308/? I/TrayStateTrigger: getTriggerMarginOnTop retY=863 halfHandleSize=87 getTriggerPosition=60.77348
2021-11-14 20:45:37.535 3669-4090/? D/KnoxHelper: getActivityList callingUserId: 0, target user: 0
2021-11-14 20:45:37.536 1246-3456/? D/TspStateManagerInternal: update cmd=set_grip_data,0,2,863,1037
2021-11-14 20:45:37.537 1246-3796/? W/CocktailBarStatePolicyController: updateWindowType: current window type is requested window type(1)
2021-11-14 20:45:37.537 1246-3796/? D/PowerManagerService: [api] setButtonBrightnessLimit: 255
2021-11-14 20:45:37.537 1246-3796/? D/PowerManagerService: [api] override the screen timeout by mNotificationLightScreenOverride
2021-11-14 20:45:37.537 3669-4090/? D/KnoxHelper: getActivityList callingUserId: 0, target user: 0
2021-11-14 20:45:37.538 8133-8133/? D/BluetoothAdapter: STATE_ON
2021-11-14 20:45:37.538 8133-8202/? D/BeaconManager[10.0.41.0]: BleScanHelper.MSG_CALL_START_LESCAN - isFilterScanFailed/discovering:false/true
2021-11-14 20:45:37.538 8133-8202/? D/BluetoothAdapter: STATE_ON
2021-11-14 20:45:37.538 8133-8202/? I/BeaconManager[10.0.41.0]: BleScanHelper.directStopLeScan - call BleScanner.stopScan()
2021-11-14 20:45:37.538 8133-8202/? D/BluetoothAdapter: STATE_ON
2021-11-14 20:45:37.538 8133-8202/? D/BluetoothLeScanner: Stop Scan with callback
2021-11-14 20:45:37.539 3669-4090/? D/KnoxHelper: getActivityList callingUserId: 0, target user: 0
2021-11-14 20:45:37.540 1837-2623/? W/bt_btm: btm_ble_disable_resolving_list() rl_state = 0x0, rl_mask = 0x2, to_resume = 1
2021-11-14 20:45:37.540 3669-4090/? D/KnoxHelper: getActivityList callingUserId: 0, target user: 0
2021-11-14 20:45:37.540 1837-1855/? D/BtGatt.ContextMap: remove() - id: 5
2021-11-14 20:45:37.540 1837-1855/? E/BtGatt.ContextMap: remove() - removed: 5
2021-11-14 20:45:37.540 8133-8133/? I/BeaconManager[10.0.41.0]: BeaconManager.onReceive - receive Action : android.intent.action.SCREEN_ON
2021-11-14 20:45:37.540 791-2621/? I/vendor.qti.bluetooth@1.0-ibs_handler: ProcessIbsCmd: Received IBS_WAKE_IND: 0xFD
2021-11-14 20:45:37.540 791-2621/? I/vendor.qti.bluetooth@1.0-ibs_handler: ProcessIbsCmd: Writing IBS_WAKE_ACK
2021-11-14 20:45:37.541 8133-8196/? I/BeaconManager[10.0.41.0]: BeaconManager.BeaconManagerWorkHandler - android.intent.action.SCREEN_ON
2021-11-14 20:45:37.541 8133-8196/? D/BeaconManager[10.0.41.0]: BeaconManager.BeaconManagerWorkHandler - mScreenObserver action:android.intent.action.SCREEN_ON
2021-11-14 20:45:37.541 8133-8196/? D/BeaconManager[10.0.41.0]: AppControlManager.screenOnIntentReceived - start
2021-11-14 20:45:37.541 8133-8196/? D/BeaconManager[10.0.41.0]: AppControlManager.screenOnIntentReceived - end
2021-11-14 20:45:37.541 8133-8196/? D/BeaconManager[10.0.41.0]: EasySetupManager.screenOnIntentReceived - start
2021-11-14 20:45:37.541 8133-8196/? D/BeaconManager[10.0.41.0]: EasySetupManager.screenOnIntentReceived - end
2021-11-14 20:45:37.541 8133-8196/? I/BeaconManager[10.0.41.0]: BeaconManager.BeaconManagerWorkHandler - BroadcastReceiver onReceive end
2021-11-14 20:45:37.541 5308-5308/? I/TrayStateController: setUiState 0 : 2 --> 0
2021-11-14 20:45:37.541 3669-4090/? D/KnoxHelper: getActivityList callingUserId: 0, target user: 0
2021-11-14 20:45:37.543 3669-4090/? D/KnoxHelper: getActivityList callingUserId: 0, target user: 0
2021-11-14 20:45:37.544 4453-4453/? D/SPenAlert: received broadcast screen on
2021-11-14 20:45:37.545 1246-1627/? V/WindowManager: Relayout Window{7dba58d u0 com.samsung.android.app.cocktailbarservice/com.samsung.android.app.cocktailbarservice.CocktailBarService}: viewVisibility=0 req=67x174
2021-11-14 20:45:37.545 31263-31263/? I/HONEYBOARD: ScreenOnOffReceiver processScreenUnlock
2021-11-14 20:45:37.546 31263-31263/? I/HONEYBOARD: b handleMessage: ViewMessages = 2
2021-11-14 20:45:37.547 868-989/? I/SurfaceFlinger: id=56810 createSurf (67x174),1 flag=4, com.samsung.android.app.cocktailbarservice/com.samsung.android.app.cocktailbarservice.CocktailBarService$_5308#0
2021-11-14 20:45:37.547 1246-1627/? D/WindowManager: makeSurface duration=0 name=com.samsung.android.app.cocktailbarservice/com.samsung.android.app.cocktailbarservice.CocktailBarService$_5308
2021-11-14 20:45:37.548 1246-1627/? V/WindowManager: Relayout 5308: mAttrs={(0,863)(67x174) gr=TOP RIGHT CENTER sim={adjust=nothing} layoutInDisplayCutoutMode=always ty=EDGE_OVERLAY fmt=TRANSPARENT sysuil=true fl=81800548 pfl=50 vsysui=600 dimAmount=0.0 dimDuration=0 naviIconColor=0}, display=0
2021-11-14 20:45:37.549 5308-5308/? I/ViewRootImpl@2d8512e[CocktailBarService]: Relayout returned: old=(2493,863,2560,1037) new=(2493,863,2560,1037) req=(67,174)0 dur=4 res=0x7 s={true 488901500928} ch=true
2021-11-14 20:45:37.549 5308-5648/? D/OpenGLRenderer: createReliableSurface : 0x71d4b0ebc0(0x71d4cce000)
2021-11-14 20:45:37.550 3669-4090/? D/KnoxHelper: getActivityList callingUserId: 0, target user: 0
2021-11-14 20:45:37.550 5308-5648/? D/OpenGLRenderer: eglCreateWindowSurface : 0x71dee52700
2021-11-14 20:45:37.551 1837-2422/? E/BtGatt.GattService: [GSIM LOG]: gsimLogHandler, msg: MESSAGE_SCAN_STOP, appName: android.uid.bcmgr, scannerId: 5, reportDelayMillis=0
2021-11-14 20:45:37.551 3669-4090/? D/KnoxHelper: getActivityList callingUserId: 0, target user: 0
2021-11-14 20:45:37.551 5308-5308/? E/DecorView: mWindow.mActivityCurrentConfig is null
2021-11-14 20:45:37.552 5308-5648/? D/OpenGLRenderer: makeCurrent EglSurface : 0x0 -> 0x71dee52700
2021-11-14 20:45:37.552 3669-4090/? D/KnoxHelper: getActivityList callingUserId: 0, target user: 0
2021-11-14 20:45:37.554 5308-5698/? I/OpenGLRenderer: doUpdatePositionAsync is called and callVoidMethod
2021-11-14 20:45:37.555 1246-2240/? D/PowerManagerService: [api] override the screen timeout by mNotificationLightScreenOverride
2021-11-14 20:45:37.555 1246-2165/? D/WindowManager: finishDrawingWindow: Window{7dba58d u0 com.samsung.android.app.cocktailbarservice/com.samsung.android.app.cocktailbarservice.CocktailBarService} mDrawState=DRAW_PENDING
2021-11-14 20:45:37.556 5308-5308/? I/TrayStateTrigger: showTriggerView
2021-11-14 20:45:37.556 5308-5308/? I/CocktailBarUiController: onCocktailBarStateChanged: flag=0x1 vis=1 bgType= showTimeout=-1 activate=true
2021-11-14 20:45:37.556 3669-4090/? D/KnoxHelper: getActivityList callingUserId: 0, target user: 0
2021-11-14 20:45:37.557 1246-2240/? D/PowerManagerService: [api] override the screen timeout by mNotificationLightScreenOverride
2021-11-14 20:45:37.560 1246-1627/? D/PowerManagerService: [api] override the screen timeout by mNotificationLightScreenOverride
2021-11-14 20:45:37.560 3669-4090/? I/chatty: uid=10136(com.google.android.as) aiai-app-predic identical 3 lines
2021-11-14 20:45:37.562 3669-4090/? D/KnoxHelper: getActivityList callingUserId: 0, target user: 0
2021-11-14 20:45:37.562 1246-2240/? V/WindowManager: Relayout Window{7dba58d u0 com.samsung.android.app.cocktailbarservice/com.samsung.android.app.cocktailbarservice.CocktailBarService}: viewVisibility=0 req=67x174
2021-11-14 20:45:37.563 3669-4090/? D/KnoxHelper: getActivityList callingUserId: 0, target user: 0
2021-11-14 20:45:37.564 1246-2240/? V/WindowManager: Relayout 5308: mAttrs={(0,863)(67x174) gr=TOP RIGHT CENTER sim={adjust=nothing} layoutInDisplayCutoutMode=always ty=EDGE_OVERLAY fmt=TRANSPARENT sysuil=true fl=81800548 pfl=50 vsysui=600 dimAmount=0.0 dimDuration=0 naviIconColor=0}, display=0
2021-11-14 20:45:37.565 28734-29118/? I/NearbyDiscovery: FastPairHandler: Received action android.intent.action.SCREEN_ON [CONTEXT service_id=49 ]
2021-11-14 20:45:37.565 5308-5308/? I/ViewRootImpl@2d8512e[CocktailBarService]: Relayout returned: old=(2493,863,2560,1037) new=(2493,863,2560,1037) req=(67,174)0 dur=4 res=0x1 s={true 488901500928} ch=false
2021-11-14 20:45:37.565 5308-5308/? E/DecorView: mWindow.mActivityCurrentConfig is null
2021-11-14 20:45:37.565 868-868/? I/SurfaceFlinger: Display 19261213734341249 HWC layers: type | handle | flag | format | source crop (l,t,r,b) | frame | name ------------+--------------+------+-----------+----------------------------+---------------------+------ DEVICE | 0x755b24d030 | 0000 | RGBA_8888 | 0.0 0.0 2560.0 1600.0 | 0 0 2560 1600 | StatusBar$_1858#0 DEVICE | 0x755f1cf040 | 0000 | RGBA_8888 | 0.0 0.0 67.0 174.0 | 2493 863 2560 1037 | com.samsung.android.app.cocktailbars[...]arservice.CocktailBarService$_5308#0 DEVICE | 0x755f1cf190 | 0000 | RGBA_8888 | 0.0 0.0 2560.0 23.0 | 0 0 2560 23 | ScreenDecorOverlay$_1858#0 DEVICE | 0x755b24c9a0 | 0000 | RGBA_8888 | 0.0 0.0 2560.0 81.0 | 0 1519 2560 1600 | ScreenDecorOverlayBottom$_1858#0
2021-11-14 20:45:37.566 3669-4090/? D/KnoxHelper: getActivityList callingUserId: 0, target user: 0
2021-11-14 20:45:37.566 1246-3796/? D/PowerManagerService: [api] override the screen timeout by mNotificationLightScreenOverride
2021-11-14 20:45:37.570 3669-4090/? I/chatty: uid=10136(com.google.android.as) aiai-app-predic identical 3 lines
2021-11-14 20:45:37.572 3669-4090/? D/KnoxHelper: getActivityList callingUserId: 0, target user: 0
2021-11-14 20:45:37.572 28734-28990/? I/NearbySharing: Screen is locked [CONTEXT service_id=194 ]
2021-11-14 20:45:37.573 28734-28990/? I/NearbySharing: Failed to stop scanning because weren't scanning. [CONTEXT service_id=194 ]
2021-11-14 20:45:37.573 28734-28990/? I/NearbySharing: Stopping discovery because the screen is locked. [CONTEXT service_id=194 ]
2021-11-14 20:45:37.573 28734-28990/? I/NearbySharing: Can't stop advertising FastInitiation. Not advertising. [CONTEXT service_id=194 ]
2021-11-14 20:45:37.573 28734-28990/? I/NearbySharing: Stopping Fast Init advertisement because we're not scanning. [CONTEXT service_id=194 ]
2021-11-14 20:45:37.573 28734-28990/? I/NearbySharing: Stopping advertising because the screen is locked. [CONTEXT service_id=194 ]
2021-11-14 20:45:37.573 28734-28990/? I/NearbySharing: Stopping FastInitiation scanning because the screen is locked. [CONTEXT service_id=194 ]
2021-11-14 20:45:37.573 28734-28990/? I/NearbySharing: Can't stop scanning for FastInitiation. Not scanning. [CONTEXT service_id=194 ]
2021-11-14 20:45:37.573 28734-28990/? I/NearbySharing: Cancelling in use notification [CONTEXT service_id=194 ]
2021-11-14 20:45:37.573 3669-4090/? D/KnoxHelper: getActivityList callingUserId: 0, target user: 0
2021-11-14 20:45:37.574 28734-29118/? I/NearbyDiscovery: FastPairScanner2: isScreenOn=true, scanWithScreenOff=false, isLocationEnabled=true, disableLocationRequirement=false, isDiscoveryScanningEnabled=true [CONTEXT service_id=49 ]
2021-11-14 20:45:37.574 28734-29214/? I/Nearby: Start ble scanning from NearbyDirect:BluetoothAdapterWrapper [CONTEXT service_id=49 ]
2021-11-14 20:45:37.575 3669-4090/? D/KnoxHelper: getActivityList callingUserId: 0, target user: 0
2021-11-14 20:45:37.575 28734-29214/? D/BluetoothAdapter: STATE_ON
2021-11-14 20:45:37.575 28734-29214/? D/BluetoothLeScanner: Stop Scan with callback
2021-11-14 20:45:37.576 1837-2623/? E/bt_btm: BTM_BleObserve Observe not active
