2021-11-14 20:45:38.597 1246-1355/? D/GameManagerService: identifyForegroundApp. Nalu.CP.Android, mCurrentUserId: 0, callerUserId: 0
2021-11-14 20:45:38.597 1246-1355/? D/GamePkgDataHelper: getGamePkgData(). Nalu.CP.Android
2021-11-14 20:45:38.598 1246-1355/? D/GameManagerService: identifyForegroundApp. Nalu.CP.Android, mCurrentUserId: 0, callerUserId: 0
2021-11-14 20:45:38.598 1246-1355/? D/GamePkgDataHelper: getGamePkgData(). Nalu.CP.Android
2021-11-14 20:45:38.599 1246-1355/? D/GameManagerService: identifyForegroundApp. Nalu.CP.Android, mCurrentUserId: 0, callerUserId: 0
2021-11-14 20:45:38.599 1246-1355/? D/GamePkgDataHelper: getGamePkgData(). Nalu.CP.Android
2021-11-14 20:45:38.599 3397-3497/io.appium.uiautomator2.server W/tomator2.serve: Accessing hidden method Lsun/misc/Unsafe;->allocateMemory(J)J (greylist, linking, allowed)
2021-11-14 20:45:38.599 3397-3497/io.appium.uiautomator2.server W/tomator2.serve: Accessing hidden method Lsun/misc/Unsafe;->freeMemory(J)V (greylist, linking, allowed)
2021-11-14 20:45:38.599 3397-3497/io.appium.uiautomator2.server W/tomator2.serve: Accessing hidden method Lsun/misc/Unsafe;->addressSize()I (greylist, linking, allowed)
2021-11-14 20:45:38.599 3397-3497/io.appium.uiautomator2.server W/tomator2.serve: Accessing hidden method Lsun/misc/Unsafe;->arrayBaseOffset(Ljava/lang/Class;)I (greylist,core-platform-api, linking, allowed)
2021-11-14 20:45:38.599 3397-3497/io.appium.uiautomator2.server W/tomator2.serve: Accessing hidden method Lsun/misc/Unsafe;->copyMemory(JJJ)V (greylist, linking, allowed)
2021-11-14 20:45:38.600 3397-3497/io.appium.uiautomator2.server W/tomator2.serve: Accessing hidden method Lsun/misc/Unsafe;->getByte(J)B (greylist,core-platform-api, linking, allowed)
2021-11-14 20:45:38.600 3397-3497/io.appium.uiautomator2.server W/tomator2.serve: Accessing hidden method Lsun/misc/Unsafe;->getByte(Ljava/lang/Object;J)B (greylist,core-platform-api, linking, allowed)
2021-11-14 20:45:38.600 3397-3497/io.appium.uiautomator2.server W/tomator2.serve: Accessing hidden method Lsun/misc/Unsafe;->getInt(J)I (greylist, linking, allowed)
2021-11-14 20:45:38.600 1246-1355/? D/GameManagerService: identifyForegroundApp. Nalu.CP.Android, mCurrentUserId: 0, callerUserId: 0
2021-11-14 20:45:38.600 3397-3497/io.appium.uiautomator2.server W/tomator2.serve: Accessing hidden method Lsun/misc/Unsafe;->getInt(Ljava/lang/Object;J)I (greylist, linking, allowed)
2021-11-14 20:45:38.600 1246-1355/? D/GamePkgDataHelper: getGamePkgData(). Nalu.CP.Android
2021-11-14 20:45:38.600 3397-3497/io.appium.uiautomator2.server W/tomator2.serve: Accessing hidden method Lsun/misc/Unsafe;->getLong(J)J (greylist,core-platform-api, linking, allowed)
2021-11-14 20:45:38.600 3397-3497/io.appium.uiautomator2.server W/tomator2.serve: Accessing hidden method Lsun/misc/Unsafe;->getLong(Ljava/lang/Object;J)J (greylist,core-platform-api, linking, allowed)
2021-11-14 20:45:38.600 3397-3497/io.appium.uiautomator2.server W/tomator2.serve: Accessing hidden method Lsun/misc/Unsafe;->getObject(Ljava/lang/Object;J)Ljava/lang/Object; (greylist, linking, allowed)
2021-11-14 20:45:38.600 3397-3497/io.appium.uiautomator2.server W/tomator2.serve: Accessing hidden method Lsun/misc/Unsafe;->getObjectVolatile(Ljava/lang/Object;J)Ljava/lang/Object; (greylist, linking, allowed)
2021-11-14 20:45:38.600 3397-3497/io.appium.uiautomator2.server W/tomator2.serve: Accessing hidden method Lsun/misc/Unsafe;->getShort(J)S (greylist, linking, allowed)
2021-11-14 20:45:38.600 3397-3497/io.appium.uiautomator2.server W/tomator2.serve: Accessing hidden method Lsun/misc/Unsafe;->getShort(Ljava/lang/Object;J)S (greylist, linking, allowed)
2021-11-14 20:45:38.600 3397-3497/io.appium.uiautomator2.server W/tomator2.serve: Accessing hidden method Lsun/misc/Unsafe;->objectFieldOffset(Ljava/lang/reflect/Field;)J (greylist,core-platform-api, linking, allowed)
2021-11-14 20:45:38.600 3397-3497/io.appium.uiautomator2.server W/tomator2.serve: Accessing hidden method Lsun/misc/Unsafe;->putByte(JB)V (greylist,core-platform-api, linking, allowed)
2021-11-14 20:45:38.600 3397-3497/io.appium.uiautomator2.server W/tomator2.serve: Accessing hidden method Lsun/misc/Unsafe;->putByte(Ljava/lang/Object;JB)V (greylist,core-platform-api, linking, allowed)
2021-11-14 20:45:38.600 3397-3497/io.appium.uiautomator2.server W/tomator2.serve: Accessing hidden method Lsun/misc/Unsafe;->putInt(JI)V (greylist, linking, allowed)
2021-11-14 20:45:38.600 3397-3497/io.appium.uiautomator2.server W/tomator2.serve: Accessing hidden method Lsun/misc/Unsafe;->putInt(Ljava/lang/Object;JI)V (greylist, linking, allowed)
2021-11-14 20:45:38.600 3397-3497/io.appium.uiautomator2.server W/tomator2.serve: Accessing hidden method Lsun/misc/Unsafe;->putLong(JJ)V (greylist, linking, allowed)
2021-11-14 20:45:38.600 3397-3497/io.appium.uiautomator2.server W/tomator2.serve: Accessing hidden method Lsun/misc/Unsafe;->putLong(Ljava/lang/Object;JJ)V (greylist, linking, allowed)
2021-11-14 20:45:38.600 3397-3497/io.appium.uiautomator2.server W/tomator2.serve: Accessing hidden method Lsun/misc/Unsafe;->putOrderedObject(Ljava/lang/Object;JLjava/lang/Object;)V (greylist, linking, allowed)
2021-11-14 20:45:38.600 3397-3497/io.appium.uiautomator2.server W/tomator2.serve: Accessing hidden method Lsun/misc/Unsafe;->putShort(JS)V (greylist, linking, allowed)
2021-11-14 20:45:38.600 3397-3497/io.appium.uiautomator2.server W/tomator2.serve: Accessing hidden method Lsun/misc/Unsafe;->putShort(Ljava/lang/Object;JS)V (greylist, linking, allowed)
2021-11-14 20:45:38.600 3397-3497/io.appium.uiautomator2.server W/tomator2.serve: Accessing hidden method Lsun/misc/Unsafe;->setMemory(JJB)V (greylist, linking, allowed)
2021-11-14 20:45:38.600 3397-3497/io.appium.uiautomator2.server W/tomator2.serve: Accessing hidden field Ljava/nio/Buffer;->address:J (greylist, reflection, allowed)
2021-11-14 20:45:38.600 3397-3497/io.appium.uiautomator2.server W/tomator2.serve: Accessing hidden field Lsun/misc/Unsafe;->theUnsafe:Lsun/misc/Unsafe; (greylist, reflection, allowed)
2021-11-14 20:45:38.601 1246-1355/? D/GameManagerService: identifyForegroundApp. Nalu.CP.Android, mCurrentUserId: 0, callerUserId: 0
2021-11-14 20:45:38.601 1246-1355/? D/GamePkgDataHelper: getGamePkgData(). Nalu.CP.Android
2021-11-14 20:45:38.601 3397-3497/io.appium.uiautomator2.server W/tomator2.serve: Accessing hidden method Lsun/misc/VM;->maxDirectMemory()J (greylist, reflection, allowed)
2021-11-14 20:45:38.602 1246-1355/? D/GameManagerService: identifyForegroundApp. Nalu.CP.Android, mCurrentUserId: 0, callerUserId: 0
2021-11-14 20:45:38.602 1246-1355/? D/GamePkgDataHelper: getGamePkgData(). Nalu.CP.Android
2021-11-14 20:45:38.603 1246-1355/? D/GameManagerService: identifyForegroundApp. Nalu.CP.Android, mCurrentUserId: 0, callerUserId: 0
2021-11-14 20:45:38.603 1246-1355/? D/GamePkgDataHelper: getGamePkgData(). Nalu.CP.Android
2021-11-14 20:45:38.603 1246-1355/? D/GameManagerService: identifyForegroundApp. Nalu.CP.Android, mCurrentUserId: 0, callerUserId: 0
2021-11-14 20:45:38.603 1246-1355/? D/GamePkgDataHelper: getGamePkgData(). Nalu.CP.Android
2021-11-14 20:45:38.605 1246-1355/? D/GameManagerService: identifyForegroundApp. Nalu.CP.Android, mCurrentUserId: 0, callerUserId: 0
2021-11-14 20:45:38.605 1246-1355/? D/GamePkgDataHelper: getGamePkgData(). Nalu.CP.Android
2021-11-14 20:45:38.606 1246-1355/? D/GameManagerService: identifyForegroundApp. Nalu.CP.Android, mCurrentUserId: 0, callerUserId: 0
2021-11-14 20:45:38.606 1246-1355/? D/GamePkgDataHelper: getGamePkgData(). Nalu.CP.Android
2021-11-14 20:45:38.607 1246-1355/? D/GameManagerService: identifyForegroundApp. Nalu.CP.Android, mCurrentUserId: 0, callerUserId: 0
2021-11-14 20:45:38.607 1246-1355/? D/GamePkgDataHelper: getGamePkgData(). Nalu.CP.Android
2021-11-14 20:45:38.607 3397-3497/io.appium.uiautomator2.server W/tomator2.serve: Accessing hidden field Lsun/nio/ch/SelectorImpl;->selectedKeys:Ljava/util/Set; (greylist, reflection, allowed)
2021-11-14 20:45:38.607 1246-1355/? D/GameManagerService: identifyForegroundApp. Nalu.CP.Android, mCurrentUserId: 0, callerUserId: 0
2021-11-14 20:45:38.607 1246-1355/? D/GamePkgDataHelper: getGamePkgData(). Nalu.CP.Android
2021-11-14 20:45:38.607 3397-3497/io.appium.uiautomator2.server W/tomator2.serve: Accessing hidden field Lsun/nio/ch/SelectorImpl;->publicSelectedKeys:Ljava/util/Set; (greylist, reflection, allowed)
2021-11-14 20:45:38.608 1246-1355/? D/GameManagerService: identifyForegroundApp. Nalu.CP.Android, mCurrentUserId: 0, callerUserId: 0
2021-11-14 20:45:38.608 1246-1355/? D/GamePkgDataHelper: getGamePkgData(). Nalu.CP.Android
2021-11-14 20:45:38.609 1246-1355/? D/GameManagerService: identifyForegroundApp. Nalu.CP.Android, mCurrentUserId: 0, callerUserId: 0
2021-11-14 20:45:38.609 1246-1355/? D/GamePkgDataHelper: getGamePkgData(). Nalu.CP.Android
2021-11-14 20:45:38.610 1246-1355/? D/GameManagerService: identifyForegroundApp. Nalu.CP.Android, mCurrentUserId: 0, callerUserId: 0
2021-11-14 20:45:38.610 1246-1355/? D/GamePkgDataHelper: getGamePkgData(). Nalu.CP.Android
2021-11-14 20:45:38.610 791-2621/? I/vendor.qti.bluetooth@1.0-ibs_handler: ProcessIbsCmd: Received IBS_SLEEP_IND: 0xFE
2021-11-14 20:45:38.611 1246-1355/? D/GameManagerService: identifyForegroundApp. Nalu.CP.Android, mCurrentUserId: 0, callerUserId: 0
2021-11-14 20:45:38.611 1246-1355/? D/GamePkgDataHelper: getGamePkgData(). Nalu.CP.Android
2021-11-14 20:45:38.612 1246-1355/? D/GameManagerService: identifyForegroundApp. Nalu.CP.Android, mCurrentUserId: 0, callerUserId: 0
2021-11-14 20:45:38.612 1246-1355/? D/GamePkgDataHelper: getGamePkgData(). Nalu.CP.Android
2021-11-14 20:45:38.613 1246-1355/? D/GameManagerService: identifyForegroundApp. Nalu.CP.Android, mCurrentUserId: 0, callerUserId: 0
2021-11-14 20:45:38.613 1246-1355/? D/GamePkgDataHelper: getGamePkgData(). Nalu.CP.Android
2021-11-14 20:45:38.614 1246-1355/? D/GameManagerService: identifyForegroundApp. Nalu.CP.Android, mCurrentUserId: 0, callerUserId: 0
2021-11-14 20:45:38.614 1246-1355/? D/GamePkgDataHelper: getGamePkgData(). Nalu.CP.Android
2021-11-14 20:45:38.615 1246-1355/? D/GameManagerService: identifyForegroundApp. Nalu.CP.Android, mCurrentUserId: 0, callerUserId: 0
2021-11-14 20:45:38.615 1246-1355/? D/GamePkgDataHelper: getGamePkgData(). Nalu.CP.Android
2021-11-14 20:45:38.616 1246-1355/? D/GameManagerService: identifyForegroundApp. Nalu.CP.Android, mCurrentUserId: 0, callerUserId: 0
2021-11-14 20:45:38.616 1246-1355/? D/GamePkgDataHelper: getGamePkgData(). Nalu.CP.Android
2021-11-14 20:45:38.617 1246-1355/? D/GameManagerService: identifyForegroundApp. Nalu.CP.Android, mCurrentUserId: 0, callerUserId: 0
2021-11-14 20:45:38.617 1246-1355/? D/GamePkgDataHelper: getGamePkgData(). Nalu.CP.Android
2021-11-14 20:45:38.617 1246-1355/? D/GameManagerService: identifyForegroundApp. Nalu.CP.Android, mCurrentUserId: 0, callerUserId: 0
2021-11-14 20:45:38.618 1246-1355/? D/GamePkgDataHelper: getGamePkgData(). Nalu.CP.Android
2021-11-14 20:45:38.618 1246-1355/? D/GameManagerService: identifyForegroundApp. Nalu.CP.Android, mCurrentUserId: 0, callerUserId: 0
2021-11-14 20:45:38.618 1246-1355/? D/GamePkgDataHelper: getGamePkgData(). Nalu.CP.Android
2021-11-14 20:45:38.619 1246-1355/? D/GameManagerService: identifyForegroundApp. Nalu.CP.Android, mCurrentUserId: 0, callerUserId: 0
2021-11-14 20:45:38.619 1246-1355/? D/GamePkgDataHelper: getGamePkgData(). Nalu.CP.Android
2021-11-14 20:45:38.620 1246-1355/? D/GameManagerService: identifyForegroundApp. Nalu.CP.Android, mCurrentUserId: 0, callerUserId: 0
2021-11-14 20:45:38.620 1246-1355/? D/GamePkgDataHelper: getGamePkgData(). Nalu.CP.Android
2021-11-14 20:45:38.621 1246-1355/? D/GameManagerService: identifyForegroundApp. Nalu.CP.Android, mCurrentUserId: 0, callerUserId: 0
2021-11-14 20:45:38.621 1246-1355/? D/GamePkgDataHelper: getGamePkgData(). Nalu.CP.Android
2021-11-14 20:45:38.622 1246-1355/? D/GameManagerService: identifyForegroundApp. Nalu.CP.Android, mCurrentUserId: 0, callerUserId: 0
2021-11-14 20:45:38.622 1246-1355/? D/GamePkgDataHelper: getGamePkgData(). Nalu.CP.Android
2021-11-14 20:45:38.623 1246-1355/? D/GameManagerService: identifyForegroundApp. Nalu.CP.Android, mCurrentUserId: 0, callerUserId: 0
2021-11-14 20:45:38.623 1246-1355/? D/GamePkgDataHelper: getGamePkgData(). Nalu.CP.Android
2021-11-14 20:45:38.624 1246-1355/? D/GameManagerService: identifyForegroundApp. Nalu.CP.Android, mCurrentUserId: 0, callerUserId: 0
2021-11-14 20:45:38.624 1246-1355/? D/GamePkgDataHelper: getGamePkgData(). Nalu.CP.Android
2021-11-14 20:45:38.625 1246-1355/? D/GameManagerService: identifyForegroundApp. Nalu.CP.Android, mCurrentUserId: 0, callerUserId: 0
2021-11-14 20:45:38.625 1246-1355/? D/GamePkgDataHelper: getGamePkgData(). Nalu.CP.Android
2021-11-14 20:45:38.626 1246-1355/? D/GameManagerService: identifyForegroundApp. Nalu.CP.Android, mCurrentUserId: 0, callerUserId: 0
2021-11-14 20:45:38.626 1246-1355/? D/GamePkgDataHelper: getGamePkgData(). Nalu.CP.Android
2021-11-14 20:45:38.627 1246-1355/? D/GameManagerService: identifyForegroundApp. Nalu.CP.Android, mCurrentUserId: 0, callerUserId: 0
2021-11-14 20:45:38.627 1246-1355/? D/GamePkgDataHelper: getGamePkgData(). Nalu.CP.Android
2021-11-14 20:45:38.628 1246-1355/? D/GameManagerService: identifyForegroundApp. Nalu.CP.Android, mCurrentUserId: 0, callerUserId: 0
2021-11-14 20:45:38.628 1246-1355/? D/GamePkgDataHelper: getGamePkgData(). Nalu.CP.Android
2021-11-14 20:45:38.629 1246-1355/? D/GameManagerService: identifyForegroundApp. Nalu.CP.Android, mCurrentUserId: 0, callerUserId: 0
2021-11-14 20:45:38.629 1246-1355/? D/GamePkgDataHelper: getGamePkgData(). Nalu.CP.Android
2021-11-14 20:45:38.630 1246-1355/? D/GameManagerService: identifyForegroundApp. Nalu.CP.Android, mCurrentUserId: 0, callerUserId: 0
2021-11-14 20:45:38.630 1246-1355/? D/GamePkgDataHelper: getGamePkgData(). Nalu.CP.Android
2021-11-14 20:45:38.630 1246-1355/? D/GameManagerService: identifyForegroundApp. Nalu.CP.Android, mCurrentUserId: 0, callerUserId: 0
2021-11-14 20:45:38.631 1246-1355/? D/GamePkgDataHelper: getGamePkgData(). Nalu.CP.Android
2021-11-14 20:45:38.631 1246-1355/? D/GameManagerService: identifyForegroundApp. Nalu.CP.Android, mCurrentUserId: 0, callerUserId: 0
2021-11-14 20:45:38.632 1246-1355/? D/GamePkgDataHelper: getGamePkgData(). Nalu.CP.Android
2021-11-14 20:45:38.632 1246-1355/? D/GameManagerService: identifyForegroundApp. Nalu.CP.Android, mCurrentUserId: 0, callerUserId: 0
2021-11-14 20:45:38.632 1246-1355/? D/GamePkgDataHelper: getGamePkgData(). Nalu.CP.Android
2021-11-14 20:45:38.633 1246-1355/? D/GameManagerService: identifyForegroundApp. Nalu.CP.Android, mCurrentUserId: 0, callerUserId: 0
2021-11-14 20:45:38.633 1246-1355/? D/GamePkgDataHelper: getGamePkgData(). Nalu.CP.Android
2021-11-14 20:45:38.634 1246-1355/? D/GameManagerService: identifyForegroundApp. Nalu.CP.Android, mCurrentUserId: 0, callerUserId: 0
2021-11-14 20:45:38.634 1246-1355/? D/GamePkgDataHelper: getGamePkgData(). Nalu.CP.Android
2021-11-14 20:45:38.635 1246-1355/? D/GameManagerService: identifyForegroundApp. Nalu.CP.Android, mCurrentUserId: 0, callerUserId: 0
2021-11-14 20:45:38.635 1246-1355/? D/GamePkgDataHelper: getGamePkgData(). Nalu.CP.Android
2021-11-14 20:45:38.636 1246-1355/? D/GameManagerService: identifyForegroundApp. Nalu.CP.Android, mCurrentUserId: 0, callerUserId: 0
2021-11-14 20:45:38.636 1246-1355/? D/GamePkgDataHelper: getGamePkgData(). Nalu.CP.Android
2021-11-14 20:45:38.637 1246-1355/? D/GameManagerService: identifyForegroundApp. Nalu.CP.Android, mCurrentUserId: 0, callerUserId: 0
2021-11-14 20:45:38.637 1246-1355/? D/GamePkgDataHelper: getGamePkgData(). Nalu.CP.Android
2021-11-14 20:45:38.638 1246-1355/? D/GameManagerService: identifyForegroundApp. Nalu.CP.Android, mCurrentUserId: 0, callerUserId: 0
2021-11-14 20:45:38.638 1246-1355/? D/GamePkgDataHelper: getGamePkgData(). Nalu.CP.Android
2021-11-14 20:45:38.638 1246-1355/? D/GameManagerService: identifyForegroundApp. Nalu.CP.Android, mCurrentUserId: 0, callerUserId: 0
2021-11-14 20:45:38.638 1246-1355/? D/GamePkgDataHelper: getGamePkgData(). Nalu.CP.Android
2021-11-14 20:45:38.639 1246-1355/? D/GameManagerService: identifyForegroundApp. Nalu.CP.Android, mCurrentUserId: 0, callerUserId: 0
2021-11-14 20:45:38.639 1246-1355/? D/GamePkgDataHelper: getGamePkgData(). Nalu.CP.Android
2021-11-14 20:45:38.640 1246-1355/? D/GameManagerService: identifyForegroundApp. Nalu.CP.Android, mCurrentUserId: 0, callerUserId: 0
2021-11-14 20:45:38.640 1246-1355/? D/GamePkgDataHelper: getGamePkgData(). Nalu.CP.Android
2021-11-14 20:45:38.641 1246-1355/? D/GameManagerService: identifyForegroundApp. Nalu.CP.Android, mCurrentUserId: 0, callerUserId: 0
2021-11-14 20:45:38.641 1246-1355/? D/GamePkgDataHelper: getGamePkgData(). Nalu.CP.Android
2021-11-14 20:45:38.642 1246-1355/? D/GameManagerService: identifyForegroundApp. Nalu.CP.Android, mCurrentUserId: 0, callerUserId: 0
2021-11-14 20:45:38.642 1246-1355/? D/GamePkgDataHelper: getGamePkgData(). Nalu.CP.Android
2021-11-14 20:45:38.642 1246-1355/? D/GameManagerService: identifyForegroundApp. Nalu.CP.Android, mCurrentUserId: 0, callerUserId: 0
2021-11-14 20:45:38.642 1246-1355/? D/GamePkgDataHelper: getGamePkgData(). Nalu.CP.Android
2021-11-14 20:45:38.643 1246-1355/? D/GameManagerService: identifyForegroundApp. Nalu.CP.Android, mCurrentUserId: 0, callerUserId: 0
2021-11-14 20:45:38.643 1246-1355/? D/GamePkgDataHelper: getGamePkgData(). Nalu.CP.Android
2021-11-14 20:45:38.644 1246-1355/? D/GameManagerService: identifyForegroundApp. Nalu.CP.Android, mCurrentUserId: 0, callerUserId: 0
2021-11-14 20:45:38.644 1246-1355/? D/GamePkgDataHelper: getGamePkgData(). Nalu.CP.Android
2021-11-14 20:45:38.645 1246-1355/? D/GameManagerService: identifyForegroundApp. Nalu.CP.Android, mCurrentUserId: 0, callerUserId: 0
2021-11-14 20:45:38.645 1246-1355/? D/GamePkgDataHelper: getGamePkgData(). Nalu.CP.Android
2021-11-14 20:45:38.646 1246-1355/? D/GameManagerService: identifyForegroundApp. Nalu.CP.Android, mCurrentUserId: 0, callerUserId: 0
2021-11-14 20:45:38.646 1246-1355/? D/GamePkgDataHelper: getGamePkgData(). Nalu.CP.Android
2021-11-14 20:45:38.646 1246-1355/? D/GameManagerService: identifyForegroundApp. Nalu.CP.Android, mCurrentUserId: 0, callerUserId: 0
2021-11-14 20:45:38.646 1246-1355/? D/GamePkgDataHelper: getGamePkgData(). Nalu.CP.Android
2021-11-14 20:45:38.647 1246-1355/? D/GameManagerService: identifyForegroundApp. Nalu.CP.Android, mCurrentUserId: 0, callerUserId: 0
2021-11-14 20:45:38.647 1246-1355/? D/GamePkgDataHelper: getGamePkgData(). Nalu.CP.Android
2021-11-14 20:45:38.648 1246-1355/? D/GameManagerService: identifyForegroundApp. Nalu.CP.Android, mCurrentUserId: 0, callerUserId: 0
2021-11-14 20:45:38.648 1246-1355/? D/GamePkgDataHelper: getGamePkgData(). Nalu.CP.Android
2021-11-14 20:45:38.648 1246-1355/? D/GameManagerService: identifyForegroundApp. Nalu.CP.Android, mCurrentUserId: 0, callerUserId: 0
2021-11-14 20:45:38.648 1246-1355/? D/GamePkgDataHelper: getGamePkgData(). Nalu.CP.Android
2021-11-14 20:45:38.649 1246-1355/? D/GameManagerService: identifyForegroundApp. Nalu.CP.Android, mCurrentUserId: 0, callerUserId: 0
2021-11-14 20:45:38.649 1246-1355/? D/GamePkgDataHelper: getGamePkgData(). Nalu.CP.Android
2021-11-14 20:45:38.650 1246-1355/? D/GameManagerService: identifyForegroundApp. Nalu.CP.Android, mCurrentUserId: 0, callerUserId: 0
2021-11-14 20:45:38.650 1246-1355/? D/GamePkgDataHelper: getGamePkgData(). Nalu.CP.Android
2021-11-14 20:45:38.650 1246-1355/? D/GameManagerService: identifyForegroundApp. Nalu.CP.Android, mCurrentUserId: 0, callerUserId: 0
2021-11-14 20:45:38.650 1246-1355/? D/GamePkgDataHelper: getGamePkgData(). Nalu.CP.Android
2021-11-14 20:45:38.651 1246-1355/? D/GameManagerService: identifyForegroundApp. Nalu.CP.Android, mCurrentUserId: 0, callerUserId: 0
2021-11-14 20:45:38.651 1246-1355/? D/GamePkgDataHelper: getGamePkgData(). Nalu.CP.Android
2021-11-14 20:45:38.652 1246-1355/? D/GameManagerService: identifyForegroundApp. Nalu.CP.Android, mCurrentUserId: 0, callerUserId: 0
2021-11-14 20:45:38.652 1246-1355/? D/GamePkgDataHelper: getGamePkgData(). Nalu.CP.Android
2021-11-14 20:45:38.652 1246-1355/? D/GameManagerService: identifyForegroundApp. Nalu.CP.Android, mCurrentUserId: 0, callerUserId: 0
2021-11-14 20:45:38.652 1246-1355/? D/GamePkgDataHelper: getGamePkgData(). Nalu.CP.Android
2021-11-14 20:45:38.653 1246-1355/? D/GameManagerService: identifyForegroundApp. Nalu.CP.Android, mCurrentUserId: 0, callerUserId: 0
2021-11-14 20:45:38.653 1246-1355/? D/GamePkgDataHelper: getGamePkgData(). Nalu.CP.Android
2021-11-14 20:45:38.654 1246-1355/? D/GameManagerService: identifyForegroundApp. Nalu.CP.Android, mCurrentUserId: 0, callerUserId: 0
2021-11-14 20:45:38.654 1246-1355/? D/GamePkgDataHelper: getGamePkgData(). Nalu.CP.Android
2021-11-14 20:45:38.655 1246-1355/? D/GameManagerService: identifyForegroundApp. Nalu.CP.Android, mCurrentUserId: 0, callerUserId: 0
2021-11-14 20:45:38.655 1246-1355/? D/GamePkgDataHelper: getGamePkgData(). Nalu.CP.Android
2021-11-14 20:45:38.655 1246-1355/? D/GameManagerService: identifyForegroundApp. Nalu.CP.Android, mCurrentUserId: 0, callerUserId: 0
2021-11-14 20:45:38.655 1246-1355/? D/GamePkgDataHelper: getGamePkgData(). Nalu.CP.Android
2021-11-14 20:45:38.656 1246-1355/? D/GameManagerService: identifyForegroundApp. Nalu.CP.Android, mCurrentUserId: 0, callerUserId: 0
2021-11-14 20:45:38.656 1246-1355/? D/GamePkgDataHelper: getGamePkgData(). Nalu.CP.Android
2021-11-14 20:45:38.657 1246-1355/? D/GameManagerService: identifyForegroundApp. Nalu.CP.Android, mCurrentUserId: 0, callerUserId: 0
2021-11-14 20:45:38.657 1246-1355/? D/GamePkgDataHelper: getGamePkgData(). Nalu.CP.Android
2021-11-14 20:45:38.657 1246-1355/? D/GameManagerService: identifyForegroundApp. Nalu.CP.Android, mCurrentUserId: 0, callerUserId: 0
2021-11-14 20:45:38.657 1246-1355/? D/GamePkgDataHelper: getGamePkgData(). Nalu.CP.Android
2021-11-14 20:45:38.658 1246-1355/? D/GameManagerService: identifyForegroundApp. Nalu.CP.Android, mCurrentUserId: 0, callerUserId: 0
2021-11-14 20:45:38.658 1246-1355/? D/GamePkgDataHelper: getGamePkgData(). Nalu.CP.Android
2021-11-14 20:45:38.659 1246-1355/? D/GameManagerService: identifyForegroundApp. Nalu.CP.Android, mCurrentUserId: 0, callerUserId: 0
2021-11-14 20:45:38.659 1246-1355/? D/GamePkgDataHelper: getGamePkgData(). Nalu.CP.Android
2021-11-14 20:45:38.659 1246-1355/? D/GameManagerService: identifyForegroundApp. Nalu.CP.Android, mCurrentUserId: 0, callerUserId: 0
2021-11-14 20:45:38.659 1246-1355/? D/GamePkgDataHelper: getGamePkgData(). Nalu.CP.Android
2021-11-14 20:45:38.660 1246-1355/? D/GameManagerService: identifyForegroundApp. Nalu.CP.Android, mCurrentUserId: 0, callerUserId: 0
2021-11-14 20:45:38.660 1246-1355/? D/GamePkgDataHelper: getGamePkgData(). Nalu.CP.Android
2021-11-14 20:45:38.661 1246-1355/? D/GameManagerService: identifyForegroundApp. Nalu.CP.Android, mCurrentUserId: 0, callerUserId: 0
2021-11-14 20:45:38.661 1246-1355/? D/GamePkgDataHelper: getGamePkgData(). Nalu.CP.Android
2021-11-14 20:45:38.661 1246-1355/? D/GameManagerService: identifyForegroundApp. Nalu.CP.Android, mCurrentUserId: 0, callerUserId: 0
2021-11-14 20:45:38.661 1246-1355/? D/GamePkgDataHelper: getGamePkgData(). Nalu.CP.Android
2021-11-14 20:45:38.662 1246-1355/? D/GameManagerService: identifyForegroundApp. Nalu.CP.Android, mCurrentUserId: 0, callerUserId: 0
2021-11-14 20:45:38.662 1246-1355/? D/GamePkgDataHelper: getGamePkgData(). Nalu.CP.Android
2021-11-14 20:45:38.663 1246-1355/? D/GameManagerService: identifyForegroundApp. Nalu.CP.Android, mCurrentUserId: 0, callerUserId: 0
2021-11-14 20:45:38.663 1246-1355/? D/GamePkgDataHelper: getGamePkgData(). Nalu.CP.Android
2021-11-14 20:45:38.663 1246-1355/? D/GameManagerService: identifyForegroundApp. Nalu.CP.Android, mCurrentUserId: 0, callerUserId: 0
2021-11-14 20:45:38.663 1246-1355/? D/GamePkgDataHelper: getGamePkgData(). Nalu.CP.Android
2021-11-14 20:45:38.664 1246-1355/? D/GameManagerService: identifyForegroundApp. Nalu.CP.Android, mCurrentUserId: 0, callerUserId: 0
2021-11-14 20:45:38.664 1246-1355/? D/GamePkgDataHelper: getGamePkgData(). Nalu.CP.Android
2021-11-14 20:45:38.665 1246-1355/? D/GameManagerService: identifyForegroundApp. Nalu.CP.Android, mCurrentUserId: 0, callerUserId: 0
2021-11-14 20:45:38.665 1246-1355/? D/GamePkgDataHelper: getGamePkgData(). Nalu.CP.Android
2021-11-14 20:45:38.665 1246-1355/? D/GameManagerService: identifyForegroundApp. Nalu.CP.Android, mCurrentUserId: 0, callerUserId: 0
2021-11-14 20:45:38.665 1246-1355/? D/GamePkgDataHelper: getGamePkgData(). Nalu.CP.Android
2021-11-14 20:45:38.666 1246-1355/? D/GameManagerService: identifyForegroundApp. Nalu.CP.Android, mCurrentUserId: 0, callerUserId: 0
2021-11-14 20:45:38.666 1246-1355/? D/GamePkgDataHelper: getGamePkgData(). Nalu.CP.Android
2021-11-14 20:45:38.667 1246-1355/? D/GameManagerService: identifyForegroundApp. Nalu.CP.Android, mCurrentUserId: 0, callerUserId: 0
2021-11-14 20:45:38.667 1246-1355/? D/GamePkgDataHelper: getGamePkgData(). Nalu.CP.Android
2021-11-14 20:45:38.667 1246-1355/? D/GameManagerService: identifyForegroundApp. Nalu.CP.Android, mCurrentUserId: 0, callerUserId: 0
2021-11-14 20:45:38.668 1246-1355/? D/GamePkgDataHelper: getGamePkgData(). Nalu.CP.Android
2021-11-14 20:45:38.668 1246-1355/? D/GameManagerService: identifyForegroundApp. Nalu.CP.Android, mCurrentUserId: 0, callerUserId: 0
2021-11-14 20:45:38.668 1246-1355/? D/GamePkgDataHelper: getGamePkgData(). Nalu.CP.Android
2021-11-14 20:45:38.669 1246-1355/? D/GameManagerService: identifyForegroundApp. Nalu.CP.Android, mCurrentUserId: 0, callerUserId: 0
2021-11-14 20:45:38.669 1246-1355/? D/GamePkgDataHelper: getGamePkgData(). Nalu.CP.Android
2021-11-14 20:45:38.670 1246-1355/? D/GameManagerService: identifyForegroundApp. Nalu.CP.Android, mCurrentUserId: 0, callerUserId: 0
2021-11-14 20:45:38.670 1246-1355/? D/GamePkgDataHelper: getGamePkgData(). Nalu.CP.Android
2021-11-14 20:45:38.670 1246-1857/? D/MdnieScenarioControlService: packageName : Nalu.CP.Android className : crc6429e3927486beccbc.ActivityLicenseBrowse
2021-11-14 20:45:38.670 1246-1857/? V/MdnieScenarioControlService: setUIMode from UI function(3)
2021-11-14 20:45:38.670 1246-1355/? D/GameManagerService: identifyForegroundApp. Nalu.CP.Android, mCurrentUserId: 0, callerUserId: 0
2021-11-14 20:45:38.670 1246-1355/? D/GamePkgDataHelper: getGamePkgData(). Nalu.CP.Android
2021-11-14 20:45:38.671 1246-1355/? D/GameManagerService: identifyForegroundApp. Nalu.CP.Android, mCurrentUserId: 0, callerUserId: 0
2021-11-14 20:45:38.671 1246-1355/? D/GamePkgDataHelper: getGamePkgData(). Nalu.CP.Android
2021-11-14 20:45:38.672 1246-1355/? D/GameManagerService: identifyForegroundApp. Nalu.CP.Android, mCurrentUserId: 0, callerUserId: 0
2021-11-14 20:45:38.672 1246-1355/? D/GamePkgDataHelper: getGamePkgData(). Nalu.CP.Android
2021-11-14 20:45:38.672 1246-1355/? D/GameManagerService: identifyForegroundApp. Nalu.CP.Android, mCurrentUserId: 0, callerUserId: 0
2021-11-14 20:45:38.672 1246-1355/? D/GamePkgDataHelper: getGamePkgData(). Nalu.CP.Android
2021-11-14 20:45:38.673 1246-1355/? D/GameManagerService: identifyForegroundApp. Nalu.CP.Android, mCurrentUserId: 0, callerUserId: 0
2021-11-14 20:45:38.673 1246-1355/? D/GamePkgDataHelper: getGamePkgData(). Nalu.CP.Android
2021-11-14 20:45:38.674 1246-1355/? D/GameManagerService: identifyForegroundApp. Nalu.CP.Android, mCurrentUserId: 0, callerUserId: 0
2021-11-14 20:45:38.674 1246-1355/? D/GamePkgDataHelper: getGamePkgData(). Nalu.CP.Android
2021-11-14 20:45:38.675 1246-1355/? D/GameManagerService: identifyForegroundApp. Nalu.CP.Android, mCurrentUserId: 0, callerUserId: 0
2021-11-14 20:45:38.675 1246-1355/? D/GamePkgDataHelper: getGamePkgData(). Nalu.CP.Android
2021-11-14 20:45:38.675 1246-1355/? D/GameManagerService: identifyForegroundApp. Nalu.CP.Android, mCurrentUserId: 0, callerUserId: 0
2021-11-14 20:45:38.675 1246-1355/? D/GamePkgDataHelper: getGamePkgData(). Nalu.CP.Android
2021-11-14 20:45:38.676 1246-1355/? D/GameManagerService: identifyForegroundApp. Nalu.CP.Android, mCurrentUserId: 0, callerUserId: 0
2021-11-14 20:45:38.676 1246-1355/? D/GamePkgDataHelper: getGamePkgData(). Nalu.CP.Android
2021-11-14 20:45:38.677 1246-1355/? D/GameManagerService: identifyForegroundApp. Nalu.CP.Android, mCurrentUserId: 0, callerUserId: 0
2021-11-14 20:45:38.677 1246-1355/? D/GamePkgDataHelper: getGamePkgData(). Nalu.CP.Android
2021-11-14 20:45:38.678 1246-1355/? D/GameManagerService: identifyForegroundApp. Nalu.CP.Android, mCurrentUserId: 0, callerUserId: 0
2021-11-14 20:45:38.678 1246-1355/? D/GamePkgDataHelper: getGamePkgData(). Nalu.CP.Android
2021-11-14 20:45:38.678 1246-1355/? D/GameManagerService: identifyForegroundApp. Nalu.CP.Android, mCurrentUserId: 0, callerUserId: 0
2021-11-14 20:45:38.678 1246-1355/? D/GamePkgDataHelper: getGamePkgData(). Nalu.CP.Android
2021-11-14 20:45:38.679 1246-1355/? D/GameManagerService: identifyForegroundApp. Nalu.CP.Android, mCurrentUserId: 0, callerUserId: 0
2021-11-14 20:45:38.679 1246-1355/? D/GamePkgDataHelper: getGamePkgData(). Nalu.CP.Android
2021-11-14 20:45:38.680 1246-1355/? D/GameManagerService: identifyForegroundApp. Nalu.CP.Android, mCurrentUserId: 0, callerUserId: 0
2021-11-14 20:45:38.680 1246-1355/? D/GamePkgDataHelper: getGamePkgData(). Nalu.CP.Android
2021-11-14 20:45:38.680 1246-1355/? D/GameManagerService: identifyForegroundApp. Nalu.CP.Android, mCurrentUserId: 0, callerUserId: 0
2021-11-14 20:45:38.680 1246-1355/? D/GamePkgDataHelper: getGamePkgData(). Nalu.CP.Android
2021-11-14 20:45:38.681 1246-1355/? D/GameManagerService: identifyForegroundApp. Nalu.CP.Android, mCurrentUserId: 0, callerUserId: 0
2021-11-14 20:45:38.681 1246-1355/? D/GamePkgDataHelper: getGamePkgData(). Nalu.CP.Android
2021-11-14 20:45:38.682 1246-1355/? D/GameManagerService: identifyForegroundApp. Nalu.CP.Android, mCurrentUserId: 0, callerUserId: 0
2021-11-14 20:45:38.682 1246-1355/? D/GamePkgDataHelper: getGamePkgData(). Nalu.CP.Android
2021-11-14 20:45:38.682 1246-1355/? D/GameManagerService: identifyForegroundApp. Nalu.CP.Android, mCurrentUserId: 0, callerUserId: 0
2021-11-14 20:45:38.683 1246-1355/? D/GamePkgDataHelper: getGamePkgData(). Nalu.CP.Android
2021-11-14 20:45:38.683 1246-1355/? D/GameManagerService: identifyForegroundApp. Nalu.CP.Android, mCurrentUserId: 0, callerUserId: 0
2021-11-14 20:45:38.683 1246-1355/? D/GamePkgDataHelper: getGamePkgData(). Nalu.CP.Android
2021-11-14 20:45:38.684 1246-1355/? D/GameManagerService: identifyForegroundApp. Nalu.CP.Android, mCurrentUserId: 0, callerUserId: 0
2021-11-14 20:45:38.684 1246-1355/? D/GamePkgDataHelper: getGamePkgData(). Nalu.CP.Android
2021-11-14 20:45:38.685 1246-1355/? D/GameManagerService: identifyForegroundApp. Nalu.CP.Android, mCurrentUserId: 0, callerUserId: 0
2021-11-14 20:45:38.685 1246-1355/? D/GamePkgDataHelper: getGamePkgData(). Nalu.CP.Android
2021-11-14 20:45:38.686 1246-1355/? D/GameManagerService: identifyForegroundApp. Nalu.CP.Android, mCurrentUserId: 0, callerUserId: 0
2021-11-14 20:45:38.686 1246-1355/? D/GamePkgDataHelper: getGamePkgData(). Nalu.CP.Android
2021-11-14 20:45:38.686 1246-1355/? D/GameManagerService: identifyForegroundApp. Nalu.CP.Android, mCurrentUserId: 0, callerUserId: 0
2021-11-14 20:45:38.686 1246-1355/? D/GamePkgDataHelper: getGamePkgData(). Nalu.CP.Android
2021-11-14 20:45:38.687 1246-1355/? D/GameManagerService: identifyForegroundApp. Nalu.CP.Android, mCurrentUserId: 0, callerUserId: 0
2021-11-14 20:45:38.687 1246-1355/? D/GamePkgDataHelper: getGamePkgData(). Nalu.CP.Android
2021-11-14 20:45:38.688 1246-1355/? D/GameManagerService: identifyForegroundApp. Nalu.CP.Android, mCurrentUserId: 0, callerUserId: 0
2021-11-14 20:45:38.688 1246-1355/? D/GamePkgDataHelper: getGamePkgData(). Nalu.CP.Android
2021-11-14 20:45:38.688 1246-1355/? D/GameManagerService: identifyForegroundApp. Nalu.CP.Android, mCurrentUserId: 0, callerUserId: 0
2021-11-14 20:45:38.688 1246-1355/? D/GamePkgDataHelper: getGamePkgData(). Nalu.CP.Android
2021-11-14 20:45:38.689 1246-1355/? D/GameManagerService: identifyForegroundApp. Nalu.CP.Android, mCurrentUserId: 0, callerUserId: 0
2021-11-14 20:45:38.689 1246-1355/? D/GamePkgDataHelper: getGamePkgData(). Nalu.CP.Android
2021-11-14 20:45:38.690 1246-1355/? D/GameManagerService: identifyForegroundApp. Nalu.CP.Android, mCurrentUserId: 0, callerUserId: 0
2021-11-14 20:45:38.690 1246-1355/? D/GamePkgDataHelper: getGamePkgData(). Nalu.CP.Android
2021-11-14 20:45:38.690 1246-1355/? D/GameManagerService: identifyForegroundApp. Nalu.CP.Android, mCurrentUserId: 0, callerUserId: 0
2021-11-14 20:45:38.690 1246-1355/? D/GamePkgDataHelper: getGamePkgData(). Nalu.CP.Android
2021-11-14 20:45:38.691 1246-1355/? D/GameManagerService: identifyForegroundApp. Nalu.CP.Android, mCurrentUserId: 0, callerUserId: 0
2021-11-14 20:45:38.691 1246-1355/? D/GamePkgDataHelper: getGamePkgData(). Nalu.CP.Android
2021-11-14 20:45:38.692 1246-1355/? D/GameManagerService: identifyForegroundApp. Nalu.CP.Android, mCurrentUserId: 0, callerUserId: 0
2021-11-14 20:45:38.692 1246-1355/? D/GamePkgDataHelper: getGamePkgData(). Nalu.CP.Android
2021-11-14 20:45:38.693 1246-1355/? D/GameManagerService: identifyForegroundApp. Nalu.CP.Android, mCurrentUserId: 0, callerUserId: 0
2021-11-14 20:45:38.693 1246-1355/? D/GamePkgDataHelper: getGamePkgData(). Nalu.CP.Android
2021-11-14 20:45:38.693 1246-1355/? D/GameManagerService: identifyForegroundApp. Nalu.CP.Android, mCurrentUserId: 0, callerUserId: 0
2021-11-14 20:45:38.693 1246-1355/? D/GamePkgDataHelper: getGamePkgData(). Nalu.CP.Android
2021-11-14 20:45:38.694 1246-1355/? D/GameManagerService: identifyForegroundApp. Nalu.CP.Android, mCurrentUserId: 0, callerUserId: 0
2021-11-14 20:45:38.694 1246-1355/? D/GamePkgDataHelper: getGamePkgData(). Nalu.CP.Android
2021-11-14 20:45:38.695 1246-1355/? D/GameManagerService: identifyForegroundApp. Nalu.CP.Android, mCurrentUserId: 0, callerUserId: 0
2021-11-14 20:45:38.695 1246-1355/? D/GamePkgDataHelper: getGamePkgData(). Nalu.CP.Android
2021-11-14 20:45:38.695 1246-1355/? D/GameManagerService: identifyForegroundApp. Nalu.CP.Android, mCurrentUserId: 0, callerUserId: 0
2021-11-14 20:45:38.696 1246-1355/? D/GamePkgDataHelper: getGamePkgData(). Nalu.CP.Android
2021-11-14 20:45:38.696 1246-1355/? D/GameManagerService: identifyForegroundApp. Nalu.CP.Android, mCurrentUserId: 0, callerUserId: 0
2021-11-14 20:45:38.696 1246-1355/? D/GamePkgDataHelper: getGamePkgData(). Nalu.CP.Android
2021-11-14 20:45:38.697 1246-1355/? D/GameManagerService: identifyForegroundApp. Nalu.CP.Android, mCurrentUserId: 0, callerUserId: 0
2021-11-14 20:45:38.697 1246-1355/? D/GamePkgDataHelper: getGamePkgData(). Nalu.CP.Android
2021-11-14 20:45:38.698 1246-1355/? D/GameManagerService: identifyForegroundApp. Nalu.CP.Android, mCurrentUserId: 0, callerUserId: 0
2021-11-14 20:45:38.698 1246-1355/? D/GamePkgDataHelper: getGamePkgData(). Nalu.CP.Android
2021-11-14 20:45:38.698 1246-1355/? D/GameManagerService: identifyForegroundApp. Nalu.CP.Android, mCurrentUserId: 0, callerUserId: 0
2021-11-14 20:45:38.698 1246-1355/? D/GamePkgDataHelper: getGamePkgData(). Nalu.CP.Android
2021-11-14 20:45:38.699 1246-1355/? D/GameManagerService: identifyForegroundApp. Nalu.CP.Android, mCurrentUserId: 0, callerUserId: 0
2021-11-14 20:45:38.699 1246-1355/? D/GamePkgDataHelper: getGamePkgData(). Nalu.CP.Android
2021-11-14 20:45:38.700 1246-1355/? D/GameManagerService: identifyForegroundApp. Nalu.CP.Android, mCurrentUserId: 0, callerUserId: 0
2021-11-14 20:45:38.700 1246-1355/? D/GamePkgDataHelper: getGamePkgData(). Nalu.CP.Android
2021-11-14 20:45:38.700 1246-1355/? D/GameManagerService: identifyForegroundApp. Nalu.CP.Android, mCurrentUserId: 0, callerUserId: 0
2021-11-14 20:45:38.700 1246-1355/? D/GamePkgDataHelper: getGamePkgData(). Nalu.CP.Android
2021-11-14 20:45:38.701 1246-1355/? D/GameManagerService: identifyForegroundApp. Nalu.CP.Android, mCurrentUserId: 0, callerUserId: 0
2021-11-14 20:45:38.701 1246-1355/? D/GamePkgDataHelper: getGamePkgData(). Nalu.CP.Android
2021-11-14 20:45:38.702 1246-1355/? D/GameManagerService: identifyForegroundApp. Nalu.CP.Android, mCurrentUserId: 0, callerUserId: 0
2021-11-14 20:45:38.702 1246-1355/? D/GamePkgDataHelper: getGamePkgData(). Nalu.CP.Android
2021-11-14 20:45:38.702 1246-1355/? D/GameManagerService: identifyForegroundApp. Nalu.CP.Android, mCurrentUserId: 0, callerUserId: 0
2021-11-14 20:45:38.702 1246-1355/? D/GamePkgDataHelper: getGamePkgData(). Nalu.CP.Android
2021-11-14 20:45:38.703 1246-1355/? D/GameManagerService: identifyForegroundApp. Nalu.CP.Android, mCurrentUserId: 0, callerUserId: 0
2021-11-14 20:45:38.703 1246-1355/? D/GamePkgDataHelper: getGamePkgData(). Nalu.CP.Android
2021-11-14 20:45:38.704 1246-1355/? D/GameManagerService: identifyForegroundApp. Nalu.CP.Android, mCurrentUserId: 0, callerUserId: 0
2021-11-14 20:45:38.704 1246-1355/? D/GamePkgDataHelper: getGamePkgData(). Nalu.CP.Android
2021-11-14 20:45:38.705 791-2621/? I/vendor.qti.bluetooth@1.0-ibs_handler: ProcessIbsCmd: Received IBS_WAKE_IND: 0xFD
2021-11-14 20:45:38.705 791-2621/? I/vendor.qti.bluetooth@1.0-ibs_handler: ProcessIbsCmd: Writing IBS_WAKE_ACK
2021-11-14 20:45:38.705 1246-1355/? D/GameManagerService: identifyForegroundApp. Nalu.CP.Android, mCurrentUserId: 0, callerUserId: 0
2021-11-14 20:45:38.705 1246-1355/? D/GamePkgDataHelper: getGamePkgData(). Nalu.CP.Android
2021-11-14 20:45:38.706 1837-1996/? D/BtGatt.GattService: onScanResult to scannerId: 4- eventType=0x10, addressType=0, address=5C:1, primaryPhy=1, secondaryPhy=0, advertisingSid=0xff, txPower=127, rssi=-70, periodicAdvInt=0x0
2021-11-14 20:45:38.706 1246-1355/? D/GameManagerService: identifyForegroundApp. Nalu.CP.Android, mCurrentUserId: 0, callerUserId: 0
2021-11-14 20:45:38.706 1246-1355/? D/GamePkgDataHelper: getGamePkgData(). Nalu.CP.Android
2021-11-14 20:45:38.707 1246-1355/? D/GameManagerService: identifyForegroundApp. Nalu.CP.Android, mCurrentUserId: 0, callerUserId: 0
2021-11-14 20:45:38.707 1246-1355/? D/GamePkgDataHelper: getGamePkgData(). Nalu.CP.Android
2021-11-14 20:45:38.708 1246-1355/? D/GameManagerService: identifyForegroundApp. Nalu.CP.Android, mCurrentUserId: 0, callerUserId: 0
2021-11-14 20:45:38.708 1246-1355/? D/GamePkgDataHelper: getGamePkgData(). Nalu.CP.Android
2021-11-14 20:45:38.709 1246-1355/? D/GameManagerService: identifyForegroundApp. Nalu.CP.Android, mCurrentUserId: 0, callerUserId: 0
2021-11-14 20:45:38.709 1246-1355/? D/GamePkgDataHelper: getGamePkgData(). Nalu.CP.Android
2021-11-14 20:45:38.710 1246-1355/? D/GameManagerService: identifyForegroundApp. Nalu.CP.Android, mCurrentUserId: 0, callerUserId: 0
2021-11-14 20:45:38.710 1246-1355/? D/GamePkgDataHelper: getGamePkgData(). Nalu.CP.Android
2021-11-14 20:45:38.710 1246-1355/? D/GameManagerService: identifyForegroundApp. Nalu.CP.Android, mCurrentUserId: 0, callerUserId: 0
2021-11-14 20:45:38.710 1246-1355/? D/GamePkgDataHelper: getGamePkgData(). Nalu.CP.Android
2021-11-14 20:45:38.711 1246-1355/? D/GameManagerService: identifyForegroundApp. Nalu.CP.Android, mCurrentUserId: 0, callerUserId: 0
2021-11-14 20:45:38.711 1246-1355/? D/GamePkgDataHelper: getGamePkgData(). Nalu.CP.Android
2021-11-14 20:45:38.712 1246-1355/? D/GameManagerService: identifyForegroundApp. Nalu.CP.Android, mCurrentUserId: 0, callerUserId: 0
2021-11-14 20:45:38.712 1246-1355/? D/GamePkgDataHelper: getGamePkgData(). Nalu.CP.Android
2021-11-14 20:45:38.713 1246-1355/? D/GameManagerService: identifyForegroundApp. Nalu.CP.Android, mCurrentUserId: 0, callerUserId: 0
2021-11-14 20:45:38.713 1246-1355/? D/GamePkgDataHelper: getGamePkgData(). Nalu.CP.Android
2021-11-14 20:45:38.713 1246-1355/? D/GameManagerService: identifyForegroundApp. Nalu.CP.Android, mCurrentUserId: 0, callerUserId: 0
2021-11-14 20:45:38.713 1246-1355/? D/GamePkgDataHelper: getGamePkgData(). Nalu.CP.Android
2021-11-14 20:45:38.714 1246-1355/? D/GameManagerService: identifyForegroundApp. Nalu.CP.Android, mCurrentUserId: 0, callerUserId: 0
2021-11-14 20:45:38.714 1246-1355/? D/GamePkgDataHelper: getGamePkgData(). Nalu.CP.Android
2021-11-14 20:45:38.715 1246-1355/? D/GameManagerService: identifyForegroundApp. Nalu.CP.Android, mCurrentUserId: 0, callerUserId: 0
2021-11-14 20:45:38.715 1246-1355/? D/GamePkgDataHelper: getGamePkgData(). Nalu.CP.Android
2021-11-14 20:45:38.716 1246-1355/? D/GameManagerService: identifyForegroundApp. Nalu.CP.Android, mCurrentUserId: 0, callerUserId: 0
2021-11-14 20:45:38.716 1246-1355/? D/GamePkgDataHelper: getGamePkgData(). Nalu.CP.Android
2021-11-14 20:45:38.716 1246-1355/? D/GameManagerService: identifyForegroundApp. Nalu.CP.Android, mCurrentUserId: 0, callerUserId: 0
2021-11-14 20:45:38.716 1246-1355/? D/GamePkgDataHelper: getGamePkgData(). Nalu.CP.Android
2021-11-14 20:45:38.717 1246-1355/? D/GameManagerService: identifyForegroundApp. Nalu.CP.Android, mCurrentUserId: 0, callerUserId: 0
2021-11-14 20:45:38.717 1246-1355/? D/GamePkgDataHelper: getGamePkgData(). Nalu.CP.Android
2021-11-14 20:45:38.718 1246-1355/? D/GameManagerService: identifyForegroundApp. Nalu.CP.Android, mCurrentUserId: 0, callerUserId: 0
2021-11-14 20:45:38.718 1246-1355/? D/GamePkgDataHelper: getGamePkgData(). Nalu.CP.Android
2021-11-14 20:45:38.718 1246-1355/? D/GameManagerService: identifyForegroundApp. Nalu.CP.Android, mCurrentUserId: 0, callerUserId: 0
2021-11-14 20:45:38.718 1246-1355/? D/GamePkgDataHelper: getGamePkgData(). Nalu.CP.Android
2021-11-14 20:45:38.719 1246-1355/? D/GameManagerService: identifyForegroundApp. Nalu.CP.Android, mCurrentUserId: 0, callerUserId: 0
2021-11-14 20:45:38.719 1246-1355/? D/GamePkgDataHelper: getGamePkgData(). Nalu.CP.Android
2021-11-14 20:45:38.720 1246-1355/? D/GameManagerService: identifyForegroundApp. Nalu.CP.Android, mCurrentUserId: 0, callerUserId: 0
2021-11-14 20:45:38.720 1246-1355/? D/GamePkgDataHelper: getGamePkgData(). Nalu.CP.Android
2021-11-14 20:45:38.721 1246-1355/? D/GameManagerService: identifyForegroundApp. Nalu.CP.Android, mCurrentUserId: 0, callerUserId: 0
2021-11-14 20:45:38.721 1246-1355/? D/GamePkgDataHelper: getGamePkgData(). Nalu.CP.Android
2021-11-14 20:45:38.721 1246-1355/? D/GameManagerService: identifyForegroundApp. Nalu.CP.Android, mCurrentUserId: 0, callerUserId: 0
2021-11-14 20:45:38.721 1246-1355/? D/GamePkgDataHelper: getGamePkgData(). Nalu.CP.Android
2021-11-14 20:45:38.722 1246-1355/? D/GameManagerService: identifyForegroundApp. Nalu.CP.Android, mCurrentUserId: 0, callerUserId: 0
2021-11-14 20:45:38.722 1246-1355/? D/GamePkgDataHelper: getGamePkgData(). Nalu.CP.Android
2021-11-14 20:45:38.723 1246-1355/? D/GameManagerService: identifyForegroundApp. Nalu.CP.Android, mCurrentUserId: 0, callerUserId: 0
2021-11-14 20:45:38.723 1246-1355/? D/GamePkgDataHelper: getGamePkgData(). Nalu.CP.Android
2021-11-14 20:45:38.723 1246-1355/? D/GameManagerService: identifyForegroundApp. Nalu.CP.Android, mCurrentUserId: 0, callerUserId: 0
2021-11-14 20:45:38.723 1246-1355/? D/GamePkgDataHelper: getGamePkgData(). Nalu.CP.Android
2021-11-14 20:45:38.724 1246-1355/? D/GameManagerService: identifyForegroundApp. Nalu.CP.Android, mCurrentUserId: 0, callerUserId: 0
2021-11-14 20:45:38.724 1246-1355/? D/GamePkgDataHelper: getGamePkgData(). Nalu.CP.Android
2021-11-14 20:45:38.725 1246-1355/? D/GameManagerService: identifyForegroundApp. Nalu.CP.Android, mCurrentUserId: 0, callerUserId: 0
2021-11-14 20:45:38.725 1246-1355/? D/GamePkgDataHelper: getGamePkgData(). Nalu.CP.Android
2021-11-14 20:45:38.725 1246-1355/? D/GameManagerService: identifyForegroundApp. Nalu.CP.Android, mCurrentUserId: 0, callerUserId: 0
2021-11-14 20:45:38.725 1246-1355/? D/GamePkgDataHelper: getGamePkgData(). Nalu.CP.Android
2021-11-14 20:45:38.726 1246-1355/? D/GameManagerService: identifyForegroundApp. Nalu.CP.Android, mCurrentUserId: 0, callerUserId: 0
2021-11-14 20:45:38.726 1246-1355/? D/GamePkgDataHelper: getGamePkgData(). Nalu.CP.Android
2021-11-14 20:45:38.727 1246-1355/? D/GameManagerService: identifyForegroundApp. Nalu.CP.Android, mCurrentUserId: 0, callerUserId: 0
2021-11-14 20:45:38.727 1246-1355/? D/GamePkgDataHelper: getGamePkgData(). Nalu.CP.Android
2021-11-14 20:45:38.727 2967-2967/? W/monodroid-gc: GREF GC Threshold: 46080
2021-11-14 20:45:38.728 1246-1355/? D/GameManagerService: identifyForegroundApp. Nalu.CP.Android, mCurrentUserId: 0, callerUserId: 0
2021-11-14 20:45:38.728 1246-1355/? D/GamePkgDataHelper: getGamePkgData(). Nalu.CP.Android
2021-11-14 20:45:38.728 1246-1355/? D/GameManagerService: identifyForegroundApp. Nalu.CP.Android, mCurrentUserId: 0, callerUserId: 0
2021-11-14 20:45:38.728 1246-1355/? D/GamePkgDataHelper: getGamePkgData(). Nalu.CP.Android
2021-11-14 20:45:38.729 1246-1355/? D/GameManagerService: identifyForegroundApp. Nalu.CP.Android, mCurrentUserId: 0, callerUserId: 0
2021-11-14 20:45:38.729 1246-1355/? D/GamePkgDataHelper: getGamePkgData(). Nalu.CP.Android
2021-11-14 20:45:38.730 1246-1355/? D/GameManagerService: identifyForegroundApp. Nalu.CP.Android, mCurrentUserId: 0, callerUserId: 0
2021-11-14 20:45:38.730 1246-1355/? D/GamePkgDataHelper: getGamePkgData(). Nalu.CP.Android
2021-11-14 20:45:38.730 1246-1355/? D/GameManagerService: identifyForegroundApp. Nalu.CP.Android, mCurrentUserId: 0, callerUserId: 0
2021-11-14 20:45:38.730 1246-1355/? D/GamePkgDataHelper: getGamePkgData(). Nalu.CP.Android
2021-11-14 20:45:38.731 1246-1355/? D/GameManagerService: identifyForegroundApp. Nalu.CP.Android, mCurrentUserId: 0, callerUserId: 0
2021-11-14 20:45:38.731 1246-1355/? D/GamePkgDataHelper: getGamePkgData(). Nalu.CP.Android
2021-11-14 20:45:38.732 1246-1355/? D/GameManagerService: identifyForegroundApp. Nalu.CP.Android, mCurrentUserId: 0, callerUserId: 0
2021-11-14 20:45:38.732 1246-1355/? D/GamePkgDataHelper: getGamePkgData(). Nalu.CP.Android
2021-11-14 20:45:38.732 1246-1355/? D/GameManagerService: identifyForegroundApp. Nalu.CP.Android, mCurrentUserId: 0, callerUserId: 0
2021-11-14 20:45:38.732 1246-1355/? D/GamePkgDataHelper: getGamePkgData(). Nalu.CP.Android
2021-11-14 20:45:38.733 1246-1355/? D/GameManagerService: identifyForegroundApp. Nalu.CP.Android, mCurrentUserId: 0, callerUserId: 0
2021-11-14 20:45:38.733 1246-1355/? D/GamePkgDataHelper: getGamePkgData(). Nalu.CP.Android
2021-11-14 20:45:38.734 1246-1355/? D/GameManagerService: identifyForegroundApp. Nalu.CP.Android, mCurrentUserId: 0, callerUserId: 0
2021-11-14 20:45:38.734 1246-1355/? D/GamePkgDataHelper: getGamePkgData(). Nalu.CP.Android
2021-11-14 20:45:38.734 1246-1355/? D/GameManagerService: identifyForegroundApp. Nalu.CP.Android, mCurrentUserId: 0, callerUserId: 0
2021-11-14 20:45:38.735 1246-1355/? D/GamePkgDataHelper: getGamePkgData(). Nalu.CP.Android
2021-11-14 20:45:38.735 1246-1355/? D/GameManagerService: identifyForegroundApp. Nalu.CP.Android, mCurrentUserId: 0, callerUserId: 0
2021-11-14 20:45:38.735 1246-1355/? D/GamePkgDataHelper: getGamePkgData(). Nalu.CP.Android
2021-11-14 20:45:38.736 1246-1355/? D/GameManagerService: identifyForegroundApp. Nalu.CP.Android, mCurrentUserId: 0, callerUserId: 0
2021-11-14 20:45:38.736 1246-1355/? D/GamePkgDataHelper: getGamePkgData(). Nalu.CP.Android
2021-11-14 20:45:38.737 1246-1355/? D/GameManagerService: identifyForegroundApp. Nalu.CP.Android, mCurrentUserId: 0, callerUserId: 0
2021-11-14 20:45:38.737 1246-1355/? D/GamePkgDataHelper: getGamePkgData(). Nalu.CP.Android
2021-11-14 20:45:38.737 1246-1355/? D/GameManagerService: identifyForegroundApp. Nalu.CP.Android, mCurrentUserId: 0, callerUserId: 0
2021-11-14 20:45:38.737 1246-1355/? D/GamePkgDataHelper: getGamePkgData(). Nalu.CP.Android
2021-11-14 20:45:38.738 1246-1355/? D/GameManagerService: identifyForegroundApp. Nalu.CP.Android, mCurrentUserId: 0, callerUserId: 0
2021-11-14 20:45:38.738 1246-1355/? D/GamePkgDataHelper: getGamePkgData(). Nalu.CP.Android
2021-11-14 20:45:38.739 1246-1355/? D/GameManagerService: identifyForegroundApp. Nalu.CP.Android, mCurrentUserId: 0, callerUserId: 0
2021-11-14 20:45:38.739 1246-1355/? D/GamePkgDataHelper: getGamePkgData(). Nalu.CP.Android
2021-11-14 20:45:38.739 1246-1355/? D/GameManagerService: identifyForegroundApp. Nalu.CP.Android, mCurrentUserId: 0, callerUserId: 0
2021-11-14 20:45:38.739 1246-1355/? D/GamePkgDataHelper: getGamePkgData(). Nalu.CP.Android
2021-11-14 20:45:38.740 1246-1355/? D/GameManagerService: identifyForegroundApp. Nalu.CP.Android, mCurrentUserId: 0, callerUserId: 0
2021-11-14 20:45:38.740 1246-1355/? D/GamePkgDataHelper: getGamePkgData(). Nalu.CP.Android
2021-11-14 20:45:38.741 1246-1355/? D/GameManagerService: identifyForegroundApp. Nalu.CP.Android, mCurrentUserId: 0, callerUserId: 0
2021-11-14 20:45:38.741 1246-1355/? D/GamePkgDataHelper: getGamePkgData(). Nalu.CP.Android
2021-11-14 20:45:38.741 1246-1355/? D/GameManagerService: identifyForegroundApp. Nalu.CP.Android, mCurrentUserId: 0, callerUserId: 0
2021-11-14 20:45:38.741 1246-1355/? D/GamePkgDataHelper: getGamePkgData(). Nalu.CP.Android
2021-11-14 20:45:38.742 1246-1355/? D/GameManagerService: identifyForegroundApp. Nalu.CP.Android, mCurrentUserId: 0, callerUserId: 0
2021-11-14 20:45:38.742 1246-1355/? D/GamePkgDataHelper: getGamePkgData(). Nalu.CP.Android
2021-11-14 20:45:38.743 1246-1355/? D/GameManagerService: identifyForegroundApp. Nalu.CP.Android, mCurrentUserId: 0, callerUserId: 0
2021-11-14 20:45:38.743 1246-1355/? D/GamePkgDataHelper: getGamePkgData(). Nalu.CP.Android
2021-11-14 20:45:38.743 1246-1355/? D/GameManagerService: identifyForegroundApp. Nalu.CP.Android, mCurrentUserId: 0, callerUserId: 0
2021-11-14 20:45:38.743 1246-1355/? D/GamePkgDataHelper: getGamePkgData(). Nalu.CP.Android
2021-11-14 20:45:38.744 1246-1355/? D/GameManagerService: identifyForegroundApp. Nalu.CP.Android, mCurrentUserId: 0, callerUserId: 0
2021-11-14 20:45:38.744 1246-1355/? D/GamePkgDataHelper: getGamePkgData(). Nalu.CP.Android
2021-11-14 20:45:38.745 1246-1355/? D/GameManagerService: identifyForegroundApp. Nalu.CP.Android, mCurrentUserId: 0, callerUserId: 0
