2021-11-14 20:45:37.063 3397-3397/io.appium.uiautomator2.server I/tomator2.serve: Late-enabling -Xcheck:jni
2021-11-14 20:45:37.064 1246-1246/? D/BatterySaverPolicy: [api] refreshSettings: deviceSpecificSetting: ((overlay)) adaptiveSetting: null (null)
2021-11-14 20:45:37.065 22608-22727/? I/A: NGA disabled due to not being eligible.
2021-11-14 20:45:37.069 868-989/? I/Layer: id=56793 removeFromCurrentState WindowToken{c84144e android.os.Binder@b954349}#0 (73)
2021-11-14 20:45:37.062 1246-1378/? I/libprocessgroup: Successfully killed process cgroup uid 10328 pid 3077 in 58ms
2021-11-14 20:45:37.070 868-989/? I/SurfaceFlinger: id=56793 Removed WindowToken{c84144e android.os.Binder@b954349}#0 (73)
2021-11-14 20:45:37.078 3397-3397/io.appium.uiautomator2.server E/tomator2.serve: Unknown bits set in runtime_flags: 0x8000
2021-11-14 20:45:37.080 868-868/? I/Layer: id=56793[1] Destroyed WindowToken{c84144e android.os.Binder@b954349}#0
2021-11-14 20:45:37.084 1246-1376/? D/CustomFrequencyManagerService: acquireDVFSLockLocked : type : DVFS_MIN_LIMIT frequency : 2841600 uid : 1000 pid : 1246 pkgName : APP_LAUNCH@CPU_MIN@66
2021-11-14 20:45:37.085 1246-2240/? I/ActivityTaskManager: START u0 {act=android.intent.action.MAIN cat=[android.intent.category.LAUNCHER] flg=0x10200000 cmp=io.appium.settings/.Unlock} from uid 2000
2021-11-14 20:45:37.089 1246-2240/? D/ActivityTaskManager: MultiTaskingTaskLaunchParamsModifier:task=null display-id=0 display-windowing-mode=1
2021-11-14 20:45:37.089 1246-2240/? D/ActivityTaskManager: MultiTaskingTaskLaunchParamsModifier:task=null display-id=0 display-windowing-mode=1 non-freeform-display maximized-bounds
2021-11-14 20:45:37.089 868-989/? I/SurfaceFlinger: id=56800 createSurf (0x0),-1 flag=80004, Stack=1718#0
2021-11-14 20:45:37.091 868-989/? I/SurfaceFlinger: id=56801 createSurf (0x0),-1 flag=20004, animation background stackId=1718#0
2021-11-14 20:45:37.092 1246-2240/? D/ActivityTaskManager: MultiTaskingTaskLaunchParamsModifier:tid=6759 display-from-task=0 display-id=0 display-windowing-mode=1 non-freeform-display maximized-bounds
2021-11-14 20:45:37.092 868-989/? I/SurfaceFlinger: id=56802 createSurf (0x0),-1 flag=80004, Task=6759#0
2021-11-14 20:45:37.093 1246-2240/? D/ActivityTaskManager: updateMinimizedState: unknown notifyReason=2
2021-11-14 20:45:37.094 868-989/? I/SurfaceFlinger: id=56803 createSurf (0x0),-1 flag=80004, AppWindowToken{7ba2339 token=Token{96ddf00 ActivityRecord{785a183 u0 io.appium.settings/.Unlock t6759}}}#0
2021-11-14 20:45:37.095 1246-2240/? V/WindowManager: Prepare app transition: transit=TRANSIT_TASK_OPEN mNextAppTransition=TRANSIT_UNSET alwaysKeepCurrent=false displayId=0 Callers=com.android.server.wm.DisplayContent.prepareAppTransition:6356 com.android.server.wm.DisplayContent.prepareAppTransition:6350 com.android.server.wm.ActivityStack.startActivityLocked:3999 com.android.server.wm.ActivityStarter.startActivityUnchecked:2918 com.android.server.wm.ActivityStarter.startActivity:2178
2021-11-14 20:45:37.096 1246-2240/? V/WindowManager: Prepare app transition: transit=TRANSIT_ACTIVITY_OPEN mNextAppTransition=TRANSIT_TASK_OPEN alwaysKeepCurrent=false displayId=0 Callers=com.android.server.wm.DisplayContent.prepareAppTransition:6356 com.android.server.wm.DisplayContent.prepareAppTransition:6350 com.android.server.wm.ActivityStack.resumeTopActivityInnerLocked:3554 com.android.server.wm.ActivityStack.resumeTopActivityUncheckedLocked:3154 com.android.server.wm.RootActivityContainer.resumeFocusedStacksTopActivities:1246
2021-11-14 20:45:37.096 1246-2240/? V/WindowManager: Setting visibility of Window{b4423f8 u0 com.samsung.android.app.spage}: false, caller=com.android.server.wm.WindowContainer.sendAppVisibilityToClients:644 com.android.server.wm.WindowState.sendAppVisibilityToClients:3523 com.android.server.wm.WindowContainer.sendAppVisibilityToClients:644 com.android.server.wm.AppWindowToken.setClientHidden:631 com.android.server.wm.AppWindowToken.onAnimationFinished:3903
2021-11-14 20:45:37.097 1246-2240/? V/WindowManager: Setting visibility of Window{5dad256 u0 com.sec.android.app.launcher/com.sec.android.app.launcher.activities.LauncherActivity}: false, caller=com.android.server.wm.WindowContainer.sendAppVisibilityToClients:644 com.android.server.wm.AppWindowToken.setClientHidden:631 com.android.server.wm.AppWindowToken.onAnimationFinished:3903 com.android.server.wm.AppWindowToken.commitVisibility:913 com.android.server.wm.AppWindowToken.setVisibility:820
2021-11-14 20:45:37.097 1246-2240/? D/TspStateManagerInternal: updateDefaultValue customSetting=null
2021-11-14 20:45:37.098 1246-2240/? V/WindowManager: rotationForOrientation(orient=2, last=1); user=0
2021-11-14 20:45:37.098 1246-2240/? V/WindowManager: Computed rotation=1 for display id=0 based on lastOrientation=2 and oldRotation=1, caller=com.android.server.wm.DisplayContent.updateOrientationFromAppTokens:1553 com.android.server.wm.DisplayContent.updateOrientationFromAppTokens:1507 com.android.server.wm.RootActivityContainer.ensureVisibilityAndConfig:688 com.android.server.wm.ActivityStackSupervisor.realStartActivityLocked:1009 com.android.server.wm.ActivityStackSupervisor.startSpecificActivityLocked:1303 com.android.server.wm.ActivityStack.resumeTopActivityInnerLocked:3785
2021-11-14 20:45:37.098 1246-2240/? D/TspStateManagerInternal: updateDefaultValue customSetting=null
2021-11-14 20:45:37.099 1246-1791/? D/GameManagerService: onLooperPrepared(), msg: { when=-1ms what=10010 obj=io.appium.settings target=com.samsung.android.game.GameManagerService$FgCheckThread$1 }
2021-11-14 20:45:37.099 1246-1791/? D/GameManagerService: handleMessage(), received MSG_APP_CREATE of pkgName: io.appium.settings
2021-11-14 20:45:37.099 1246-2240/? D/GamePkgDataHelper: notifyAppCreate(), pkgName: io.appium.settings, sendRet: true
2021-11-14 20:45:37.099 1246-2240/? D/InputDispatcher: Focused application set to (0): 7ba2339
2021-11-14 20:45:37.099 1246-2240/? V/ActivityTaskManager: markDedicatedIfNeeded null, 0,{}
2021-11-14 20:45:37.100 3397-3397/io.appium.uiautomator2.server D/ActivityThread: setConscryptValidator
2021-11-14 20:45:37.100 1246-2240/? D/TspStateManagerInternal: updateDefaultValue customSetting=null
2021-11-14 20:45:37.100 1246-2240/? D/MARsPolicyManager: onPackageResumedFG pkgName = io.appium.settings, userId = 0
2021-11-14 20:45:37.101 3397-3397/io.appium.uiautomator2.server D/ActivityThread: setConscryptValidator - put
2021-11-14 20:45:37.101 1246-2240/? D/GameManagerService: identifyForegroundApp. com.sec.android.app.launcher, mCurrentUserId: 0, callerUserId: 0
2021-11-14 20:45:37.102 1246-2240/? D/GamePkgDataHelper: getGamePkgData(). com.sec.android.app.launcher
2021-11-14 20:45:37.102 1246-2240/? W/WindowManager: Execute app transition: mNextAppTransition=TRANSIT_TASK_OPEN, displayId: 0 Callers=com.android.server.wm.RootActivityContainer.executeAppTransitionForAllDisplay:1154 com.android.server.wm.ActivityStackSupervisor.reportResumedActivityLocked:2692 com.android.server.wm.ActivityRecord.completeResumeLocked:2704 com.android.server.wm.ActivityStack.minimalResumeActivityLocked:1830 com.android.server.wm.ActivityStackSupervisor.realStartActivityLocked:1214
2021-11-14 20:45:37.107 1246-3795/? I/ActivityManager: DSS OFF for io.appium.uiautomator2.server
2021-11-14 20:45:37.109 1246-2240/? D/PowerManagerService: [api] acquire WakeLock FULL_WAKE_LOCK 'Unlock' ACQUIRE_CAUSES_WAKEUP (uid=10291 pid=30751 pkg=io.appium.settings)
2021-11-14 20:45:37.109 1246-2240/? I/PowerManagerService: !@Screen__On - 467 : wl: Unlock (2)
2021-11-14 20:45:37.109 1246-2240/? I/PowerManagerService: Waking up from Dozing (uid=10291, reason=WAKE_REASON_APPLICATION, details=Unlock)...
2021-11-14 20:45:37.109 1246-2240/? D/InputManager-JNI: setInteractive(true)
2021-11-14 20:45:37.109 1246-2240/? D/PowerManagerService: [PWL] sb acquire: PowerManagerService.Broadcasts
2021-11-14 20:45:37.110 1246-2240/? D/PowerManagerService: [api] setNotiLightScreenTimeoutOverride: timeoutMillis: 8000
2021-11-14 20:45:37.110 1246-2240/? D/PowerManagerService: [api] override the screen timeout by mNotificationLightScreenOverride
2021-11-14 20:45:37.110 1246-2240/? D/PowerManagerService: UserActivityState : 4 -> 1
2021-11-14 20:45:37.110 1246-2240/? D/PowerManagerService: set mNeedCheckAbuseWakelocks to true because there are disabled wake lock
2021-11-14 20:45:37.110 1246-2240/? D/PowerManagerService: acquireAbuseWakelockLocked;
2021-11-14 20:45:37.110 1246-2240/? D/PowerManagerService: [api] override the screen timeout by mNotificationLightScreenOverride
2021-11-14 20:45:37.110 1246-2240/? D/PowerManagerService: mDisplayReady: false
2021-11-14 20:45:37.110 1246-1444/? D/DisplayPowerController: animateScreenStateChange: target=2, targetInternal=2, dualScreenPolicy=-1
2021-11-14 20:45:37.110 1246-1444/? D/DisplayPowerController: !@mWindowManagerPolicy.screenTurningOn() +
2021-11-14 20:45:37.110 1246-1444/? I/WindowManager: Screen turning on...
2021-11-14 20:45:37.110 1246-1395/? D/BatteryExternalStatsWorker: update stats
2021-11-14 20:45:37.110 1246-1395/? D/BatteryExternalStatsWorker: WifiActivityEnergyInfo was updated
2021-11-14 20:45:37.110 1246-1395/? D/BatteryExternalStatsWorker: BluetoothActivityEnergyInfo was updated
2021-11-14 20:45:37.110 1246-1395/? D/BatteryExternalStatsWorker: ModemActivityEnergyInfo was updated
2021-11-14 20:45:37.111 1246-2240/? D/PowerManagerService: [api] release WakeLock FULL_WAKE_LOCK 'Unlock' ACQUIRE_CAUSES_WAKEUP ACQ=-1ms (uid=10291 pid=30751 pkg=io.appium.settings)
2021-11-14 20:45:37.111 1246-2240/? D/PowerManagerService: [api] override the screen timeout by mNotificationLightScreenOverride
2021-11-14 20:45:37.111 1246-3795/? D/GameManagerService: identifyForegroundApp. com.sec.android.app.launcher, mCurrentUserId: 0, callerUserId: 0
2021-11-14 20:45:37.111 1246-3795/? D/GamePkgDataHelper: getGamePkgData(). com.sec.android.app.launcher
2021-11-14 20:45:37.111 1246-2240/? D/PowerManagerService: [api] override the screen timeout by mNotificationLightScreenOverride
2021-11-14 20:45:37.114 1246-1444/? I/WindowManager: screenTurningOn(+), before calling onScreenTurningOn to KeyguardDelegate
2021-11-14 20:45:37.114 1246-1444/? V/KeyguardServiceDelegate: onScreenTurnedOn(showListener = com.android.server.policy.PhoneWindowManager$2@a28d716)
2021-11-14 20:45:37.114 1246-1444/? I/WindowManager: screenTurningOn(-), after calling onScreenTurningOn to KeyguardDelegate
2021-11-14 20:45:37.114 1246-1444/? D/DisplayPowerController: mWindowManagerPolicy.screenTurningOn() -
2021-11-14 20:45:37.114 1246-1444/? D/DisplayPowerController: getFinalBrightness : Summary is 94 -> 94
2021-11-14 20:45:37.114 1246-1444/? D/DisplayPowerController: Animating brightness: target=94, rate=0 (PSM:, AB limit:(-1 ~ -1) MB Limit:(-1 ~ -1), sf=1.0
2021-11-14 20:45:37.114 1246-1780/? D/DisplayManagerService: !@display_state internal: DOZE_SUSPEND -> ON
2021-11-14 20:45:37.114 1246-1780/? D/LocalDisplayAdapter: !@ display_state: DOZE_SUSPEND -> ON (id:19261213734341249)
2021-11-14 20:45:37.115 868-868/? D/SurfaceFlinger: Setting power mode 2 on display 19261213734341249
2021-11-14 20:45:37.115 1246-1780/? D/DisplayPowerController: setActualDisplayState: DOZE_SUSPEND -> ON
2021-11-14 20:45:37.115 1246-1444/? D/DisplayPowerController: animateScreenStateChange: target=2, targetInternal=2, dualScreenPolicy=-1
2021-11-14 20:45:37.115 1246-1444/? D/DisplayPowerController: getFinalBrightness : Summary is 94 -> 94
2021-11-14 20:45:37.116 1246-2165/? V/WindowManager: Relayout Window{b4423f8 u0 com.samsung.android.app.spage}: viewVisibility=8 req=0x1600
2021-11-14 20:45:37.116 1858-1901/? D/KeyguardViewMediator: onScreenTurningOn
2021-11-14 20:45:37.117 1858-1858/? D/KeyguardViewMediator: handleMessage what = 6
2021-11-14 20:45:37.117 1858-1858/? D/KeyguardViewMediator: handleNotifyScreenTurningOn
2021-11-14 20:45:37.117 1858-1858/? D/FaceWidgetPagesController: refreshViews() reason = DOZE_TIME_TICK, force = false
2021-11-14 20:45:37.117 1246-2167/? V/KeyguardServiceDelegate: !@Boot_EBS_D: **** SHOWN CALLED ****
2021-11-14 20:45:37.117 1246-2167/? D/WindowManager: mKeyguardDelegate.ShowListener.onDrawn.
2021-11-14 20:45:37.117 1858-1858/? D/FaceWidgetClockPage_Full: refreshViews#start
2021-11-14 20:45:37.117 1246-1353/? W/WindowManager: Setting mKeyguardDrawComplete
2021-11-14 20:45:37.117 1858-1858/? I/DigitalHorizontalHmsClockView_LOCK_SCREEN: refresh : false
2021-11-14 20:45:37.117 1858-1858/? D/FaceWidgetClockPage_Full: refreshViews#end
2021-11-14 20:45:37.117 1858-1858/? D/FaceWidgetClockPage: refreshViews#start
2021-11-14 20:45:37.117 1858-1858/? I/DigitalHorizontalTypoClockView_LOCK_SCREEN: refresh : true
2021-11-14 20:45:37.118 2282-3962/? D/OpenGLRenderer: destroyEglSurface : 0x71d8d1de00
2021-11-14 20:45:37.118 1246-1353/? I/WindowManager: All windows ready for display!
2021-11-14 20:45:37.118 1246-1353/? W/WindowManager: Setting mWindowManagerDrawComplete
2021-11-14 20:45:37.119 1246-1353/? D/WindowManager: finishScreenTurningOn: mAwake=false, mScreenOnEarly=true, mScreenOnFully=false, mKeyguardDrawComplete=true, mWindowManagerDrawComplete=true
2021-11-14 20:45:37.119 1246-1353/? I/WindowManager: Finished screen turning on...
2021-11-14 20:45:37.119 2282-3962/? D/OpenGLRenderer: ~ReliableSurface : 0x715d6409c0
2021-11-14 20:45:37.119 1246-2165/? V/WindowManager: Relayout 13891: mAttrs={(0,0)(0xfill) sim={adjust=pan} ty=APPLICATION_PANEL fmt=RGBA_8888 fl=1000018 pfl=40 naviIconColor=0}, display=0
2021-11-14 20:45:37.120 13891-13891/? I/ViewRootImpl@1443c08[]: Relayout returned: old=(1280,0,1280,1600) new=(1280,0,1280,1600) req=(0,1600)8 dur=5 res=0x1 s={false 0} ch=false
2021-11-14 20:45:37.120 1246-1395/? D/BatteryExternalStatsWorker: done updateExternalStatsLocked
2021-11-14 20:45:37.121 1246-2167/? D/PowerManagerService: [api] acquire WakeLock DRAW_WAKE_LOCK 'Window:StatusBar' (uid=1000 pid=1246 pkg=android ws=WorkSource{10020 com.android.systemui})
2021-11-14 20:45:37.121 1246-2167/? D/PowerManagerService: [api] override the screen timeout by mNotificationLightScreenOverride
2021-11-14 20:45:37.121 1246-3993/? V/WindowManager: Relayout Window{5dad256 u0 com.sec.android.app.launcher/com.sec.android.app.launcher.activities.LauncherActivity}: viewVisibility=8 req=2560x1600
2021-11-14 20:45:37.121 1246-1444/? D/DisplayPowerController: animateScreenStateChange: target=2, targetInternal=2, dualScreenPolicy=-1
2021-11-14 20:45:37.121 1246-1444/? D/DisplayPowerController: getFinalBrightness : Summary is 94 -> 94
2021-11-14 20:45:37.121 1246-1444/? D/DisplayPowerController: mWindowManagerPolicy.screenTurnedOn()
2021-11-14 20:45:37.121 1246-1444/? V/KeyguardServiceDelegate: onScreenTurnedOn()
2021-11-14 20:45:37.121 1246-2240/? D/PowerManagerService: [api] override the screen timeout by mNotificationLightScreenOverride
2021-11-14 20:45:37.121 1246-3993/? E/WindowManager: win=Window{5dad256 u0 com.sec.android.app.launcher/com.sec.android.app.launcher.activities.LauncherActivity} destroySurfaces: appStopped=true win.mWindowRemovalAllowed=false win.mRemoveOnExit=false win.mViewVisibility=8 caller=com.android.server.wm.WindowManagerService.tryStartExitingAnimation:2797 com.android.server.wm.WindowManagerService.relayoutWindow:2530 com.android.server.wm.Session.relayout:202 android.view.IWindowSession$Stub.onTransact:716 com.android.server.wm.Session.onTransact:142 android.os.Binder.execTransactInternal:1056 android.os.Binder.execTransact:1029
2021-11-14 20:45:37.121 1246-3993/? I/WindowManager: Destroying surface Surface(name=com.sec.android.app.launcher/com.sec.android.app.launcher.activities.LauncherActivity$_2282)/@0xda23ed7 called by com.android.server.wm.WindowStateAnimator.destroySurface:1825 com.android.server.wm.WindowStateAnimator.destroySurfaceLocked:724 com.android.server.wm.WindowState.destroySurfaceUnchecked:3642 com.android.server.wm.WindowState.destroySurface:3616 com.android.server.wm.WindowManagerService.tryStartExitingAnimation:2797 com.android.server.wm.WindowManagerService.relayoutWindow:2530 com.android.server.wm.Session.relayout:202 android.view.IWindowSession$Stub.onTransact:716
2021-11-14 20:45:37.121 1246-1444/? D/PowerManagerService: DisplayPowerCallbacks : onStateChanged()
2021-11-14 20:45:37.121 1246-1444/? D/PowerManagerService: mDisplayReady: true
2021-11-14 20:45:37.121 1858-1901/? D/KeyguardViewMediator: onScreenTurnedOn
2021-11-14 20:45:37.121 1246-1444/? D/PowerManagerService: Setting HAL interactive mode to true
2021-11-14 20:45:37.121 1246-1444/? D/PowerManagerService: handleSandman : stopDream
2021-11-14 20:45:37.121 868-989/? I/Layer: id=56797 removeFromCurrentState com.sec.android.app.launcher/com.sec.android.app.launcher.activities.LauncherActivity$_2282#0 (76)
2021-11-14 20:45:37.121 1246-1444/? I/DreamManagerService: Gently waking up from dream.
2021-11-14 20:45:37.121 1246-1352/? I/DreamManagerService: Performing gentle wake from dream.
2021-11-14 20:45:37.122 833-3427/? I/Sec MiscPowerHAL: !@sysfs_write +: /sys/class/sec/sec_epen/input/enabled: 1
2021-11-14 20:45:37.122 1858-1858/? I/DigitalHorizontalTypoClockView_LOCK_SCREEN: onTimeChanged : [DateTimeInfo : date = Sun, November 14, hourMin = 8:45, hour = 8, minute = 45, amPm = PM, colon = :, second = , timezone = null, isLeftOfAmPm = false, ttsDate = Sunday, November 14]
2021-11-14 20:45:37.123 833-3427/? I/Sec MiscPowerHAL: !@sysfs_write -: /sys/class/sec/sec_epen/input/enabled: 1
2021-11-14 20:45:37.123 1858-1858/? W/GraphicUtils: getTextEmpty : skipped with null text
2021-11-14 20:45:37.123 1858-1858/? W/GraphicUtils: setLinearGradientTextColor : skipped with null text
2021-11-14 20:45:37.123 1858-1858/? D/FaceWidgetClockPage: refreshViews#end
2021-11-14 20:45:37.123 1858-1858/? D/FaceWidgetCloneClockPage: refreshViews#start
2021-11-14 20:45:37.123 1858-1858/? I/DigitalHorizontalTypoClockView_LOCK_SCREEN: refresh : false
2021-11-14 20:45:37.123 1858-1858/? D/FaceWidgetCloneClockPage: refreshViews#end
2021-11-14 20:45:37.123 1858-1858/? D/SysUICoverService: onScreenTurningOn()
2021-11-14 20:45:37.123 1858-1858/? D/KeyguardViewMediator: handleMessage what = 15
2021-11-14 20:45:37.123 833-3428/? I/Sec MiscPowerHAL: !@sysfs_write +: /sys/class/power_supply/battery/lcd: 1
2021-11-14 20:45:37.123 833-3428/? I/Sec MiscPowerHAL: !@sysfs_write -: /sys/class/power_supply/battery/lcd: 1
2021-11-14 20:45:37.123 1858-1858/? D/KeyguardViewMediator: handleNotifyScreenTurnedOn
2021-11-14 20:45:37.123 1246-3993/? V/WindowManager: Relayout 2282: mAttrs={(0,0)(fillxfill) sim={adjust=nothing} layoutInDisplayCutoutMode=always ty=BASE_APPLICATION fmt=TRANSPARENT wanim=0x10302f1 fl=81910100 pfl=20000 vsysui=2710 dimAmount=0.15 dimDuration=200 naviIconColor=0}, display=0
2021-11-14 20:45:37.124 868-989/? I/SurfaceFlinger: id=56797 Removed com.sec.android.app.launcher/com.sec.android.app.launcher.activities.LauncherActivity$_2282#0 (76)
2021-11-14 20:45:37.124 833-3426/? I/Sec MiscPowerHAL: !@sysfs_write +: /sys/class/sec/tsp/input/enabled: 1
2021-11-14 20:45:37.124 2282-2282/? I/ViewRootImpl@4ef6779[LauncherActivity]: Relayout returned: old=(0,0,2560,1600) new=(0,0,2560,1600) req=(2560,1600)8 dur=5 res=0x5 s={false 0} ch=false
2021-11-14 20:45:37.126 30751-30751/io.appium.settings D/PhoneWindow: forceLight changed to true [] from com.android.internal.policy.PhoneWindow.updateForceLightNavigationBar:4274 com.android.internal.policy.DecorView.updateColorViews:1547 com.android.internal.policy.PhoneWindow.dispatchWindowAttributesChanged:3252 android.view.Window.setFlags:1153 com.android.internal.policy.PhoneWindow.generateLayout:2474
2021-11-14 20:45:37.126 30751-30751/io.appium.settings I/MultiWindowDecorSupport: [INFO] isPopOver = false
2021-11-14 20:45:37.126 30751-30751/io.appium.settings I/MultiWindowDecorSupport: updateCaptionType >> DecorView@416b620[], isFloating: false, isApplication: true, hasWindowDecorCaption: false, hasWindowControllerCallback: true
2021-11-14 20:45:37.126 1246-1355/? D/GameSDK@LifeCycle: onFocusedStackChanged(): focusedStackInfo: Stack id=1718 bounds=[0,0][2560,1600] displayId=0 userId=0 configuration={1.0 ?mcc?mnc [en_US] ldltr sw711dp w1137dp h639dp 360dpi lrg hdr widecg land night finger -keyb/v/h -nav/h winConfig={ mBounds=Rect(0, 0 - 2560, 1600) mAppBounds=Rect(0, 0 - 2560, 1492) mWindowingMode=fullscreen mDisplayWindowingMode=fullscreen mActivityType=standard mAlwaysOnTop=undefined mRotation=ROTATION_90} s.1128 desktop/d ?dc bts=0 ff=0 bf=0} taskId=6759: io.appium.settings/io.appium.settings.Unlock bounds=[0,0][2560,1600] userId=0 visible=true topActivity=ComponentInfo{io.appium.settings/io.appium.settings.Unlock}
2021-11-14 20:45:37.126 30751-30751/io.appium.settings D/MultiWindowDecorSupport: setCaptionType = 0, DecorView = DecorView@416b620[]
2021-11-14 20:45:37.126 1246-1246/? W/UsageStatsService: Event reported without a package name, eventType:15
2021-11-14 20:45:37.129 868-868/? I/Layer: id=56797[1] Destroyed com.sec.android.app.launcher/com.sec.android.app.launcher.activities.LauncherActivity$_2282#0
2021-11-14 20:45:37.132 1858-1858/? D/FaceWidgetViewPager: onMeasure childCount:3 min:257
2021-11-14 20:45:37.132 1858-1858/? D/FaceWidgetViewPager: onMeasure index[2] childHeight[272]
2021-11-14 20:45:37.132 1858-1858/? D/FaceWidgetViewPager: onMeasure result: 272
2021-11-14 20:45:37.136 1246-1246/? D/InputMethodManagerService: IME window vis: 0 active: 0 inv: 0 displayId: 0
2021-11-14 20:45:37.136 1246-1246/? D/SamsungIMMSHWKeyboard: isConnectedDexOnPC false
2021-11-14 20:45:37.136 1246-1246/? D/InputMethodManagerService: isImeSwitcherDisabledPackage : false
2021-11-14 20:45:37.136 1246-1246/? I/WindowManager: Started waking up... (why=ON_BECAUSE_OF_APPLICATION)
2021-11-14 20:45:37.137 1246-1246/? D/SensorService: Calling batch handle==1600221811 flags=0 rate=66667000 timeout== 0
2021-11-14 20:45:37.137 1858-1858/? D/KeyguardSideMargin: isLandscapetrue
2021-11-14 20:45:37.137 804-879/? I/sensors-hal: batch:293, android.sensor.accelerometer/22, period=66667000, max_latency=0 request completed
2021-11-14 20:45:37.137 1858-1858/? D/KeyguardSideMargin: screenWidth2560
2021-11-14 20:45:37.137 1246-1246/? D/SensorService: [SO] handle [1600221811] setDelay [66667000]
2021-11-14 20:45:37.137 1246-1246/? D/SensorService: [SO] activate (ident=0x715556dc00, enabled=1)
2021-11-14 20:45:37.137 1246-1246/? D/SensorService: [SO] AR_init
2021-11-14 20:45:37.137 1246-1246/? D/SensorService: [SO] Reset Rotation oldrotation [100]
2021-11-14 20:45:37.137 804-879/? I/sensors-hal: activate:196, android.sensor.accelerometer/22 en=1
2021-11-14 20:45:37.137 1858-1858/? D/KeyguardSideMargin: screenHeight1600
2021-11-14 20:45:37.138 804-879/? I/sensors-hal: get_qmi_debug_flag:230, support_qmi_debug : false
2021-11-14 20:45:37.138 3397-3397/io.appium.uiautomator2.server I/tomator2.serve: The ClassLoaderContext is a special shared library.
2021-11-14 20:45:37.139 3397-3397/io.appium.uiautomator2.server I/tomator2.serve: The ClassLoaderContext is a special shared library.
2021-11-14 20:45:37.140 1858-1858/? D/KeyguardSideMargin: isLandscapetrue
2021-11-14 20:45:37.140 3397-3397/io.appium.uiautomator2.server W/tomator2.serve: ClassLoaderContext classpath size mismatch. expected=0, found=2 (PCL[]{PCL[/system/framework/android.test.mock.jar*494539449]{PCL[/system/framework/android.test.base.jar*1299883780]}#PCL[/system/framework/android.test.runner.jar*3312018701]{PCL[/system/framework/android.test.base.jar*1299883780]#PCL[/system/framework/android.test.mock.jar*494539449]{PCL[/system/framework/android.test.base.jar*1299883780]}}} | PCL[/system/framework/android.test.runner.jar*3312018701:/system/framework/android.test.mock.jar*494539449])
2021-11-14 20:45:37.140 1858-1858/? D/KeyguardSideMargin: screenWidth2560
2021-11-14 20:45:37.141 1858-1858/? D/KeyguardSideMargin: screenHeight1600
2021-11-14 20:45:37.141 804-879/? I/sensors-hal: activate:214, android.sensor.accelerometer/22 en=1 completed
2021-11-14 20:45:37.141 3397-3397/io.appium.uiautomator2.server W/tomator2.serve: ClassLoaderContext classpath size mismatch. expected=0, found=4 (PCL[] | PCL[/system/framework/android.test.runner.jar*3312018701:/system/framework/android.test.mock.jar*494539449:/data/app/io.appium.uiautomator2.server.test-bqLYaxCOY3B3GSYSaK8tvw==/base.apk*809781538:/data/app/io.appium.uiautomator2.server.test-bqLYaxCOY3B3GSYSaK8tvw==/base.apk!classes2.dex*4010845360])
2021-11-14 20:45:37.141 1246-1246/? D/SensorManager: registerListener :: 1600221811, Screen Orientation Sensor, 66667, 0,
2021-11-14 20:45:37.141 1246-1246/? D/WindowManager: WindowOrientationListener.enable duration=5
2021-11-14 20:45:37.142 1246-1246/? V/KeyguardServiceDelegate: onStartedWakingUp reason=2
2021-11-14 20:45:37.142 1246-3796/? I/ActivityTaskManager: moveTaskToBack: TaskRecord{8128d7e #6759 A=io.appium.settings U=0 StackId=1718 sz=1}
2021-11-14 20:45:37.142 1246-1246/? D/PowerManagerNotifier: handleEarlyInteractiveChange reason = 2
2021-11-14 20:45:37.142 1246-3796/? V/WindowManager: Prepare app transition: transit=TRANSIT_TASK_TO_BACK mNextAppTransition=TRANSIT_TASK_OPEN alwaysKeepCurrent=false displayId=0 Callers=com.android.server.wm.DisplayContent.prepareAppTransition:6356 com.android.server.wm.DisplayContent.prepareAppTransition:6350 com.android.server.wm.ActivityStack.moveTaskToBackLocked:6075 com.android.server.wm.ActivityStack.moveTaskToBackLocked:5995 com.android.server.wm.ActivityStack.moveTaskToBackLocked:5991
2021-11-14 20:45:37.142 1858-1901/? D/KeyguardViewMediator: onStartedWakingUpWithReason, seq = 932 why = 2
2021-11-14 20:45:37.143 1246-1246/? I/WindowManager: Finished waking up... (why=ON_BECAUSE_OF_APPLICATION)
2021-11-14 20:45:37.143 1246-1246/? V/KeyguardServiceDelegate: onFinishedWakingUp()
2021-11-14 20:45:37.143 804-3433/? I/sensors-hal: handle_indication_realtime:456, SCHED_FIFO(10) for qmi_cbk
2021-11-14 20:45:37.144 1246-3796/? D/ActivityTaskManager: Do not allow the default display to go to the bottom! caller=com.android.server.wm.ActivityStack.insertTaskAtBottom:3895 com.android.server.wm.ActivityStack.moveToBack:1588 com.android.server.wm.ActivityStack.moveTaskToBackLocked:6091 com.android.server.wm.ActivityStack.moveTaskToBackLocked:5995 com.android.server.wm.ActivityStack.moveTaskToBackLocked:5991 com.android.server.wm.ActivityStack.moveTaskToBackLocked:5987
2021-11-14 20:45:37.145 1246-3796/? D/ActivityTaskManager: updateMinimizedState: unknown notifyReason=2
2021-11-14 20:45:37.147 3397-3397/io.appium.uiautomator2.server W/tomator2.serve: Found duplicate classes, falling back to extracting from APK : /data/app/io.appium.uiautomator2.server-FJVeUyfKiCUedrU-kGr00w==/base.apk
2021-11-14 20:45:37.147 3397-3397/io.appium.uiautomator2.server W/tomator2.serve: NOTE: This wastes RAM and hurts startup performance.
2021-11-14 20:45:37.147 3397-3397/io.appium.uiautomator2.server W/tomator2.serve: Found duplicated class when checking oat files: 'Ljunit/runner/BaseTestRunner;' in /data/app/io.appium.uiautomator2.server-FJVeUyfKiCUedrU-kGr00w==/base.apk and /system/framework/android.test.runner.jar
2021-11-14 20:45:37.151 804-3433/? I/sensors-hal: handle_sns_std_sensor_event:542, [0][0] A(3) [ 1.680,-0.684, 9.632] 3483436887947878
2021-11-14 20:45:37.151 1246-1552/? D/SensorService: [SO] currT = 3483436887947878, prevT = 3483383354323369, diff = 53533624509, [1.680 -0.684 9.632]
2021-11-14 20:45:37.155 1246-1353/? D/CodecSolution: isMaxAspectPackageEx: com.sec.android.app.launcher : false(0)
2021-11-14 20:45:37.155 833-3426/? I/Sec MiscPowerHAL: !@sysfs_write -: /sys/class/sec/tsp/input/enabled: 1
2021-11-14 20:45:37.156 1246-1246/? V/SamsungAlarmManager: Sending to uid : 1000 action=com.android.server.action.NETWORK_STATS_POLL alarm=Alarm{661f173 type 3 when 3483015479 android}
2021-11-14 20:45:37.156 1858-2533/? D/KeyguardViewMediator: onFinishedWakingUp
2021-11-14 20:45:37.157 1246-3993/? D/PowerManagerService: [api] acquire WakeLock DRAW_WAKE_LOCK 'Window:StatusBar' ACQ=-36ms (uid=1000 pid=1246 pkg=android ws=WorkSource{10020 com.android.systemui})
2021-11-14 20:45:37.157 1246-1353/? D/CodecSolution: isMaxAspectPackageEx: com.sec.android.app.launcher : false(0)
2021-11-14 20:45:37.157 1246-3993/? D/PowerManagerService: [api] override the screen timeout by mNotificationLightScreenOverride
2021-11-14 20:45:37.158 1246-1355/? D/GameSDK@LifeCycle: onFocusedPackageChanged(): newPkgName: io.appium.settings, newPid: 30751
2021-11-14 20:45:37.158 1246-3993/? D/InputTransport: Input channel constructed: 'e0d4ca9', fd=107
2021-11-14 20:45:37.158 1246-3993/? D/InputTransport: Input channel constructed: 'e0d4ca9', fd=614
2021-11-14 20:45:37.158 868-2243/? I/SurfaceFlinger: id=56804 createSurf (0x0),-1 flag=80004, e0d4ca9 io.appium.settings/io.appium.settings.Unlock#0
2021-11-14 20:45:37.158 1858-2676/? I/OpenGLRenderer: doUpdatePositionAsync is called and callVoidMethod
2021-11-14 20:45:37.159 1246-1246/? D/PowerManagerService: [api] override the screen timeout by mNotificationLightScreenOverride
2021-11-14 20:45:37.159 1246-3993/? D/TspStateManagerInternal: updateDefaultValue customSetting=null
2021-11-14 20:45:37.159 1246-3993/? D/InputTransport: Input channel destroyed: 'e0d4ca9', fd=614
2021-11-14 20:45:37.159 1246-2167/? I/DreamManagerService: Leaving dreamland.
2021-11-14 20:45:37.160 1246-2167/? D/PowerManagerService: [api] release WakeLock DOZE_WAKE_LOCK 'DreamManagerService' ACQ=-53s374ms (uid=1000 pid=1246 pkg=android)
2021-11-14 20:45:37.160 1246-2167/? D/PowerManagerService: [api] override the screen timeout by mNotificationLightScreenOverride
2021-11-14 20:45:37.160 30751-30751/io.appium.settings I/ViewRootImpl@4cb519b[Unlock]: setView = com.android.internal.policy.DecorView@416b620 TM=true MM=false
2021-11-14 20:45:37.160 1246-1352/? I/DreamManagerService: Performing gentle wake from dream.
2021-11-14 20:45:37.160 1246-1352/? I/DreamController: Stopping dream: name=ComponentInfo{com.android.systemui/com.android.systemui.doze.DozeService}, isTest=false, canDoze=true, userId=0
2021-11-14 20:45:37.161 1246-1658/? D/PowerManagerService: [api] override the screen timeout by mNotificationLightScreenOverride
2021-11-14 20:45:37.161 1246-1355/? D/GameManagerService: MultiWindowEventListener.onFocusedStackChanged()
2021-11-14 20:45:37.161 1246-3993/? W/WindowManager: Execute app transition: mNextAppTransition=TRANSIT_TASK_OPEN, displayId: 0 Callers=com.android.server.wm.ActivityStack.executeAppTransition:7044 com.android.server.wm.ActivityStack.resumeTopActivityInnerLocked:3335 com.android.server.wm.ActivityStack.resumeTopActivityUncheckedLocked:3154 com.android.server.wm.RootActivityContainer.resumeFocusedStacksTopActivities:1297 com.android.server.wm.RootActivityContainer.resumeFocusedStacksTopActivities:1233
2021-11-14 20:45:37.162 1246-1355/? D/GameManagerService: getForegroundPair(), state=0, bounds=[0,0][2560,1600], displayId=0, userId=0, taskName=io.appium.settings/io.appium.settings.Unlock
2021-11-14 20:45:37.162 1246-1355/? D/GameManagerService: MultiWindowEventListener.onFocusedStackChanged(), pkgName: io.appium.settings, clsName: io.appium.settings.Unlock, fgActivityName:io.appium.settings/.Unlock, userID:0
2021-11-14 20:45:37.162 1246-1791/? D/GameManagerService: onLooperPrepared(), msg: { when=0 what=10000 obj=ComponentInfo{io.appium.settings/io.appium.settings.Unlock} target=com.samsung.android.game.GameManagerService$FgCheckThread$1 }
2021-11-14 20:45:37.162 1246-1791/? D/GameManagerService: handleResume(). display is turned off. ignore
2021-11-14 20:45:37.162 1246-1658/? D/NtpTrustedTime: currentTimeMillis() cache hit
2021-11-14 20:45:37.168 1246-3796/? V/WindowManager: Relayout Window{e0d4ca9 u0 io.appium.settings/io.appium.settings.Unlock}: viewVisibility=0 req=2560x1600
2021-11-14 20:45:37.169 752-1225/? I/netd: trafficSwapActiveStatsMap() <6.87ms>
2021-11-14 20:45:37.169 868-2243/? I/SurfaceFlinger: id=56805 createSurf (2560x1600),1 flag=404, io.appium.settings/io.appium.settings.Unlock$_30751#0
2021-11-14 20:45:37.170 1246-3796/? D/WindowManager: makeSurface duration=1 name=io.appium.settings/io.appium.settings.Unlock$_30751
2021-11-14 20:45:37.170 752-1225/? I/netd: tetherGetStats() <0.74ms>
2021-11-14 20:45:37.171 1246-3796/? V/WindowManager: Setting visibility of Window{e0d4ca9 u0 io.appium.settings/io.appium.settings.Unlock}: false, caller=com.android.server.wm.WindowContainer.sendAppVisibilityToClients:644 com.android.server.wm.AppWindowToken.setClientHidden:631 com.android.server.wm.AppWindowToken.onAnimationFinished:3903 com.android.server.wm.AppWindowToken.commitVisibility:913 com.android.server.wm.AppTransitionController.handleClosingApps:448
2021-11-14 20:45:37.172 1246-3796/? W/WindowManager: requestTraversal called while in layout. Callers=com.android.server.wm.WindowManagerService.requestTraversal:6422 com.android.server.wm.WindowState.onExitAnimationDone:5141 com.android.server.wm.-$$Lambda$01bPtngJg5AqEoOWfW3rWfV7MH4.accept:2
2021-11-14 20:45:37.172 1246-3796/? D/TspStateManagerInternal: updateDefaultValue customSetting=null
2021-11-14 20:45:37.172 1246-1658/? D/NtpTrustedTime: currentTimeMillis() cache hit
2021-11-14 20:45:37.174 1246-3796/? V/WindowManager: Relayout 30751: mAttrs={(0,0)(fillxfill) sim={adjust=pan forwardNavigation} ty=BASE_APPLICATION wanim=0x1030305 fl=81e90100 pfl=10020000 vsysui=10 naviIconColor=0}, display=0
2021-11-14 20:45:37.175 1246-1355/? D/MdnieScenarioControlService: MultiWindowState : false , mode : 0
2021-11-14 20:45:37.176 1246-1584/? I/CAE: handleMessage(CaPowerManager.java:193) - AP_SLEEP_Already_Delivered
2021-11-14 20:45:37.176 1246-1584/? I/CAE: handleMessage(CaPowerManager.java:214) - SCREEN_ON_Already_Delivered
2021-11-14 20:45:37.176 1246-1246/? V/SamsungAlarmManager: Sending to uid : 1000 action=com.android.server.em.EM_SYNC_TOKEN_STATE_TIMER alarm=Alarm{dae633a type 3 when 3483019734 android}
2021-11-14 20:45:37.176 30751-30751/io.appium.settings I/ViewRootImpl@4cb519b[Unlock]: Relayout returned: old=(0,0,2560,1600) new=(0,0,2560,1600) req=(2560,1600)0 dur=9 res=0x7 s={true 489149755392} ch=true
2021-11-14 20:45:37.176 1246-1246/? V/SamsungAlarmManager: Sending to uid : 1000 listener=com.android.server.AlarmManagerService$2@1732374 alarm=Alarm{e581beb type 3 when 3483399901 android}
2021-11-14 20:45:37.177 1000-1549/? I/CameraService: notifyMonitoredUids
2021-11-14 20:45:37.177 30751-6257/io.appium.settings D/OpenGLRenderer: createReliableSurface : 0x71dee44f00(0x71e398f000)
2021-11-14 20:45:37.178 30751-6257/io.appium.settings D/OpenGLRenderer: eglCreateWindowSurface : 0x717d768180
2021-11-14 20:45:37.180 1858-1858/? E/SensorManager: sensor is null
2021-11-14 20:45:37.180 1858-1858/? V/NavBarStoreImpl: ------handleEvent [EventType] ON_UPDATE_REMOTEVIEW [Module] SecNavigationBarView KEYS_RIGHT_REMOTEVIEW_CONTAINER=android.widget.LinearLayout{2c77d1f I.E...... ......I. 2194,0-2475,108 #7f0a054c app:id/right_remoteview} KEYS_LEFT_REMOTEVIEW_CONTAINER=android.widget.LinearLayout{c09e86c V.E...... ......ID 85,0-366,108 #7f0a039a app:id/left_remoteview} KEYS_CONTEXTUALBUTTON_VISIBLE=false KEYS_NAVBAR_DARK_INTENSITY=0.0
2021-11-14 20:45:37.180 1858-1858/? V/NavBarStoreImpl: --------[Band]REMOTE_VIEW_PACK_SET_REMOTEVIEW_CONTAINER
2021-11-14 20:45:37.180 1858-1858/? V/NavBarStoreImpl: ----------apply(UPDATE_NAVBAR_REMOTEVIEW_CONTAINER)
2021-11-14 20:45:37.180 1858-1858/? V/NavBarStoreImpl: ----------apply(UPDATE_NAVBAR_RIGHT_REMOTEVIEW_VISIBILITY)
2021-11-14 20:45:37.180 1858-1858/? V/NavBarStoreImpl: ----------isEnabled(NAVBAR_REMOTEVIEW_DARKINTENSITY_CHANGED)=false
2021-11-14 20:45:37.181 1858-1858/? D/KeyguardViewMediator: handleMessage what = 21
2021-11-14 20:45:37.181 1858-1858/? D/KeyguardViewMediator: handleNotifyWakingUp( why = 2 )
2021-11-14 20:45:37.181 1858-1858/? D/KeyguardWallpaperController: sendWallpaperCommand: action = WAKE_LOCK
2021-11-14 20:45:37.181 1858-1858/? D/KeyguardUpdateMonitor: requestBiometricAuth()
2021-11-14 20:45:37.181 1858-1858/? E/KeyguardUpdateMonitor: handleStartedWakingUp start 2
2021-11-14 20:45:37.181 1858-1858/? D/KeyguardUpdateMonitor: requestBiometricAuth()
2021-11-14 20:45:37.182 1858-32480/? D/KeyguardViewMediator: updateSALogging 2
2021-11-14 20:45:37.182 1858-32480/? D/SystemUIAnalytics: sendEventLog , , 5
2021-11-14 20:45:37.186 30751-6257/io.appium.settings D/OpenGLRenderer: makeCurrent EglSurface : 0x0 -> 0x717d768180
2021-11-14 20:45:37.188 1858-1858/? D/FaceWidgetContainer: handleStartedWakingUp()
2021-11-14 20:45:37.188 1858-1858/? D/FaceWidgetContainer: updateAdditionalViewSequence
2021-11-14 20:45:37.188 1858-1858/? D/FloatingShortcutView: updateEnableState() reason = 7, currentState = DisabledShortcutState, isFloatingShortcutEnabled=false, isSettingEnabled=false, isScreenOn=true, isMoreThanOneShortcutEnabled=true, isEmergencyModeDisabled=true, isUPSMDisabled=true, isNotBouncer=true, isKeyguardShowing=true, isDLSShortcutEnabled=true, isPluginDefaultViewMode=true, isFaceWidgetFullscreenModeDisabled=true
2021-11-14 20:45:37.188 1858-1858/? D/FloatingShortcutView: changeState() DisabledShortcutState reset
2021-11-14 20:45:37.188 1858-2252/? I/KeyguardViewMediator: onStartedWakingUp : ACTION_SNOTE_SCREEN_ON
2021-11-14 20:45:37.188 1246-3993/? D/WindowManager: finishDrawingWindow: Window{e0d4ca9 u0 io.appium.settings/io.appium.settings.Unlock} mDrawState=DRAW_PENDING
2021-11-14 20:45:37.189 1858-1858/? I/DymLock|DynamicLockManager: onStartedWakingUp()
2021-11-14 20:45:37.189 1858-1858/? I/DymLock|DynamicLockManager: notifyAction action[SCREEN_ON] arg[false]
2021-11-14 20:45:37.189 1858-1858/? I/DymLock|BaseAnimator: setTouchIgnored() false
2021-11-14 20:45:37.189 1858-1858/? I/DymLock|DynamicLockContainer: onStartedWakingUp()
2021-11-14 20:45:37.189 1858-1858/? E/KeyguardUpdateMonitor: handleStartedWakingUp end
2021-11-14 20:45:37.190 1858-1858/? V/NavBarStoreImpl: handleEvent [EventType] GET_BOOL_NAVBAR_CAN_MOVE_STATE [Module] SecNavigationBarView
2021-11-14 20:45:37.190 1858-1858/? V/NavBarStoreImpl: --[Band]GESTURE_PACK_GET_BOOL_NAVBAR_CAN_MOVE_NAVBARVIEW
2021-11-14 20:45:37.190 1858-1858/? V/NavBarStoreImpl: ----apply(SET_CURRENT_NAVBAR_CAN_MOVE)
2021-11-14 20:45:37.190 1858-1858/? V/NavBarStoreImpl: getResult(GET_BOOL_NAVBAR_CAN_MOVE_STATE)=false
2021-11-14 20:45:37.190 1858-1858/? D/KeyguardWallpaperController: onStartedWakingUp:
2021-11-14 20:45:37.190 1858-1858/? D/KeyguardWallpaperController: mWallpaperView.onResume()
2021-11-14 20:45:37.190 1858-1858/? D/KeyguardWallpaperController: mSemDisplaySolutionManager is called : true
2021-11-14 20:45:37.190 1246-2001/? D/AdaptiveDisplaySolutionService: setAutoCurrentLimitState() : true , mADSEnableCondition : true
2021-11-14 20:45:37.190 1246-2001/? I/AdaptiveDisplaySolutionService: updateAdaptiveControlState() : true
2021-11-14 20:45:37.190 1246-2001/? D/AdaptiveDisplaySolutionService: [AdaptiveControl]: ACL OFF
2021-11-14 20:45:37.190 1246-2001/? V/MdnieScenarioControlService: mAutoCurrentLimitOffState : true
2021-11-14 20:45:37.190 1246-2001/? D/AdaptiveDisplaySolutionService: fileWriteString to /sys/class/lcd/panel/adaptive_control, 18
2021-11-14 20:45:37.190 1246-1356/? D/PkgPredictorService: pkg:io.appium.settings activity:io.appium.settings.Unlock thisTime:109
2021-11-14 20:45:37.191 1246-1356/? V/WindowManager: performShow on Window{e0d4ca9 u0 io.appium.settings/io.appium.settings.Unlock}: mDrawState=READY_TO_SHOW readyForDisplay=false starting=false during animation: policyVis=true parentHidden=false tok.hiddenRequested=true tok.hidden=true animating=false tok animating=false Callers=com.android.server.wm.WindowState.performShowLocked:4812 com.android.server.wm.WindowStateAnimator.commitFinishDrawingLocked:407 com.android.server.wm.DisplayContent.lambda$new$8$DisplayContent:1026 com.android.server.wm.-$$Lambda$DisplayContent$qxt4izS31fb0LF2uo_OF9DMa7gc.accept:4
2021-11-14 20:45:37.192 1246-2001/? D/AdaptiveDisplaySolutionService: fileWriteString to /sys/class/lcd/panel/adaptive_control, 17
2021-11-14 20:45:37.195 1246-1444/? D/PowerManagerService: [api] DreamReceiver: onReceive: android.intent.action.DREAMING_STOPPED
2021-11-14 20:45:37.195 4453-4453/? V/AC:AirCommandMainController: mIntentReceiver : action = android.intent.action.DREAMING_STOPPED
2021-11-14 20:45:37.196 5308-5308/? I/TraySpecificModeController: SpecificModeReceiver : action = android.intent.action.DREAMING_STOPPED
2021-11-14 20:45:37.196 5308-5308/? I/TrayVisibilityController: onModeChanged : mode = 0
2021-11-14 20:45:37.197 5308-5308/? I/Utils: isCurrentUser current = 0, ownerId = 0
2021-11-14 20:45:37.197 5308-5308/? I/TrayVisibilityController: getComputedTrayVisible : keyguardState = 3
2021-11-14 20:45:37.197 5308-5308/? I/TrayVisibilityController: updateTrayVisible: State=3 visible=2 mCurrentVisible=2 specificMode=0
2021-11-14 20:45:37.197 1246-1356/? V/WindowManager: performShow on Window{e0d4ca9 u0 io.appium.settings/io.appium.settings.Unlock}: mDrawState=READY_TO_SHOW readyForDisplay=false starting=false during animation: policyVis=true parentHidden=false tok.hiddenRequested=true tok.hidden=true animating=false tok animating=false Callers=com.android.server.wm.WindowState.performShowLocked:4812 com.android.server.wm.DisplayContent.lambda$new$0$DisplayContent:705 com.android.server.wm.-$$Lambda$DisplayContent$0yxrqH9eGY2qTjH1u_BvaVrXCSA.accept:4 com.android.server.wm.WindowContainer$ForAllWindowsConsumerWrapper.apply:1188
2021-11-14 20:45:37.197 5308-5308/? I/TrayStateController: setUiState 2 : already 2
2021-11-14 20:45:37.198 1246-3891/? D/SamsungAlarmManager: Cancel Alarm calling from uid:10041 pid :28734 / op:PendingIntent{19a8bc7: PendingIntentRecord{84e55f4 com.google.android.gms broadcastIntent}}
2021-11-14 20:45:37.199 1246-1246/? D/SamsungAlarmManager: setExact Listener (T:3/F:1/AC:false) 20211114T204600 - CU:1000/CP:1246
2021-11-14 20:45:37.199 1246-1246/? I/SamsungAlarmManager: setLocked to kernel - T:2 / 20211114T204543, SetElapsed=3483443715, nowELAPSED=3483437100
2021-11-14 20:45:37.200 1246-1356/? V/WindowManager: performShow on Window{e0d4ca9 u0 io.appium.settings/io.appium.settings.Unlock}: mDrawState=READY_TO_SHOW readyForDisplay=false starting=false during animation: policyVis=true parentHidden=false tok.hiddenRequested=true tok.hidden=true animating=false tok animating=false Callers=com.android.server.wm.WindowState.performShowLocked:4812 com.android.server.wm.WindowStateAnimator.commitFinishDrawingLocked:407 com.android.server.wm.DisplayContent.lambda$new$8$DisplayContent:1026 com.android.server.wm.-$$Lambda$DisplayContent$qxt4izS31fb0LF2uo_OF9DMa7gc.accept:4
2021-11-14 20:45:37.200 868-989/? I/Layer: id=56799 removeFromCurrentState WindowToken{ba4c580 android.os.Binder@f461203}#0 (77)
2021-11-14 20:45:37.200 1246-1246/? E/AlarmManager: Set nextNonWakeup as mNextNonWakeupDeliveryTime=3483579902 , orig nextNonWakeup=0
2021-11-14 20:45:37.200 1246-1246/? I/SamsungAlarmManager: setLocked to kernel - T:3 / 20211114T204800, SetElapsed=3483579902, nowELAPSED=3483437101
2021-11-14 20:45:37.200 1246-1246/? V/SamsungAlarmManager: Sending to uid : 10133 action=null alarm=Alarm{81a1f92 type 1 when 1636950988642 com.samsung.android.game.gos}
2021-11-14 20:45:37.201 868-989/? I/SurfaceFlinger: id=56799 Removed WindowToken{ba4c580 android.os.Binder@f461203}#0 (77)
2021-11-14 20:45:37.202 4453-4453/? D/[AirCmd]_ModelFeatures: isSupportBleSpen : true
2021-11-14 20:45:37.202 4453-4453/? V/AC:Features: Keyguard on
2021-11-14 20:45:37.202 4453-4453/? I/AC:AirCommandMainController: startUi : showType=2 o:false btnPos=null
2021-11-14 20:45:37.206 3713-4191/? D/DMASA[S]: [SaProvider]get log ok : 472-399-5110257
2021-11-14 20:45:37.209 1246-2001/? D/AdaptiveDisplaySolutionService: fileWriteString to /sys/class/lcd/panel/adaptive_control, 16
2021-11-14 20:45:37.212 1246-1356/? V/WindowManager: performShow on Window{e0d4ca9 u0 io.appium.settings/io.appium.settings.Unlock}: mDrawState=READY_TO_SHOW readyForDisplay=false starting=false during animation: policyVis=true parentHidden=false tok.hiddenRequested=true tok.hidden=true animating=false tok animating=false Callers=com.android.server.wm.WindowState.performShowLocked:4812 com.android.server.wm.DisplayContent.lambda$new$0$DisplayContent:705 com.android.server.wm.-$$Lambda$DisplayContent$0yxrqH9eGY2qTjH1u_BvaVrXCSA.accept:4 com.android.server.wm.WindowContainer$ForAllWindowsConsumerWrapper.apply:1188
2021-11-14 20:45:37.212 868-868/? I/Layer: id=56799[1] Destroyed WindowToken{ba4c580 android.os.Binder@f461203}#0
2021-11-14 20:45:37.213 30751-6257/io.appium.settings D/OpenGLRenderer: makeCurrent EglSurface : 0x717d768180 -> 0x0
2021-11-14 20:45:37.213 30751-6257/io.appium.settings D/OpenGLRenderer: destroyEglSurface : 0x717d768180
2021-11-14 20:45:37.217 30751-6257/io.appium.settings D/OpenGLRenderer: ~ReliableSurface : 0x71dee44f00
2021-11-14 20:45:37.219 1246-2171/? V/WindowManager: Relayout Window{e0d4ca9 u0 io.appium.settings/io.appium.settings.Unlock}: viewVisibility=8 req=2560x1600
2021-11-14 20:45:37.220 1246-2171/? V/WindowManager: performShow on Window{e0d4ca9 u0 io.appium.settings/io.appium.settings.Unlock}: mDrawState=READY_TO_SHOW readyForDisplay=false starting=false during animation: policyVis=true parentHidden=false tok.hiddenRequested=true tok.hidden=true animating=false tok animating=false Callers=com.android.server.wm.WindowState.performShowLocked:4812 com.android.server.wm.WindowStateAnimator.commitFinishDrawingLocked:407 com.android.server.wm.DisplayContent.lambda$new$8$DisplayContent:1026 com.android.server.wm.-$$Lambda$DisplayContent$qxt4izS31fb0LF2uo_OF9DMa7gc.accept:4
2021-11-14 20:45:37.222 1246-2171/? V/WindowManager: Relayout 30751: mAttrs={(0,0)(fillxfill) sim={adjust=pan forwardNavigation} ty=BASE_APPLICATION wanim=0x1030305 fl=81e90100 pfl=10020000 vsysui=10 naviIconColor=0}, display=0
2021-11-14 20:45:37.222 30751-30751/io.appium.settings I/ViewRootImpl@4cb519b[Unlock]: Relayout returned: old=(0,0,2560,1600) new=(0,0,2560,1600) req=(2560,1600)8 dur=3 res=0x5 s={false 0} ch=true
2021-11-14 20:45:37.225 30751-30751/io.appium.settings I/ViewRootImpl@4cb519b[Unlock]: stopped(true) old=false
2021-11-14 20:45:37.225 1246-2001/? D/AdaptiveDisplaySolutionService: fileWriteString to /sys/class/lcd/panel/adaptive_control, 0
2021-11-14 20:45:37.226 1246-3993/? D/SecContentProvider2: query(), uri = 13 selection = isAirCommandModeAllowed
2021-11-14 20:45:37.226 1246-3993/? D/SecContentProvider2: isAirCommandModeAllowed uid = 0
2021-11-14 20:45:37.226 1858-1858/? D/StatusBar: makeExpandedVisible : mExpandedVisible = true, force = true, panelsEnabled = true
2021-11-14 20:45:37.226 1246-3993/? D/SecContentProvider2: isAirCommandModeAllowed return = true
2021-11-14 20:45:37.226 1858-1858/? D/FloatingShortcutView: updateVisibility() visible = true, mStatusBarState = 1, mIsPanelVisible = true, mIsExpanded = false
2021-11-14 20:45:37.227 1858-1858/? D/StatusBar-Window: Bouncer LP changed!!! = 0x4000, height = 0
2021-11-14 20:45:37.227 1858-1858/? D/StatusBar: disable disable2
2021-11-14 20:45:37.227 1858-1858/? D/StatusBar: disable disable2
2021-11-14 20:45:37.227 4453-4453/? D/[AirCmd]_CommonUtils: getEnterprisePolicyEnabled: ret = 1
2021-11-14 20:45:37.227 4453-4453/? D/AC:Features: isAirCommandEnabledFromKnox: elapsed Time = 2
2021-11-14 20:45:37.228 1858-1858/? D/KeyguardWallpaperController: mWallpaperView.reset()
2021-11-14 20:45:37.228 1858-1858/? D/AODOverlayContainer: setVisibility 8
2021-11-14 20:45:37.228 1246-1355/? D/GamePkgDataHelper: getSosPolicy(). io.appium.settings
2021-11-14 20:45:37.228 1246-1355/? D/GameManagerService: identifyGamePackage. io.appium.settings, mCurrentUserId: 0, callerUserId: 0
2021-11-14 20:45:37.228 1246-1355/? D/GamePkgDataHelper: getGamePkgData(). io.appium.settings
2021-11-14 20:45:37.229 1858-1858/? D/KeyguardSideMargin: isLandscapetrue
2021-11-14 20:45:37.229 1858-1858/? D/KeyguardSideMargin: screenWidth2560
2021-11-14 20:45:37.229 1858-1858/? D/KeyguardSideMargin: screenHeight1600
2021-11-14 20:45:37.230 1858-1858/? D/KeyguardSideMargin: isLandscapetrue
2021-11-14 20:45:37.230 1858-1858/? D/KeyguardSideMargin: screenWidth2560
2021-11-14 20:45:37.230 1858-1858/? D/KeyguardSideMargin: screenHeight1600
2021-11-14 20:45:37.230 1858-1858/? D/SwipeAnimator: RESET false
2021-11-14 20:45:37.231 1246-3796/? D/LSOService: isConfigured(LOCKSCREEN_ANY_FEATURE) - false
2021-11-14 20:45:37.231 1858-1858/? D/StatusBar: updateQsExpansionEnabled - QS Expand enabled: true
2021-11-14 20:45:37.231 1858-2253/? I/KeyguardViewMediator: updateActivityLockScreenState true false
2021-11-14 20:45:37.233 1858-1858/? D/FaceWidgetContainer: setExpandState() isExpand = false, mLockscreenPageState = SMALL, notificationCount = 0, mNotificationCount = 0
2021-11-14 20:45:37.233 1246-1356/? V/WindowManager: performShow on Window{e0d4ca9 u0 io.appium.settings/io.appium.settings.Unlock}: mDrawState=READY_TO_SHOW readyForDisplay=false starting=false during animation: policyVis=true parentHidden=false tok.hiddenRequested=true tok.hidden=true animating=false tok animating=false Callers=com.android.server.wm.WindowState.performShowLocked:4812 com.android.server.wm.DisplayContent.lambda$new$0$DisplayContent:705 com.android.server.wm.-$$Lambda$DisplayContent$0yxrqH9eGY2qTjH1u_BvaVrXCSA.accept:4 com.android.server.wm.WindowContainer$ForAllWindowsConsumerWrapper.apply:1188
2021-11-14 20:45:37.233 1858-1858/? D/KeyguardBottomAreaShortcutView: updateCameraVisibility isCameraDisabled:false visible:true
