2021-11-14 20:45:42.436 1858-1858/? D/StatusBar-Window: Bouncer LP changed!!! = 0x4000, height = 0
2021-11-14 20:45:42.437 1858-1858/? D/StatusBar: disable disable2
2021-11-14 20:45:42.437 1837-1996/? D/BtGatt.GattService: onScanResult to scannerId: 4- eventType=0x10, addressType=0, address=5C:1, primaryPhy=1, secondaryPhy=0, advertisingSid=0xff, txPower=127, rssi=-70, periodicAdvInt=0x0
2021-11-14 20:45:42.437 4453-4453/? I/ViewRootImpl@9303146[Air_Cmd(Floating)]: dispatchDetachedFromWindow
2021-11-14 20:45:42.437 1858-1858/? D/StatusBar: disable disable2
2021-11-14 20:45:42.437 1246-2254/? D/InputTransport: Input channel destroyed: '6ae2fb6', fd=614
2021-11-14 20:45:42.437 1858-1858/? D/KeyguardWallpaperController: mWallpaperView.reset()
2021-11-14 20:45:42.439 1858-1858/? D/KeyguardSecSecurityView: isNotiClickedOnShadeLocked= false
2021-11-14 20:45:42.439 1858-1858/? D/KeyguardViewBase: show()
2021-11-14 20:45:42.439 1858-1858/? V/KeyguardSecurityView: showPrimarySecurityScreen(turningOff=false)
2021-11-14 20:45:42.439 1858-1858/? D/KeyguardSecSecurityView: showSecurityScreen(None)
2021-11-14 20:45:42.440 868-1477/? I/Layer: id=56807 removeFromCurrentState 6ae2fb6 Air_Cmd(Floating)#0 (79)
2021-11-14 20:45:42.440 868-1477/? I/Layer: id=56806 removeFromCurrentState WindowToken{3828b51 android.os.BinderProxy@64f878}#0 (79)
2021-11-14 20:45:42.440 1858-1858/? D/KeyguardIndication: setVisible() false in dozing
2021-11-14 20:45:42.440 868-1479/? I/SurfaceFlinger: id=56807 Removed 6ae2fb6 Air_Cmd(Floating)#0 (79)
2021-11-14 20:45:42.440 4453-4453/? D/InputTransport: Input channel destroyed: '6ae2fb6', fd=62
2021-11-14 20:45:42.440 868-1479/? I/SurfaceFlinger: id=56806 Removed WindowToken{3828b51 android.os.BinderProxy@64f878}#0 (79)
2021-11-14 20:45:42.441 1858-1858/? D/KeyguardSecIndicationPolicy: remove Item pos = DEFAULT, type = LEGACY_TRANSIENT
2021-11-14 20:45:42.441 1858-1858/? D/KeyguardSecIndicationPolicy: add T Event pos = DEFAULT, type = BATTERY, id = 7531, text = Fully charged, duration = 3000
2021-11-14 20:45:42.441 1858-1858/? D/KeyguardSecIndicationPolicy: update top pos = DEFAULT, item = [id=0|ty=EMPTY_LOW|pr=1|txt=|ti=duration=PERSISTENT|an=false] -> [id=7531|ty=BATTERY|pr=40|txt=Fully charged|ti=duration=3000|an=false]
2021-11-14 20:45:42.441 1858-1858/? D/KeyguardSecIndicationController: onIndicationChanged() return - keyguard is not visible, pos = DEFAULT, item = [id=7531|ty=BATTERY|pr=40|txt=Fully charged|ti=duration=3000|an=false]
2021-11-14 20:45:42.441 1858-1858/? D/KeyguardSecIndicationPolicy: add Event pos = DEFAULT, type = BATTERY_RESTING, id = 7532, text = Fully charged
2021-11-14 20:45:42.441 1858-1858/? D/KeyguardSecIndicationController: onRefreshBatteryInfo() status = BatteryStatus{status=5,level=100,plugged=2,health=2,maxChargingWattage=-1,remaining=-1ultraFastCharger=0}
2021-11-14 20:45:42.441 1858-1858/? D/LockIcon: mCurrentState = 4, mLastState = 4, mLastDozing = false, mDozing = true, mLastPulsing = false, mPulsing = false, mLastBouncerVisible = false, mBouncerVisible = false, force = false
2021-11-14 20:45:42.442 1858-1858/? D/LockIcon: mCurrentState = 4, mLastState = 4, mLastDozing = false, mDozing = true, mLastPulsing = false, mPulsing = false, mLastBouncerVisible = false, mBouncerVisible = false, force = false
2021-11-14 20:45:42.442 1858-1858/? D/StatusBar: makeExpandedVisible : mExpandedVisible = true, force = true, panelsEnabled = true
2021-11-14 20:45:42.442 1858-1858/? D/FloatingShortcutView: updateVisibility() visible = true, mStatusBarState = 1, mIsPanelVisible = true, mIsExpanded = false
2021-11-14 20:45:42.443 868-868/? I/Layer: id=56806[1] Destroyed WindowToken{3828b51 android.os.BinderProxy@64f878}#0
2021-11-14 20:45:42.443 868-868/? I/Layer: id=56807[1] Destroyed 6ae2fb6 Air_Cmd(Floating)#0
2021-11-14 20:45:42.443 868-868/? I/Layer: id=56808[1] Destroyed WindowToken{b7ed3bc android.os.BinderProxy@cbac3af}#0
2021-11-14 20:45:42.443 868-868/? I/Layer: id=56809[1] Destroyed 8eb9f45 Air_Cmd(Launcher)#0
2021-11-14 20:45:42.444 1858-1858/? D/StatusBar-Window: Bouncer LP changed!!! = 0x4000, height = 0
2021-11-14 20:45:42.444 1858-1858/? D/StatusBar: disable disable2
2021-11-14 20:45:42.445 1858-1858/? D/StatusBar: disable disable2
2021-11-14 20:45:42.445 1246-1295/? V/WindowManager: Relayout 5308: mAttrs={(0,863)(67x174) gr=TOP RIGHT CENTER sim={adjust=nothing} layoutInDisplayCutoutMode=always ty=EDGE_OVERLAY fmt=TRANSPARENT sysuil=true fl=81800548 pfl=50 vsysui=600 dimAmount=0.0 dimDuration=0 naviIconColor=0}, display=0
2021-11-14 20:45:42.445 1858-1858/? D/StatusBar: makeExpandedVisible : mExpandedVisible = true, force = true, panelsEnabled = true
2021-11-14 20:45:42.445 1858-1858/? D/FloatingShortcutView: updateVisibility() visible = true, mStatusBarState = 1, mIsPanelVisible = true, mIsExpanded = false
2021-11-14 20:45:42.446 5308-5308/? I/ViewRootImpl@2d8512e[CocktailBarService]: Relayout returned: old=(2493,863,2560,1037) new=(2493,863,2560,1037) req=(67,174)8 dur=18 res=0x5 s={false 0} ch=true
2021-11-14 20:45:42.446 868-1477/? I/SurfaceFlinger: id=56810 Removed com.samsung.android.app.cocktailbarservice/com.samsung.android.app.cocktailbarservice.CocktailBarService$_5308#0 (75)
2021-11-14 20:45:42.447 1858-1858/? D/StatusBar-Window: Bouncer LP changed!!! = 0x4000, height = 0
2021-11-14 20:45:42.447 1858-1858/? D/StatusBar: disable disable2
2021-11-14 20:45:42.448 1858-1858/? D/StatusBar: disable disable2
2021-11-14 20:45:42.448 1858-1858/? D/KeyguardWallpaperController: mWallpaperView.reset()
2021-11-14 20:45:42.448 1858-1858/? D/DozeScreenState: transitionTo INITIALIZED shouldWaitForTransitionToAodUi : false
2021-11-14 20:45:42.448 5308-5308/? I/CocktailBarUiController: onCocktailBarStateChanged: flag=0x1 vis=2 bgType= showTimeout=-1 activate=true
2021-11-14 20:45:42.448 1858-1858/? D/DozeScreenState: setDozeScreenState(1, false)
2021-11-14 20:45:42.449 1858-1858/? D/DozeScreenState: Display state changed to 1 delayed by 1
2021-11-14 20:45:42.449 1858-1858/? E/DeviceType: getBrightnessValues not matched!
2021-11-14 20:45:42.449 1246-2166/? D/PowerManagerService: [api] setDozeOverrideFromDreamManager: screenState: OFF mode: 0x0 screenBrightness: -1 shouldWait: false
2021-11-14 20:45:42.449 1246-2166/? D/PowerManagerUtil: fileWriteString to /sys/class/lcd/panel/alpm, 0
2021-11-14 20:45:42.450 1246-2166/? D/PowerManagerService: [api] acquire WakeLock DOZE_WAKE_LOCK 'DreamManagerService' (uid=1000 pid=1246 pkg=android)
2021-11-14 20:45:42.450 1246-2166/? D/PowerManagerService: mDisplayReady: false
2021-11-14 20:45:42.450 1246-2166/? D/PowerManagerService: [PWL] sb acquire: PowerManagerService.Display
2021-11-14 20:45:42.450 1246-1444/? D/DisplayPowerController: animateScreenStateChange: target=1, targetInternal=1, dualScreenPolicy=-1
2021-11-14 20:45:42.451 1246-1444/? D/DisplayPowerController: getFinalBrightness : Summary is 0 -> 0
2021-11-14 20:45:42.451 1246-1444/? D/DisplayPowerController: Animating brightness: target=0, rate=0 (PSM:, AB limit:(-1 ~ -1) MB Limit:(-1 ~ -1), sf=1.0
2021-11-14 20:45:42.451 1246-1444/? D/PowerManagerService: DisplayPowerCallbacks : onStateChanged()
2021-11-14 20:45:42.451 1858-1858/? D/DozeService: startClockPack: dozeHost=PSB.DozeServiceHost[mCallbacks=0] mClockPackPlugin=null
2021-11-14 20:45:42.451 1246-1444/? D/PowerManagerService: mDisplayReady: true
2021-11-14 20:45:42.451 1246-1444/? D/PowerManagerService: [PWL] sb acquire: PowerManagerService.Broadcasts
2021-11-14 20:45:42.451 1246-1246/? I/WindowManager: Finished going to sleep... (why=OFF_BECAUSE_OF_TIMEOUT)
2021-11-14 20:45:42.452 1246-1444/? D/PowerManagerService: [PWL] sb release: PowerManagerService.Dozing
2021-11-14 20:45:42.452 1246-1444/? D/PowerManagerService: [PWL] sb release: PowerManagerService.Display
2021-11-14 20:45:42.453 1858-2533/? D/KeyguardViewMediator: onFinishedGoingToSleep(3)
2021-11-14 20:45:42.453 1246-2166/? V/WindowManager: Relayout Window{625425d u0 StatusBar}: viewVisibility=0 req=2560x1600
2021-11-14 20:45:42.453 1858-2533/? D/BioUnlock: isWakeAndUnlock false
2021-11-14 20:45:42.453 1858-2533/? D/BioUnlock: updateLooperSlowLog false
2021-11-14 20:45:42.453 1858-2533/? D/LooperSlowLogController: update 0 0 false
2021-11-14 20:45:42.454 1858-2533/? E/KeyguardViewMediator: resetStateLocked
2021-11-14 20:45:42.457 1246-2166/? V/WindowManager: Relayout 1858: mAttrs={(0,0)(fillxfill) gr=TOP CENTER_VERTICAL sim={adjust=resize} layoutInDisplayCutoutMode=always ty=STATUS_BAR fmt=TRANSLUCENT or=SCREEN_ORIENTATION_USER if=DISABLE_USER_ACTIVITY userActivityTimeout=5000 fl=81860040 pfl=880400 vsysui=2010 dimAmount=0.0 screenDimDuration=0 naviIconColor=0 sfl=40000}, display=0
2021-11-14 20:45:42.459 1858-1858/? I/ViewRootImpl@8259c7c[StatusBar]: Relayout returned: old=(0,0,2560,1600) new=(0,0,2560,1600) req=(2560,1600)0 dur=7 res=0x1 s={true 486971928576} ch=false
2021-11-14 20:45:42.459 868-868/? I/Layer: id=56810[1] Destroyed com.samsung.android.app.cocktailbarservice/com.samsung.android.app.cocktailbarservice.CocktailBarService$_5308#0
2021-11-14 20:45:42.461 1858-1858/? D/KeyguardSideMargin: isLandscapetrue
2021-11-14 20:45:42.461 1858-1858/? D/KeyguardSideMargin: screenWidth2560
2021-11-14 20:45:42.462 1858-1858/? D/KeyguardSideMargin: screenHeight1600
2021-11-14 20:45:42.462 1246-1246/? D/PkgPredictorService: Screen receive a broadcast: android.intent.action.SCREEN_OFF
2021-11-14 20:45:42.463 1246-1711/? D/PkgPredictorService-Collector: save one record successfully!
2021-11-14 20:45:42.464 1858-1858/? D/KeyguardSideMargin: isLandscapetrue
2021-11-14 20:45:42.464 1858-1858/? D/KeyguardSideMargin: screenWidth2560
2021-11-14 20:45:42.464 1858-1858/? D/KeyguardSideMargin: screenHeight1600
2021-11-14 20:45:42.465 1858-1858/? W/View: requestLayout() improperly called by com.android.keyguard.CarrierText{f67af4a V.ED..... ......ID 0,0-0,54 #7f0a030b app:id/keyguard_carrier_text} during layout: running second layout pass
2021-11-14 20:45:42.466 1246-1295/? V/WindowManager: Relayout Window{7dba58d u0 com.samsung.android.app.cocktailbarservice/com.samsung.android.app.cocktailbarservice.CocktailBarService}: viewVisibility=8 req=67x174
2021-11-14 20:45:42.469 1858-1858/? D/KeyguardSideMargin: isLandscapetrue
2021-11-14 20:45:42.469 1858-1858/? D/KeyguardSideMargin: screenWidth2560
2021-11-14 20:45:42.469 1858-1858/? D/KeyguardSideMargin: screenHeight1600
2021-11-14 20:45:42.471 1246-1295/? V/WindowManager: Relayout 5308: mAttrs={(0,863)(67x174) gr=TOP RIGHT CENTER sim={adjust=nothing} layoutInDisplayCutoutMode=always ty=EDGE_OVERLAY fmt=TRANSPARENT sysuil=true fl=81800548 pfl=50 vsysui=600 dimAmount=0.0 dimDuration=0 naviIconColor=0}, display=0
2021-11-14 20:45:42.471 5308-5308/? I/ViewRootImpl@2d8512e[CocktailBarService]: Relayout returned: old=(2493,863,2560,1037) new=(2493,863,2560,1037) req=(67,174)8 dur=6 res=0x1 s={false 0} ch=false
2021-11-14 20:45:42.472 1858-1858/? D/KeyguardSideMargin: isLandscapetrue
2021-11-14 20:45:42.472 1858-1858/? D/KeyguardSideMargin: screenWidth2560
2021-11-14 20:45:42.472 1858-1858/? D/KeyguardSideMargin: screenHeight1600
2021-11-14 20:45:42.475 791-2621/? I/vendor.qti.bluetooth@1.0-ibs_handler: ProcessIbsCmd: Received IBS_SLEEP_IND: 0xFE
2021-11-14 20:45:42.477 1858-2675/? I/OpenGLRenderer: doUpdatePositionAsync is called and callVoidMethod
2021-11-14 20:45:42.484 1246-1295/? V/WindowManager: Relayout Window{a036015 u0 Bouncer}: viewVisibility=4 req=2560x0
2021-11-14 20:45:42.488 1246-1295/? V/WindowManager: Relayout 1858: mAttrs={(0,0)(fillx0) gr=TOP CENTER_VERTICAL sim={adjust=resize} layoutInDisplayCutoutMode=always ty=KEYGUARD_DIALOG fmt=TRANSLUCENT if=DISABLE_USER_ACTIVITY userActivityTimeout=5000 fl=85000548 vsysui=510 dimAmount=0.0 screenDimDuration=0 naviIconColor=0 sfl=40000}, display=0
2021-11-14 20:45:42.489 1858-1858/? I/ViewRootImpl@112db8b[Bouncer]: Relayout returned: old=(0,0,2560,0) new=(0,0,2560,0) req=(2560,0)4 dur=6 res=0x1 s={false 0} ch=false
2021-11-14 20:45:42.489 1246-1295/? D/WindowManager: finishDrawingWindow: Window{625425d u0 StatusBar} mDrawState=HAS_DRAWN
2021-11-14 20:45:42.490 1858-1858/? D/QSMiscContainer: MumAndDexHelper.needToBeVisible() result:false, hasMultiUsers?false, DeviceState.isDesktopMode?false, DesktopManager.isDesktopMode?false, IsDexEnablingOrEnabled:false, userSwitcherEnabled:false
2021-11-14 20:45:42.491 1858-1858/? I/PluginClockPackImpl: onCreate()
2021-11-14 20:45:42.491 1858-1858/? I/ClockPack: !@ClockPack: constructor
2021-11-14 20:45:42.491 1858-1858/? I/DBManager: createSQLiteOpenHelperAdapter : mDBAdapter is NOT NULL.
2021-11-14 20:45:42.493 1858-1858/? D/DozeService: onPluginConnected: PluginClockPack
2021-11-14 20:45:42.493 1858-1858/? D/DozeService: startClockPack: dozeHost=PSB.DozeServiceHost[mCallbacks=0] mClockPackPlugin=com.samsung.android.app.clockpack.plugin.PluginClockPackImpl@4f5bc1
2021-11-14 20:45:42.493 1858-1858/? I/PluginClockPackImpl: onDreamingStarted()
2021-11-14 20:45:42.493 4453-4453/? V/AC:AirCommandMainController: mPriorityIntentReceiver : android.intent.action.SCREEN_OFF
2021-11-14 20:45:42.493 1858-1858/? I/ClockPack: !@ClockPack: onStart
2021-11-14 20:45:42.494 1858-1858/? I/MODManager: register
2021-11-14 20:45:42.495 1246-2254/? D/AODManagerService: registerAODDozeCallbackInternal
2021-11-14 20:45:42.496 1858-1858/? I/AODCommonUtils: isStandAloneDesktopMode : desktopModeState = SemDesktopModeState(DISABLED, STATE_UNDEFINED, DISPLAY_TYPE_NONE)
2021-11-14 20:45:42.498 1858-1858/? I/MODManager: registerFingerprintListener
2021-11-14 20:45:42.498 1246-2254/? D/FingerprintService: registerAodListener: called with: token = [android.os.BinderProxy@ad4a6c6], internal = [false], pid = [1858]
2021-11-14 20:45:42.504 1858-1858/? I/AODBatteryManager: updateBatteryData: ACTION_BATTERY_CHANGED
2021-11-14 20:45:42.504 1858-1858/? I/AODBatteryManager: getChargeEstimateTime: not charging
2021-11-14 20:45:42.504 1858-1858/? I/AODBatteryManager: saveBatteryData : AOD BatteryData [mBatteryLevel=100, mBatteryStatus=FULL, mBatteryPlugType=USB, mBatteryPlugged=true, mIsPowerSupplied=false, mRemainingChargeTime=0, mBatteryChargingType=0, mBatteryChargerType=NORMAL, mBatteryOnline=USB]
2021-11-14 20:45:42.504 1858-1858/? I/ChargingInfoManager: updateChargingInfo: newState = AOD ChargingInfo [mState=DETAIL_TEXT, mIsCharging=false, mIsFullyCharged=true], oldState = NONE
2021-11-14 20:45:42.505 1858-1858/? I/AODCommonUtils: isStandAloneDesktopMode : desktopModeState = SemDesktopModeState(DISABLED, STATE_UNDEFINED, DISPLAY_TYPE_NONE)
2021-11-14 20:45:42.506 1858-1858/? I/MODManager: showChargingInfo: false
2021-11-14 20:45:42.506 1858-1858/? I/MODManager: showChargingInfoOnlyContainer
2021-11-14 20:45:42.507 1858-1858/? I/ChargingInfoOnlyContainer: inflateChild:
2021-11-14 20:45:42.509 1246-1584/? I/CAE: handleMessage(CaPowerManager.java:193) - AP_SLEEP_Already_Delivered
2021-11-14 20:45:42.513 1858-1858/? I/ZigZagViewPositionControllerImpl[CHARGING_INFO]: initPosition: mRange = Rect(-16, 0 - 16, 80), mParams = ViewPositionParams {name = CHARGING_INFO, width = 32, height = 80, offset = Point(0, 0), interval = 10, gravity = 49, high = false}
2021-11-14 20:45:42.513 1858-1858/? I/ChargingInfoOnlyContainer: updateChargingInfoPosition: com.samsung.android.app.aodservice.common.widget.ChargingInfoOnlyContainer{1c2bbf2 V.E...... ......I. 0,0-0,0}
2021-11-14 20:45:42.513 1858-1858/? I/ZigZagViewPositionControllerImpl[CHARGING_INFO]: mStartX = -1, mStartY = -1
2021-11-14 20:45:42.513 1858-1858/? I/ZigZagViewPositionControllerImpl[CHARGING_INFO]: left = 16, right = 0, top = 40, bottomt = 0
2021-11-14 20:45:42.513 1858-1858/? I/ZigZagViewPositionControllerImpl[CHARGING_INFO]: updatePosition: mCurPoint = Point(16, 40), mRange = Rect(-16, 0 - 16, 80), count = 1, interval = 10
2021-11-14 20:45:42.513 1858-1858/? D/PluginAODManager: setBottomArea()
2021-11-14 20:45:42.514 1858-1858/? I/AODChargingInfoTimer: setAlarm: expiration = 11/14/2021 20:46
2021-11-14 20:45:42.518 1246-2254/? D/SamsungAlarmManager: setExact Listener (T:0/F:9/AC:false) 20211114T204642 - CU:10020/CP:1858
2021-11-14 20:45:42.518 1246-2254/? I/SamsungAlarmManager: setLocked to kernel - T:2 / 20211114T204609, SetElapsed=3483469233, nowELAPSED=3483442419
2021-11-14 20:45:42.518 1246-2254/? I/SamsungAlarmManager: setLocked to kernel - T:3 / 20211114T204600, SetElapsed=3483459901, nowELAPSED=3483442419
2021-11-14 20:45:42.518 1858-1858/? I/MODManager: onShow ChargingInfoOnlyContainer
2021-11-14 20:45:42.519 1858-1858/? D/ScoverManager: registerListener
2021-11-14 20:45:42.525 1858-1858/? I/AODBatteryManager: updateBatteryData: ACTION_BATTERY_CHANGED
2021-11-14 20:45:42.525 1858-1858/? I/AODBatteryManager: getChargeEstimateTime: not charging
2021-11-14 20:45:42.525 1858-1858/? I/AODBatteryManager: saveBatteryData : AOD BatteryData [mBatteryLevel=100, mBatteryStatus=FULL, mBatteryPlugType=USB, mBatteryPlugged=true, mIsPowerSupplied=false, mRemainingChargeTime=0, mBatteryChargingType=0, mBatteryChargerType=NORMAL, mBatteryOnline=USB]
2021-11-14 20:45:42.525 1858-1858/? I/ChargingInfoManager: updateChargingInfo: newState = AOD ChargingInfo [mState=DETAIL_TEXT, mIsCharging=false, mIsFullyCharged=true], oldState = DETAIL_TEXT
2021-11-14 20:45:42.526 1246-1246/? D/EdmStorageProvider: getCount(ClientCertificateManagerTable) - 1
2021-11-14 20:45:42.526 1246-1246/? D/ClientCertificateManager Service: Send message MSG_UPDATE_LOCK_STATUS
2021-11-14 20:45:42.530 1246-1246/? D/MotionRecognitionService: mReceiver.onReceive : ACTION_SCREEN_OFF
2021-11-14 20:45:42.531 1246-1355/? D/WindowManager: focusedDisplayId : 0
2021-11-14 20:45:42.531 1246-1598/? D/MotionRecognitionService: Screen off setAccIntStatus
2021-11-14 20:45:42.531 1246-1355/? D/WindowManager: w is invisible : 98f8db7 com.android.systemui.ImageWallpaper
2021-11-14 20:45:42.531 1246-1598/? E/MotionRecognitionService: handler : SCREEN_OFF end
2021-11-14 20:45:42.531 1246-1355/? D/WindowManager: w is invisible : cb816e com.android.settings/com.android.settings.Settings
2021-11-14 20:45:42.531 1246-1355/? D/WindowManager: w is invisible : cea846 com.android.settings.intelligence/com.android.settings.intelligence.search.SearchActivity
2021-11-14 20:45:42.531 1246-1355/? D/WindowManager: w is invisible : be4337d com.android.settings/com.android.settings.SubSettings
2021-11-14 20:45:42.532 1246-1355/? D/WindowManager: w is invisible : 959c085 com.sec.android.app.myfiles/com.sec.android.app.myfiles.external.ui.MainActivity
2021-11-14 20:45:42.532 1246-1598/? D/MotionRecognitionService: Not supported calcuratedLux type sensor
2021-11-14 20:45:42.532 1246-1355/? D/WindowManager: w is invisible : 5dad256 com.sec.android.app.launcher/com.sec.android.app.launcher.activities.LauncherActivity
2021-11-14 20:45:42.532 1246-1355/? D/WindowManager: w is invisible : b4423f8 com.samsung.android.app.spage
2021-11-14 20:45:42.532 1246-1355/? D/WindowManager: w is invisible : 3595192 MultiSplitDivider
2021-11-14 20:45:42.532 1246-1355/? D/WindowManager: w is invisible : e554342 MultiSplitStackDivider
2021-11-14 20:45:42.532 1246-1355/? D/WindowManager: w is invisible : 4c44aa4 DockedStackDivider
2021-11-14 20:45:42.532 1246-1355/? D/WindowManager: w is invisible : f9f0d80 AssistPreviewPanel
2021-11-14 20:45:42.532 1246-1598/? D/MotionRecognitionService: pocket detector is null
2021-11-14 20:45:42.532 1246-1598/? D/LiftUpHandler: already started..
2021-11-14 20:45:42.532 1246-1355/? D/WindowManager: w is invisible : 7dba58d com.samsung.android.app.cocktailbarservice/com.samsung.android.app.cocktailbarservice.CocktailBarService
2021-11-14 20:45:42.532 1246-1355/? D/WindowManager: w is invisible : a036015 Bouncer
2021-11-14 20:45:42.532 1246-1355/? D/WindowManager: w is invisible : fe97879 NavigationBar0
2021-11-14 20:45:42.532 1246-1355/? D/WindowManager: w is invisible : d3f5fdb ScreenDecorOverlay
2021-11-14 20:45:42.532 1246-1355/? D/WindowManager: w is invisible : cd0a031 ScreenDecorOverlayBottom
2021-11-14 20:45:42.532 1246-1355/? D/WindowManager: w is invisible : a089542 InputMethod
2021-11-14 20:45:42.532 1246-1355/? D/WindowManager: w is invisible : 98f8db7 com.android.systemui.ImageWallpaper
2021-11-14 20:45:42.532 1246-1355/? D/WindowManager: w is invisible : cb816e com.android.settings/com.android.settings.Settings
2021-11-14 20:45:42.532 1246-1355/? D/WindowManager: w is invisible : cea846 com.android.settings.intelligence/com.android.settings.intelligence.search.SearchActivity
2021-11-14 20:45:42.532 1246-1355/? D/WindowManager: w is invisible : be4337d com.android.settings/com.android.settings.SubSettings
2021-11-14 20:45:42.532 1246-1355/? D/WindowManager: w is invisible : 959c085 com.sec.android.app.myfiles/com.sec.android.app.myfiles.external.ui.MainActivity
2021-11-14 20:45:42.532 1246-1355/? D/WindowManager: w is invisible : 5dad256 com.sec.android.app.launcher/com.sec.android.app.launcher.activities.LauncherActivity
2021-11-14 20:45:42.533 1246-1355/? D/WindowManager: w is invisible : b4423f8 com.samsung.android.app.spage
2021-11-14 20:45:42.533 1246-1355/? D/WindowManager: w is invisible : 3595192 MultiSplitDivider
2021-11-14 20:45:42.533 1246-1355/? D/WindowManager: w is invisible : e554342 MultiSplitStackDivider
2021-11-14 20:45:42.533 1246-1355/? D/WindowManager: w is invisible : 4c44aa4 DockedStackDivider
2021-11-14 20:45:42.533 1246-1355/? D/WindowManager: w is invisible : f9f0d80 AssistPreviewPanel
2021-11-14 20:45:42.533 1246-1355/? D/WindowManager: w is invisible : 625425d StatusBar
2021-11-14 20:45:42.533 1246-1355/? D/WindowManager: w is invisible : 7dba58d com.samsung.android.app.cocktailbarservice/com.samsung.android.app.cocktailbarservice.CocktailBarService
2021-11-14 20:45:42.533 1246-1355/? D/WindowManager: w is invisible : a036015 Bouncer
2021-11-14 20:45:42.533 1246-1355/? D/WindowManager: w is invisible : fe97879 NavigationBar0
2021-11-14 20:45:42.533 1246-1355/? D/WindowManager: w is invisible : d3f5fdb ScreenDecorOverlay
2021-11-14 20:45:42.533 1246-1355/? D/WindowManager: w is invisible : cd0a031 ScreenDecorOverlayBottom
2021-11-14 20:45:42.533 1246-1355/? D/WindowManager: w is invisible : a089542 InputMethod
2021-11-14 20:45:42.533 1246-1355/? D/WindowManager: windowMattersToAccessibility, check : 625425d StatusBar
2021-11-14 20:45:42.538 1858-1858/? I/AODBatteryManager: updateBatteryData: ACTION_BATTERY_CHANGED
2021-11-14 20:45:42.539 1858-1858/? I/AODBatteryManager: getChargeEstimateTime: not charging
2021-11-14 20:45:42.539 1858-1858/? I/AODBatteryManager: saveBatteryData : AOD BatteryData [mBatteryLevel=100, mBatteryStatus=FULL, mBatteryPlugType=USB, mBatteryPlugged=true, mIsPowerSupplied=false, mRemainingChargeTime=0, mBatteryChargingType=0, mBatteryChargerType=NORMAL, mBatteryOnline=USB]
2021-11-14 20:45:42.539 1858-1858/? I/ChargingInfoManager: updateChargingInfo: newState = AOD ChargingInfo [mState=DETAIL_TEXT, mIsCharging=false, mIsFullyCharged=true], oldState = DETAIL_TEXT
2021-11-14 20:45:42.541 1858-1858/? I/AODBatteryManager: updateBatteryData: ACTION_BATTERY_CHANGED
2021-11-14 20:45:42.541 1858-1858/? I/AODBatteryManager: getChargeEstimateTime: not charging
2021-11-14 20:45:42.541 1858-1858/? I/AODBatteryManager: saveBatteryData : AOD BatteryData [mBatteryLevel=100, mBatteryStatus=FULL, mBatteryPlugType=USB, mBatteryPlugged=true, mIsPowerSupplied=false, mRemainingChargeTime=0, mBatteryChargingType=0, mBatteryChargerType=NORMAL, mBatteryOnline=USB]
2021-11-14 20:45:42.542 1858-1858/? D/AODOverlayContainer: setVisibility 0
2021-11-14 20:45:42.544 1246-1246/? D/SemWifiApSmartClient: LCD is OFF,so stop client advertize
2021-11-14 20:45:42.546 1246-1758/? I/ClientCertificateManager Service: handleMessage : 1
2021-11-14 20:45:42.546 1246-1758/? D/ClientCertificateManager Service: Initialize mInternalHandler MSG_UPDATE_LOCK_STATUS
2021-11-14 20:45:42.547 1246-1758/? I/ClientCertificateManager Service: ClientCertificateManager.isPremiumContainer() : false for user : 0
2021-11-14 20:45:42.547 1246-1246/? W/SemWifiApSmartBleScanner: Screen is OFF, restarting scanning
2021-11-14 20:45:42.548 791-2621/? I/vendor.qti.bluetooth@1.0-ibs_handler: ProcessIbsCmd: Received IBS_WAKE_IND: 0xFD
2021-11-14 20:45:42.548 791-2621/? I/vendor.qti.bluetooth@1.0-ibs_handler: ProcessIbsCmd: Writing IBS_WAKE_ACK
2021-11-14 20:45:42.548 1246-2640/? D/BluetoothAdapter: STATE_ON
2021-11-14 20:45:42.548 1246-2640/? D/BluetoothLeScanner: Stop Scan with callback
2021-11-14 20:45:42.548 1246-1758/? I/ClientCertificateManager Service: ClientCertificateManager.isPremiumContainer() : false for user : 0
2021-11-14 20:45:42.550 1837-1855/? D/BtGatt.ContextMap: remove() - id: 9
2021-11-14 20:45:42.550 1837-1855/? E/BtGatt.ContextMap: remove() - removed: 9
2021-11-14 20:45:42.550 1246-2640/? I/SemWifiApSmartBleScanner: Stopped scanning
2021-11-14 20:45:42.551 1921-1921/? E/wpa_sslib: Unknown driver command received: MAX_DTIM_IN_SUSPEND 1
2021-11-14 20:45:42.551 1921-1921/? E/wpa_supplicant: wpa_driver_nl80211_driver_cmd: failed to issue private commands
2021-11-14 20:45:42.551 1246-1667/? E/SupplicantStaIfaceHal: ISehSupplicantStaIface.setExtendedCommand failed: {.code = FAILURE_UNKNOWN, .debugMessage = }
2021-11-14 20:45:42.552 1246-1246/? D/WifiP2pService: GopsReceiver : received : android.intent.action.SCREEN_OFF
2021-11-14 20:45:42.552 1921-1921/? E/wpa_sslib: Unknown driver command received: SETSUSPENDMODE 1
2021-11-14 20:45:42.552 1246-1246/? D/WifiP2pService: GopsReceiver : received : android.intent.action.SCREEN_OFF time : 0ms
2021-11-14 20:45:42.553 1837-1996/? D/BtGatt.GattService: onScanResult to scannerId: 4- eventType=0x10, addressType=0, address=5C:1, primaryPhy=1, secondaryPhy=0, advertisingSid=0xff, txPower=127, rssi=-70, periodicAdvInt=0x0
2021-11-14 20:45:42.555 1246-1246/? D/LightsService: [api] [SvcLED] turnOff:: id = 4 (uid: 1000 pid: 1246)
2021-11-14 20:45:42.555 1246-1246/? D/LightsService: [api] [SvcLED] LED indicator : Not supported.
2021-11-14 20:45:42.556 1246-1246/? D/SmartAlertController: ACTION_SCREEN_OFF
2021-11-14 20:45:42.558 789-1657/? D/audio_hw_primary: adev_set_parameters: enter: screen_state=off
2021-11-14 20:45:42.558 789-1657/? V/voice: voice_set_parameters: enter: screen_state=off
2021-11-14 20:45:42.558 789-1657/? V/sm8150_platform: platform_set_parameters: enter: screen_state=off
2021-11-14 20:45:42.558 789-1657/? D/audio_hw_hfp: hfp_set_parameters: enter
2021-11-14 20:45:42.558 789-1657/? V/audio_hw_sec: factory_set_parameters: enter: screen_state=off
2021-11-14 20:45:42.558 789-1657/? D/audio_hw_hfp: hfp_set_parameters: enter
2021-11-14 20:45:42.558 789-1657/? D/audio_hw_extn: audio_extn_fm_set_parameters: Enter
2021-11-14 20:45:42.558 789-1657/? D/audio_hw_hfp: hfp_set_parameters: enter
2021-11-14 20:45:42.559 1837-2422/? E/BtGatt.GattService: [GSIM LOG]: gsimLogHandler, msg: MESSAGE_SCAN_STOP, appName: android.uid.system, scannerId: 9, reportDelayMillis=0
2021-11-14 20:45:42.559 1858-1858/? D/QSMiscContainer: MumAndDexHelper.needToBeVisible() result:false, hasMultiUsers?false, DeviceState.isDesktopMode?false, DesktopManager.isDesktopMode?false, IsDexEnablingOrEnabled:false, userSwitcherEnabled:false
2021-11-14 20:45:42.559 1858-1858/? I/chatty: uid=10020(com.samsung.desktopsystemui) com.android.systemui identical 2 lines
2021-11-14 20:45:42.559 1858-1858/? D/QSMiscContainer: MumAndDexHelper.needToBeVisible() result:false, hasMultiUsers?false, DeviceState.isDesktopMode?false, DesktopManager.isDesktopMode?false, IsDexEnablingOrEnabled:false, userSwitcherEnabled:false
2021-11-14 20:45:42.559 1858-1858/? D/KeyguardUpdateMonitor: handleKeyguardReset
2021-11-14 20:45:42.559 1858-1858/? D/KeyguardFingerPrint: updateFingerprintListeningState#mFingerprintRunningState=0 shouldListenForFingerprint=false
2021-11-14 20:45:42.560 1858-1858/? D/QSMiscContainer: MumAndDexHelper.needToBeVisible() result:false, hasMultiUsers?false, DeviceState.isDesktopMode?false, DesktopManager.isDesktopMode?false, IsDexEnablingOrEnabled:false, userSwitcherEnabled:false
2021-11-14 20:45:42.560 1858-1858/? I/chatty: uid=10020(com.samsung.desktopsystemui) com.android.systemui identical 2 lines
2021-11-14 20:45:42.560 1858-1858/? D/QSMiscContainer: MumAndDexHelper.needToBeVisible() result:false, hasMultiUsers?false, DeviceState.isDesktopMode?false, DesktopManager.isDesktopMode?false, IsDexEnablingOrEnabled:false, userSwitcherEnabled:false
2021-11-14 20:45:42.560 1858-1858/? D/DozeScreenState: setDozeScreenState(1, false)
2021-11-14 20:45:42.560 1858-1858/? D/ImageWallpaper: onAmbientModeChanged:true
2021-11-14 20:45:42.560 1858-1858/? D/KeyguardViewMediator: handleMessage what = 5
2021-11-14 20:45:42.560 1858-1858/? D/KeyguardViewMediator: handleNotifyFinishedGoingToSleep
2021-11-14 20:45:42.561 1858-1858/? D/KeyguardViewMediator: handleMessage what = 3
2021-11-14 20:45:42.561 1858-1858/? D/KeyguardViewMediator: handleReset
2021-11-14 20:45:42.561 1246-1246/? I/SamsungAlarmManager: setLocked to kernel - T:2 / 20211114T204609, SetElapsed=3483469233, nowELAPSED=3483442462
2021-11-14 20:45:42.561 1246-1246/? I/SamsungAlarmManager: setLocked to kernel - T:3 / 20211114T204600, SetElapsed=3483459901, nowELAPSED=3483442462
2021-11-14 20:45:42.561 1858-1858/? D/StatusBar: makeExpandedVisible : mExpandedVisible = true, force = true, panelsEnabled = true
2021-11-14 20:45:42.561 1246-1246/? D/SamsungAlarmManager: setInexact Listener (T:2/F:8/AC:false) 20211114T215642 - CU:1000/CP:1246
2021-11-14 20:45:42.561 1858-1858/? D/FloatingShortcutView: updateVisibility() visible = true, mStatusBarState = 1, mIsPanelVisible = true, mIsExpanded = false
2021-11-14 20:45:42.561 1246-1246/? I/SamsungAlarmManager: setLocked to kernel - T:2 / 20211114T204609, SetElapsed=3483469233, nowELAPSED=3483442462
2021-11-14 20:45:42.561 1246-1246/? I/SamsungAlarmManager: setLocked to kernel - T:3 / 20211114T204600, SetElapsed=3483459901, nowELAPSED=3483442462
2021-11-14 20:45:42.563 1858-1858/? D/StatusBar-Window: Bouncer LP changed!!! = 0x4000, height = 0
2021-11-14 20:45:42.563 1858-1858/? D/StatusBar: disable disable2
2021-11-14 20:45:42.564 1246-1246/? D/UniversalCredentialManagerService: inside mBReciever onReceive : android.intent.action.SCREEN_OFF
2021-11-14 20:45:42.564 1858-1858/? D/StatusBar: disable disable2
2021-11-14 20:45:42.564 1858-1858/? D/StatusBar: makeExpandedVisible : mExpandedVisible = true, force = true, panelsEnabled = true
2021-11-14 20:45:42.564 1858-1858/? D/FloatingShortcutView: updateVisibility() visible = true, mStatusBarState = 1, mIsPanelVisible = true, mIsExpanded = false
2021-11-14 20:45:42.565 1246-1246/? D/UniversalCredentialManagerService: ****MSG_LOCK_STATUS_UPDATE block started****
2021-11-14 20:45:42.565 1246-1246/? D/UniversalCredentialManagerService: notifyChangeToPlugin is called for Lock status update...
2021-11-14 20:45:42.565 1246-1246/? D/UcmService: notifyChangeToPlugin event 15
2021-11-14 20:45:42.565 1246-1246/? D/UcmService: checkCallerPermissionFor is called for method-notifyChangeToPlugin
2021-11-14 20:45:42.565 1246-1246/? D/UniversalCredentialManagerService: ****MSG_LOCK_STATUS_UPDATE block ended****
2021-11-14 20:45:42.566 1858-1858/? D/StatusBar-Window: Bouncer LP changed!!! = 0x4000, height = 0
2021-11-14 20:45:42.566 1858-1858/? D/StatusBar: disable disable2
2021-11-14 20:45:42.567 1858-1858/? D/StatusBar: disable disable2
2021-11-14 20:45:42.567 1858-1858/? D/KeyguardWallpaperController: mWallpaperView.reset()
2021-11-14 20:45:42.567 1858-1858/? D/KeyguardSecSecurityView: isNotiClickedOnShadeLocked= false
2021-11-14 20:45:42.568 1858-1858/? D/KeyguardViewBase: show()
2021-11-14 20:45:42.568 1858-1858/? V/KeyguardSecurityView: showPrimarySecurityScreen(turningOff=false)
2021-11-14 20:45:42.568 1858-1858/? D/KeyguardSecSecurityView: showSecurityScreen(None)
2021-11-14 20:45:42.569 1858-1858/? D/PowerUI.Notification: dismissUnintentionallyLcdOnNotice
2021-11-14 20:45:42.569 1858-2252/? I/KeyguardViewMediator: onFinishedGoingToSleep : ACTION_SNOTE_SCREEN_OFF
2021-11-14 20:45:42.569 1858-1858/? D/KeyguardFingerPrint: updateFingerprintListeningState#mFingerprintRunningState=0 shouldListenForFingerprint=false
2021-11-14 20:45:42.569 1858-1858/? D/KeyguardWallpaperController: onFinishedGoingToSleep:
2021-11-14 20:45:42.569 1246-1246/? V/WifiAwareStateManager: BroadcastReceiver: action=android.intent.action.SCREEN_OFF
2021-11-14 20:45:42.569 1246-1776/? D/WifiAwareStateManager: handleMessage: E msg.what=1
2021-11-14 20:45:42.569 1246-1776/? D/WifiAwareStateManager: processMsg: WaitState
2021-11-14 20:45:42.569 1246-1776/? V/WifiAwareStateManager: WaitState{ when=0 what=1 arg1=120 target=com.android.internal.util.StateMachine$SmHandler }
2021-11-14 20:45:42.569 1246-1776/? V/WifiAwareStateManager: processCommand: msg={ when=0 what=1 arg1=120 target=com.android.internal.util.StateMachine$SmHandler }
2021-11-14 20:45:42.569 1246-1776/? V/WifiAwareStateManager: reconfigureLocal(): transactionId=1225
2021-11-14 20:45:42.569 1246-1776/? D/WifiAwareStateManager: handleMessage: X
2021-11-14 20:45:42.570 1858-2533/? I/WallpaperService: Dispatch wallpaper command: 0, 0 action is SCREEN_TURNED_OFF
2021-11-14 20:45:42.570 1858-1858/? D/KeyguardWallpaperController: mWallpaperView.onPause()
2021-11-14 20:45:42.570 1858-1858/? D/StatusBar: makeExpandedVisible : mExpandedVisible = true, force = true, panelsEnabled = true
2021-11-14 20:45:42.570 1858-1858/? D/FloatingShortcutView: updateVisibility() visible = true, mStatusBarState = 1, mIsPanelVisible = true, mIsExpanded = false
2021-11-14 20:45:42.572 1858-1858/? D/StatusBar-Window: Bouncer LP changed!!! = 0x4000, height = 0
2021-11-14 20:45:42.572 1858-1858/? D/StatusBar: disable disable2
2021-11-14 20:45:42.573 1858-1858/? D/StatusBar: disable disable2
2021-11-14 20:45:42.573 1858-1858/? D/StatusBar: makeExpandedVisible : mExpandedVisible = true, force = true, panelsEnabled = true
2021-11-14 20:45:42.573 1858-1858/? D/FloatingShortcutView: updateVisibility() visible = true, mStatusBarState = 1, mIsPanelVisible = true, mIsExpanded = false
2021-11-14 20:45:42.575 1858-1858/? D/StatusBar-Window: Bouncer LP changed!!! = 0x4000, height = 0
2021-11-14 20:45:42.575 1858-1858/? D/StatusBar: disable disable2
2021-11-14 20:45:42.576 1858-1858/? D/StatusBar: disable disable2
2021-11-14 20:45:42.576 1858-1858/? D/KeyguardWallpaperController: mWallpaperView.reset()
2021-11-14 20:45:42.576 1858-1858/? D/FaceWidgetClockPage: updateClockSuspendState() reason = sleep, suspend=true, kv=true, wa=true, di=false, wu=false
2021-11-14 20:45:42.576 1858-1858/? I/DigitalHorizontalTypoClockView_LOCK_SCREEN: suspend : mSuspend = false, enable = true
2021-11-14 20:45:42.578 22876-22876/? I/SENL$UserHandleCompat: Main user!
2021-11-14 20:45:42.578 22876-22876/? I/SENL$MemoApplication$ActivityLifecycleTracker: isActivityRunning - U2NyZWVuT2ZmQWN0aXZpdHk=
2021-11-14 20:45:42.578 22876-22876/? I/SENL$CPLog$SO$ScreenOffBroadcastReceiver: onReceive, execute ScreenOffExecutor
2021-11-14 20:45:42.578 22876-22876/? I/SENL$CPLog$SO$ExecutorFactory: createExecutor : Intent { act=SCREEN_OFF flg=0x10 pkg=com.samsung.android.app.notes cmp=com.samsung.android.app.notes/com.samsung.android.support.senl.nt.composer.main.screenoff.view.receiver.statically.ScreenOffBroadcastReceiver (has extras) }
2021-11-14 20:45:42.578 22876-22876/? I/SENL$CPLog$SO$ScreenOffExecutor: execute executeType service
2021-11-14 20:45:42.578 22876-22876/? I/SENL$ServiceManager: canWorkOnBackground, result true
2021-11-14 20:45:42.578 1015-1015/? D/keystore: addAccessorToPrivilegedList : already exist data(0, CCM_LOCKED_u0)
2021-11-14 20:45:42.579 1246-1371/? D/SensorService: removeConnection, index : 0, size : 1
2021-11-14 20:45:42.579 1246-1371/? D/SensorService: # removeConnection, index : 0, size : 0
2021-11-14 20:45:42.579 1246-1371/? D/SensorService: Calling activate off 18
2021-11-14 20:45:42.579 804-804/? I/sensors-hal: activate:196, android.sensor.light/18 en=0
2021-11-14 20:45:42.579 1246-1246/? I/PersonaManagerService: UserReceiver.onReceive() {action:android.intent.action.SCREEN_OFF userHandle:-1}
2021-11-14 20:45:42.580 1858-1858/? I/DigitalHorizontalTypoClockView_LOCK_SCREEN: onTimeChanged : [DateTimeInfo : date = Sun, November 14, hourMin = 8:45, hour = 8, minute = 45, amPm = PM, colon = :, second = , timezone = null, isLeftOfAmPm = false, ttsDate = Sunday, November 14]
2021-11-14 20:45:42.581 1858-1858/? W/GraphicUtils: getTextEmpty : skipped with null text
2021-11-14 20:45:42.581 804-804/? I/sensors-hal: deactivate:248, disconnect qmi to disable sensor
2021-11-14 20:45:42.581 1858-1858/? W/GraphicUtils: setLinearGradientTextColor : skipped with null text
2021-11-14 20:45:42.581 804-804/? I/sensors-hal: activate:214, android.sensor.light/18 en=0 completed
2021-11-14 20:45:42.582 1858-1858/? D/FaceWidgetViewPager: onMeasure childCount:3 min:257
2021-11-14 20:45:42.582 1246-1371/? D/SensorManager: unregisterListener ::
2021-11-14 20:45:42.582 1858-1858/? D/FaceWidgetViewPager: onMeasure index[2] childHeight[272]
2021-11-14 20:45:42.582 1858-1858/? D/FaceWidgetViewPager: onMeasure result: 272
2021-11-14 20:45:42.582 1246-1246/? I/MdnieScenarioControlService: action : android.intent.action.SCREEN_OFF
2021-11-14 20:45:42.583 1246-2254/? V/WindowManager: Relayout Window{625425d u0 StatusBar}: viewVisibility=0 req=2560x1600
2021-11-14 20:45:42.583 22876-22876/? I/SENL$CPLog$SO$ScreenOffBroadcastReceiver: onReceive end
2021-11-14 20:45:42.584 22876-22876/? I/SENL$CPLog$SO$ScreenOffService: onStartCommand# hashCode/action/userId 165928282/SCREEN_OFF/0
2021-11-14 20:45:42.584 22876-22876/? I/SENL$CPLog$SO$NotifyExecutionFeature: isCheckingServiceRunning# false
2021-11-14 20:45:42.587 1246-1246/? I/AdaptiveDisplaySolutionService: action : android.intent.action.SCREEN_OFF
2021-11-14 20:45:42.588 1246-2254/? V/WindowManager: Relayout 1858: mAttrs={(0,0)(fillxfill) gr=TOP CENTER_VERTICAL sim={adjust=resize} layoutInDisplayCutoutMode=always ty=STATUS_BAR fmt=TRANSLUCENT or=SCREEN_ORIENTATION_USER if=DISABLE_USER_ACTIVITY userActivityTimeout=5000 fl=81860040 pfl=880400 vsysui=2010 dimAmount=0.0 screenDimDuration=0 naviIconColor=0 sfl=40000}, display=0
2021-11-14 20:45:42.590 1858-1858/? I/ViewRootImpl@8259c7c[StatusBar]: Relayout returned: old=(0,0,2560,1600) new=(0,0,2560,1600) req=(2560,1600)0 dur=7 res=0x1 s={true 486971928576} ch=false
2021-11-14 20:45:42.591 791-2621/? I/vendor.qti.bluetooth@1.0-ibs_handler: ProcessIbsCmd: Received IBS_SLEEP_IND: 0xFE
2021-11-14 20:45:42.593 1858-1858/? D/KeyguardSideMargin: isLandscapetrue
2021-11-14 20:45:42.593 1858-1858/? D/KeyguardSideMargin: screenWidth2560
2021-11-14 20:45:42.593 1858-1858/? D/KeyguardSideMargin: screenHeight1600
2021-11-14 20:45:42.596 1858-1858/? D/KeyguardSideMargin: isLandscapetrue
2021-11-14 20:45:42.596 1858-1858/? D/KeyguardSideMargin: screenWidth2560
2021-11-14 20:45:42.596 1858-1858/? D/KeyguardSideMargin: screenHeight1600
2021-11-14 20:45:42.599 1246-1688/? D/LocationManagerService: receive broadcast intent, action: android.intent.action.SCREEN_OFF - start
2021-11-14 20:45:42.599 1246-1688/? D/LocationManagerService: receive broadcast intent, action: android.intent.action.SCREEN_OFF duration : 0ms
2021-11-14 20:45:42.599 1246-2166/? V/WindowManager: Relayout Window{a036015 u0 Bouncer}: viewVisibility=4 req=2560x0
2021-11-14 20:45:42.603 1246-2166/? V/WindowManager: Relayout 1858: mAttrs={(0,0)(fillx0) gr=TOP CENTER_VERTICAL sim={adjust=resize} layoutInDisplayCutoutMode=always ty=KEYGUARD_DIALOG fmt=TRANSLUCENT if=DISABLE_USER_ACTIVITY userActivityTimeout=5000 fl=85000548 vsysui=510 dimAmount=0.0 screenDimDuration=0 naviIconColor=0 sfl=40000}, display=0
2021-11-14 20:45:42.605 1858-1858/? I/ViewRootImpl@112db8b[Bouncer]: Relayout returned: old=(0,0,2560,0) new=(0,0,2560,0) req=(2560,0)4 dur=7 res=0x1 s={false 0} ch=false
2021-11-14 20:45:42.608 1858-1858/? I/AODBatteryManager: updateBatteryData: ACTION_BATTERY_CHANGED
2021-11-14 20:45:42.608 22876-22876/? I/SENL$MemoApplication$ActivityLifecycleTracker: isActivityRunning - U2NyZWVuT2ZmQWN0aXZpdHk=
2021-11-14 20:45:42.608 1858-1858/? I/AODBatteryManager: getChargeEstimateTime: not charging
2021-11-14 20:45:42.608 1858-1858/? I/AODBatteryManager: saveBatteryData : AOD BatteryData [mBatteryLevel=100, mBatteryStatus=FULL, mBatteryPlugType=USB, mBatteryPlugged=true, mIsPowerSupplied=false, mRemainingChargeTime=0, mBatteryChargingType=0, mBatteryChargerType=NORMAL, mBatteryOnline=USB]
2021-11-14 20:45:42.608 1858-1858/? I/ChargingInfoView: handleMessage: MSG_SHOW_CHARGING_INFO
2021-11-14 20:45:42.608 1858-1858/? I/ChargingInfoView: updateContents: DETAIL_TEXT
2021-11-14 20:45:42.608 1858-1858/? I/AOD_WAKELOCK@WakeLockManager: acquireIfExists: tag - charging_info, timeout - 1000, reason - Charging Info is showing, delay by 1000, wakeLock = WakeLock{1498368 held=false, refCount=0}
2021-11-14 20:45:42.609 22876-22876/? I/SENL$SViewManager: getCoverType type 0
2021-11-14 20:45:42.609 22876-22876/? I/SENL$CPLog$SO$ScreenOffService: isAllowedStartCase# isCoverClosed/coverType false/0
2021-11-14 20:45:42.609 22876-22876/? I/SENL$CPLog$SO$StartCommandFactory: makeStartCommand# startCommand PreInitialize
2021-11-14 20:45:42.609 22876-22876/? I/SENL$CPLog$SO$ScreenOffService: isAllowedStartCase# isInteractive/isScreenOffRunning/startCommand/aodCommand false/false/PreInitialize/AODNone
2021-11-14 20:45:42.609 22876-22876/? I/SENL$CPLog$SO$StartCommandFactory: makeStartCommand# startCommand PreInitialize
2021-11-14 20:45:42.609 22876-22876/? I/SENL$CPLog$SO$ScreenOffService: createCovered#
2021-11-14 20:45:42.609 22876-22876/? I/SENL$CPLog$SO$ScreenOffService: preInitialize#
2021-11-14 20:45:42.609 22876-22876/? I/SENL$PowerManagerCompat: releaseWakeLock null
2021-11-14 20:45:42.609 1246-2166/? D/PowerManagerService: [api] acquire WakeLock DRAW_WAKE_LOCK 'charging_info' (uid=10020 pid=1858 pkg=com.android.systemui)
2021-11-14 20:45:42.610 22876-22876/? I/SENL$SpenSdkInitializer: Initialize# context: com.samsung.android.app.notes.MemoApplication@e908b68
2021-11-14 20:45:42.610 22876-22876/? I/SENL$CPLog$SO$NotifyExecutionModel: initNotifiedExecution# none
2021-11-14 20:45:42.610 1858-1858/? I/ChargingInfoManager: getDeviceChargingText: 0, 5, 100, 0
2021-11-14 20:45:42.611 1858-1858/? I/AbsChargingInfoComponent: setVisibilityWithAnim: true
2021-11-14 20:45:42.611 1246-2166/? I/Telecom:SamsungTelecomServiceImpl: getCallState - callingPid : 22876 / processName : sts
2021-11-14 20:45:42.611 1858-1858/? I/MODManager: onShow ChargingInfoOnlyContainer
2021-11-14 20:45:42.611 22876-22876/? I/SENL$CPLog$SO$ConfigurationModel: initCallStateIdle# true
2021-11-14 20:45:42.612 1858-1858/? I/ClockPack: onRequestDozeCharging
2021-11-14 20:45:42.612 1246-1295/? D/PowerManagerService: [api] setDozeOverrideFromDreamManager: screenState: OFF mode: 0x4 screenBrightness: -1 shouldWait: false
2021-11-14 20:45:42.612 1246-1295/? D/PowerManagerUtil: fileWriteString to /sys/class/lcd/panel/alpm, 4
2021-11-14 20:45:42.612 22876-22876/? I/SENL$CPLog$SO$ConfigurationModel: initMirrorDisplayExisted# lDisplayType
2021-11-14 20:45:42.612 22876-22876/? I/SENL$CPLog$SO$ConfigurationModel: initMirrorDisplayExisted# false
2021-11-14 20:45:42.613 1858-1858/? D/DozeScreenState: setDozeScreenState(4, false)
2021-11-14 20:45:42.613 1246-1688/? D/GnssLocationProvider: receive broadcast intent, action: android.intent.action.SCREEN_OFF
2021-11-14 20:45:42.614 1246-2166/? D/PowerManagerService: [api] acquire WakeLock DRAW_WAKE_LOCK 'DozeScreenState' (uid=10020 pid=1858 pkg=com.android.systemui)
2021-11-14 20:45:42.614 2004-2004/? D/EventReceiver_FLP: BroadcastReceiver : ACTION_SCREEN_OFF
2021-11-14 20:45:42.614 2004-2004/? D/EventReceiver_FLP: BroadcastReceiver finished
2021-11-14 20:45:42.617 1246-2254/? D/PowerManagerService: [api] setDozeOverrideFromDreamManager: screenState: DOZE_SUSPEND mode: 0x4 screenBrightness: -1 shouldWait: false
2021-11-14 20:45:42.617 1246-2254/? D/PowerManagerService: mDisplayReady: false
2021-11-14 20:45:42.617 22876-22876/? I/SENL$CPLog$SO$ConfigurationModel: initAODEnabled# false
2021-11-14 20:45:42.617 1246-1444/? D/DisplayPowerController: animateScreenStateChange: target=3, targetInternal=3, dualScreenPolicy=-1
2021-11-14 20:45:42.618 22876-22876/? I/SENL$CPLog$SO$ConfigurationModel: initHasAODServiceMetaData# false
2021-11-14 20:45:42.618 1246-1444/? D/DisplayPowerState: !@ ColorFade exit
2021-11-14 20:45:42.618 22876-22876/? I/SENL$CPLog$SO$ConfigurationModel: initUseScopedStorage# false
2021-11-14 20:45:42.618 22876-22876/? I/SENL$CPLog$SO$ConfigurationModel: initSupportRotation# SemPlatformVersion : 110500
2021-11-14 20:45:42.618 1246-1395/? D/BatteryExternalStatsWorker: update stats
2021-11-14 20:45:42.618 1246-1395/? D/BatteryExternalStatsWorker: WifiActivityEnergyInfo was updated
2021-11-14 20:45:42.618 1246-1395/? D/BatteryExternalStatsWorker: BluetoothActivityEnergyInfo was updated
2021-11-14 20:45:42.618 1246-1444/? D/PowerManagerService: [input device light] onColorFadeExit(true)
2021-11-14 20:45:42.618 1246-1395/? D/BatteryExternalStatsWorker: ModemActivityEnergyInfo was updated
2021-11-14 20:45:42.618 22876-22876/? I/SENL$CPLog$SO$ConfigurationModel: initSupportRotation# systemRotationSetting/lockScreenRotationSetting : true/true
2021-11-14 20:45:42.618 22876-22876/? I/SENL$CPLog$SO$ConfigurationModel: initSupportRotation# true
2021-11-14 20:45:42.619 868-1479/? I/Layer: id=56821 removeFromCurrentState ColorFade#0 (74)
2021-11-14 20:45:42.619 1246-2254/? D/PowerManagerService: [PWL] sb acquire: PowerManagerService.Display
2021-11-14 20:45:42.619 868-1477/? I/SurfaceFlinger: id=56821 Removed ColorFade#0 (74)
2021-11-14 20:45:42.620 1246-1444/? D/AutomaticBrightnessController: setLightSensorEnabled: true
2021-11-14 20:45:42.620 1858-1858/? D/QSMiscContainer: MumAndDexHelper.needToBeVisible() result:false, hasMultiUsers?false, DeviceState.isDesktopMode?false, DesktopManager.isDesktopMode?false, IsDexEnablingOrEnabled:false, userSwitcherEnabled:false
2021-11-14 20:45:42.620 22876-22876/? I/SENL$CPLog$SO$ConfigurationModel: initSupportAOP# str.charAt(0) 1
2021-11-14 20:45:42.620 22876-22876/? I/SENL$CPLog$SO$ConfigurationModel: initSupportAOP# true
2021-11-14 20:45:42.620 1858-1858/? D/QSMiscContainer: MumAndDexHelper.needToBeVisible() result:false, hasMultiUsers?false, DeviceState.isDesktopMode?false, DesktopManager.isDesktopMode?false, IsDexEnablingOrEnabled:false, userSwitcherEnabled:false
2021-11-14 20:45:42.620 1858-1858/? I/chatty: uid=10020(com.samsung.desktopsystemui) com.android.systemui identical 1 line
2021-11-14 20:45:42.620 1858-1858/? D/QSMiscContainer: MumAndDexHelper.needToBeVisible() result:false, hasMultiUsers?false, DeviceState.isDesktopMode?false, DesktopManager.isDesktopMode?false, IsDexEnablingOrEnabled:false, userSwitcherEnabled:false
2021-11-14 20:45:42.621 1858-1858/? D/KeyguardUpdateMonitor: handleKeyguardReset
2021-11-14 20:45:42.621 1858-1858/? D/KeyguardFingerPrint: updateFingerprintListeningState#mFingerprintRunningState=0 shouldListenForFingerprint=false
2021-11-14 20:45:42.621 22876-22876/? I/SENL$CPLog$SO$ConfigurationModel: initUseMultiplePens# true
2021-11-14 20:45:42.621 1246-2062/? D/SLocation: SGeofenceManager - sgfm received : android.intent.action.SCREEN_OFF
2021-11-14 20:45:42.621 1246-2062/? D/SamsungAlarmManager: Cancel Alarm calling from uid:1000 pid :1246 / listener:android.app.AlarmManager$ListenerWrapper@2430795
2021-11-14 20:45:42.621 22876-22876/? I/SENL$InputMethodDelegateSemImpl: configShowNavigationBar id/res.getBoolean(id) : 17891530/true
2021-11-14 20:45:42.621 22876-22876/? I/SENL$CPLog$SO$ConfigurationModel: initHasSWNavigation# true
2021-11-14 20:45:42.621 22876-22876/? I/SENL$CPLog$SO$ConfigurationModel: initHasGestureNavigation# false
2021-11-14 20:45:42.622 22876-22876/? I/SENL$CPLog$SO$ConfigurationModel: initScreenTimeOut# 600000
2021-11-14 20:45:42.622 1246-2062/? I/SamsungAlarmManager: setLocked to kernel - T:2 / 20211114T204609, SetElapsed=3483469233, nowELAPSED=3483442523
2021-11-14 20:45:42.622 22876-22876/? I/SENL$CPLog$SO$PenPairedColorModel: initPairedColorType# model/pairedColorType : SM-T860/PEN
2021-11-14 20:45:42.622 1246-2062/? I/SamsungAlarmManager: setLocked to kernel - T:3 / 20211114T204600, SetElapsed=3483459901, nowELAPSED=3483442523
2021-11-14 20:45:42.622 22876-22876/? I/SENL$CPLog$SO$PenColorPaletteModel: initPenColorDataList# lDescription Light yellow, Dark pink, Light green, Warm blue, White,
2021-11-14 20:45:42.622 1858-1858/? D/QSMiscContainer: MumAndDexHelper.needToBeVisible() result:false, hasMultiUsers?false, DeviceState.isDesktopMode?false, DesktopManager.isDesktopMode?false, IsDexEnablingOrEnabled:false, userSwitcherEnabled:false
2021-11-14 20:45:42.622 1858-1858/? I/chatty: uid=10020(com.samsung.desktopsystemui) com.android.systemui identical 1 line
2021-11-14 20:45:42.623 1858-1858/? D/QSMiscContainer: MumAndDexHelper.needToBeVisible() result:false, hasMultiUsers?false, DeviceState.isDesktopMode?false, DesktopManager.isDesktopMode?false, IsDexEnablingOrEnabled:false, userSwitcherEnabled:false
2021-11-14 20:45:42.623 22876-22876/? I/SENL$CPLog$SO$PenInfoModel: initPairedColorCode# enabledWritingColorSwitch/currentPairedColorCode/savedPairedColorCode true/ZA/DEF
2021-11-14 20:45:42.623 22876-22876/? I/SENL$CPLog$SO$PenInfoModel: initCurrentPairedColor# colorCode : ZA
2021-11-14 20:45:42.623 1858-1858/? D/QSMiscContainer: MumAndDexHelper.needToBeVisible() result:false, hasMultiUsers?false, DeviceState.isDesktopMode?false, DesktopManager.isDesktopMode?false, IsDexEnablingOrEnabled:false, userSwitcherEnabled:false
2021-11-14 20:45:42.623 22876-22876/? I/SENL$CPLog$SO$PenInfoModel: loadColorData# not contains #D9D9D9
2021-11-14 20:45:42.623 22876-22876/? I/SENL$CPLog$SO$PenInfoModel: initSettingPenInfo# color/size/sizeLevel #D9D9D9/11.0/24
