2021-11-14 20:45:42.623 1246-1395/? D/BatteryExternalStatsWorker: done updateExternalStatsLocked
2021-11-14 20:45:42.623 22876-22876/? E/SENL$CPLog$SO$PenInfoModel: initPenPositionType# /sys/class/sec/sec_epen/input/device/of_node/wacom,spen_garage_pos: open failed: ENOENT (No such file or directory)
2021-11-14 20:45:42.623 22876-22876/? I/SENL$CPLog$SO$PenInfoModel: initPenPositionType# model/mPenPositionType : SM-T860/RIGHT
2021-11-14 20:45:42.623 1246-1444/? D/SensorService: Calling batch handle==11 flags=0 rate=50000000 timeout== 0
2021-11-14 20:45:42.623 22876-22876/? I/SENL$CPLog$SO$LottieAnimationModel: initPenDetachAnimationView#
2021-11-14 20:45:42.623 804-804/? I/sensors-hal: batch:293, com.samsung.sensor.light_cct/11, period=50000000, max_latency=0 request completed
2021-11-14 20:45:42.624 804-804/? I/sensors-hal: activate:196, com.samsung.sensor.light_cct/11 en=1
2021-11-14 20:45:42.624 804-804/? I/sensors-hal: get_qmi_debug_flag:230, support_qmi_debug : false
2021-11-14 20:45:42.626 868-868/? I/Layer: id=56821[1] Destroyed ColorFade#0
2021-11-14 20:45:42.626 22876-22876/? I/SENL$CPLog$SO$LottieAnimationModel: initPenHoverAnimationView#
2021-11-14 20:45:42.631 1858-2304/? D/vol.VolumeDialogControl: onReceive ACTION_SCREEN_OFF
2021-11-14 20:45:42.632 804-804/? I/sensors-hal: activate:214, com.samsung.sensor.light_cct/11 en=1 completed
2021-11-14 20:45:42.632 1246-1444/? D/SensorManager: registerListener :: 11, Light CCT Non-wakeup, 50000, 0,
2021-11-14 20:45:42.633 1246-1444/? D/DisplayPowerController: getFinalBrightness : Summary is 0 -> 0
2021-11-14 20:45:42.633 1246-1444/? D/DisplayPowerController: Animating brightness: target=0, rate=0 (PSM:, AB limit:(-1 ~ -1) MB Limit:(-1 ~ -1), sf=1.0
2021-11-14 20:45:42.633 1246-1444/? V/DisplayPowerController: Brightness [0] reason changing to: '0', previous reason: 'screen_off'.
2021-11-14 20:45:42.633 1246-1780/? D/DisplayManagerService: !@display_state internal: OFF -> DOZE
2021-11-14 20:45:42.633 1246-1780/? D/LocalDisplayAdapter: !@ display_state: OFF -> DOZE (id:19261213734341249)
2021-11-14 20:45:42.634 1246-1355/? I/DisplayManagerService: Display device changed state: "Built-in Screen", DOZE
2021-11-14 20:45:42.634 868-868/? D/SurfaceFlinger: Setting power mode 2 on display 19261213734341249
2021-11-14 20:45:42.634 799-799/? I/SDM: DisplayBase::SetDisplayState: Set state = 1, display 28-0, teardown = 0
2021-11-14 20:45:42.638 1246-1584/? I/CAE: handleMessage(CaPowerManager.java:193) - AP_SLEEP_Already_Delivered
2021-11-14 20:45:42.638 1246-1584/? I/CAE: sendCmdToSensorHub(SensorHubCommManager.java:158) - -63, 71, 0, 1,
2021-11-14 20:45:42.639 1246-1585/? D/SensorService: setSContextDataLocked ints length 2 , byte length 4
2021-11-14 20:45:42.639 804-804/? I/sensors-hal: inject_sensor_data:375, handle 4 send inject
2021-11-14 20:45:42.639 804-804/? I/sensors-hal: sendContextData:275, sensor hal 4, (c1, 71, 0)
2021-11-14 20:45:42.639 804-804/? I/sensors-hal: sendContextData:218, activities 4 c1
2021-11-14 20:45:42.639 804-804/? I/sensors-hal: sendUserData:236, Activities is disabled 0
2021-11-14 20:45:42.639 804-804/? I/sensors-hal: sendContextData:91, common_info 4
2021-11-14 20:45:42.639 804-804/? I/sensors-hal: sendUserData:114, CommonInfo 0xc1 0x47 0x0
2021-11-14 20:45:42.639 804-804/? I/sensors-hal: create_send_context_data:67, sending create_send_context_data
2021-11-14 20:45:42.639 804-804/? I/sensors-hal: send_context_data:450, common_info, 4914309147815575552, 1320970896291267344, msgid:700
2021-11-14 20:45:42.640 804-804/? I/sensors-hal: get:112, sucess wakelock get:sensor_ssc_worker/common_info
2021-11-14 20:45:42.641 804-1578/? I/sensors-hal: put:171, sucess release sensor_ssc_worker/common_info wakelock
2021-11-14 20:45:42.641 1246-1584/? I/CAE: handleMessage(CaPowerManager.java:211) - SCREEN_ON
2021-11-14 20:45:42.642 804-3565/? I/sensors-hal: handle_indication_realtime:456, SCHED_FIFO(10) for qmi_cbk
2021-11-14 20:45:42.646 1858-1858/? D/KeyguardSideMargin: isLandscapetrue
2021-11-14 20:45:42.647 1858-1858/? D/KeyguardSideMargin: screenWidth2560
2021-11-14 20:45:42.647 1858-1858/? D/KeyguardSideMargin: screenHeight1600
2021-11-14 20:45:42.648 1246-1246/? D/GameManagerService: onDisplayChanged. displyId: 0, state: 3
2021-11-14 20:45:42.648 1246-1791/? D/GameManagerService: onLooperPrepared(), msg: { when=0 what=10006 target=com.samsung.android.game.GameManagerService$FgCheckThread$1 }
2021-11-14 20:45:42.649 1858-1858/? D/KeyguardSideMargin: isLandscapetrue
2021-11-14 20:45:42.649 1858-1858/? D/KeyguardSideMargin: screenWidth2560
2021-11-14 20:45:42.649 1858-1858/? D/KeyguardSideMargin: screenHeight1600
2021-11-14 20:45:42.651 1858-1858/? D/SecVolume.SecVolumeStore: dispatch [ACTION_SCREEN_OFF] with [STATE_NO_DISPATCH]
2021-11-14 20:45:42.655 1858-1858/? V/SecVolume: {"mActionType":"ACTION_SCREEN_OFF","mBool":{"FROM_OUTSIDE":true},"mDisabled":[],"mEnabled":[],"mImportant":[],"mInt":{},"mLong":{},"mString":{},"mUnImportant":[]}
2021-11-14 20:45:42.656 1858-1858/? D/SecVolume.SecVolumeStore: > New State : [STATE_NO_DISPATCH]
2021-11-14 20:45:42.657 1858-1858/? D/DisplayLifecycle: updateDisplay id = 0
2021-11-14 20:45:42.659 791-2621/? I/vendor.qti.bluetooth@1.0-ibs_handler: ProcessIbsCmd: Received IBS_WAKE_IND: 0xFD
2021-11-14 20:45:42.659 791-2621/? I/vendor.qti.bluetooth@1.0-ibs_handler: ProcessIbsCmd: Writing IBS_WAKE_ACK
2021-11-14 20:45:42.661 1837-1996/? D/BtGatt.GattService: onScanResult to scannerId: 4- eventType=0x10, addressType=0, address=5C:1, primaryPhy=1, secondaryPhy=0, advertisingSid=0xff, txPower=127, rssi=-70, periodicAdvInt=0x0
2021-11-14 20:45:42.661 1858-1858/? V/StatusBar: onReceive: Intent { act=android.intent.action.SCREEN_OFF flg=0x50200010 (has extras) }
2021-11-14 20:45:42.667 3182-3524/? E/CastSocket: [TcpProberDeviceController-1] Failed to shutdown the output stream socket: ovs@40ef8e8. java.nio.channels.ClosedChannelException
at sun.nio.ch.SocketChannelImpl.shutdownOutput(SocketChannelImpl.java:842)
at sun.nio.ch.SocketAdaptor.shutdownOutput(SocketAdaptor.java:424) at ouy.l(:com.google.android.gms@213918037@21.39.18 (120400-407637301):3) at ova.c(:com.google.android.gms@213918037@21.39.18 (120400-407637301):50) at ouz.run(:com.google.android.gms@213918037@21.39.18 (120400-407637301):3)
at java.lang.Thread.run(Thread.java:919)
2021-11-14 20:45:42.667 3182-3226/? E/TcpProberDeviceController: [TcpProberDeviceController-1] onSocketConnectionFailed. Error: 2
2021-11-14 20:45:42.673 3182-3226/? I/CastSocketMultiplexer: Stopping multiplexer...
2021-11-14 20:45:42.678 1858-2342/? D/OpenGLRenderer: makeCurrent EglSurface : 0x71d4d93280 -> 0x71d4d28300
2021-11-14 20:45:42.681 1858-2342/? D/OpenGLRenderer: makeCurrent EglSurface : 0x71d4d28300 -> 0x71d4d93280
2021-11-14 20:45:42.682 1858-2676/? I/OpenGLRenderer: doUpdatePositionAsync is called and callVoidMethod
2021-11-14 20:45:42.687 1858-2342/? D/OpenGLRenderer: makeCurrent EglSurface : 0x71d4d93280 -> 0x71d4d28780
2021-11-14 20:45:42.687 1858-1858/? D/StatusBar-Window: Bouncer LP changed!!! = 0x4000, height = 0
2021-11-14 20:45:42.690 2112-2600/? D/VolteServiceModule: onSreenOnOffChanged: on =0
2021-11-14 20:45:42.690 2112-2600/? D/StackIF<0>: updateScreenOnOff: on 0
2021-11-14 20:45:42.690 2112-2600/? D/SECIMSJ: [0938]> 80
2021-11-14 20:45:42.691 2112-2597/? D/[IMS6.0]: IMS_onResponse()
2021-11-14 20:45:42.691 2112-2597/? D/StackIF: processMessage 2
2021-11-14 20:45:42.691 2112-2597/? D/StackIF: Processing Response
2021-11-14 20:45:42.691 2112-2597/? D/SECIMSJ: [0938]< 101
2021-11-14 20:45:42.691 2112-2597/? D/StackIF: processResponse: reqId 101
2021-11-14 20:45:42.691 2112-2597/? D/StackIF: processResponse: handle -1 result 0 reason 0
2021-11-14 20:45:42.694 1246-1246/? I/WifiProfileShare: screen off
2021-11-14 20:45:42.695 1246-2645/? D/WifiProfileShare.Caster: stop caster
2021-11-14 20:45:42.696 1246-2645/? V/WifiProfileShare.Caster: clear all confirm history
2021-11-14 20:45:42.696 1246-2645/? V/WifiProfileShare.MCF: clearUserConfirmHistory
2021-11-14 20:45:42.698 1246-2166/? V/WindowManager: Relayout Window{625425d u0 StatusBar}: viewVisibility=0 req=2560x1600
2021-11-14 20:45:42.700 791-2621/? I/vendor.qti.bluetooth@1.0-ibs_handler: ProcessIbsCmd: Received IBS_SLEEP_IND: 0xFE
2021-11-14 20:45:42.702 1246-2166/? V/WindowManager: Relayout 1858: mAttrs={(0,0)(fillxfill) gr=TOP CENTER_VERTICAL sim={adjust=resize} layoutInDisplayCutoutMode=always ty=STATUS_BAR fmt=TRANSLUCENT or=SCREEN_ORIENTATION_USER if=DISABLE_USER_ACTIVITY userActivityTimeout=5000 fl=81860040 pfl=880400 vsysui=2010 dimAmount=0.0 screenDimDuration=0 naviIconColor=0 sfl=40000}, display=0
2021-11-14 20:45:42.704 1858-1858/? I/ViewRootImpl@8259c7c[StatusBar]: Relayout returned: old=(0,0,2560,1600) new=(0,0,2560,1600) req=(2560,1600)0 dur=6 res=0x1 s={true 486971928576} ch=false
2021-11-14 20:45:42.705 1858-2342/? D/OpenGLRenderer: makeCurrent EglSurface : 0x71d4d28780 -> 0x71d4d93280
2021-11-14 20:45:42.711 1246-4621/? V/WindowManager: Relayout Window{a036015 u0 Bouncer}: viewVisibility=4 req=2560x0
2021-11-14 20:45:42.715 1246-4621/? V/WindowManager: Relayout 1858: mAttrs={(0,0)(fillx0) gr=TOP CENTER_VERTICAL sim={adjust=resize} layoutInDisplayCutoutMode=always ty=KEYGUARD_DIALOG fmt=TRANSLUCENT if=DISABLE_USER_ACTIVITY userActivityTimeout=5000 fl=85000548 vsysui=510 dimAmount=0.0 screenDimDuration=0 naviIconColor=0 sfl=40000}, display=0
2021-11-14 20:45:42.716 1858-1858/? I/ViewRootImpl@112db8b[Bouncer]: Relayout returned: old=(0,0,2560,0) new=(0,0,2560,0) req=(2560,0)4 dur=6 res=0x1 s={false 0} ch=false
2021-11-14 20:45:42.723 3734-3734/? D/SDHMS:kb.x: ScreenOnOffReceiver mIsScreenOff :true
2021-11-14 20:45:42.728 2282-2282/? D/Launcher: mScreenOffReceiver start
2021-11-14 20:45:42.728 2282-2282/? D/Launcher: mScreenOffReceiver end
2021-11-14 20:45:42.731 1246-1353/? D/CodecSolution: isMaxAspectPackageEx: com.sec.android.app.launcher : false(0)
2021-11-14 20:45:42.732 3860-3860/? I/[MCFServer]_SubscriberManager: onReceive - ACTION_ID_SCREEN_OFF
2021-11-14 20:45:42.732 3860-3860/? W/AlarmManager: Unrecognized alarm listener c.a.a.b.f2.z@7d2b9c5
2021-11-14 20:45:42.736 1246-2166/? D/SamsungAlarmManager: setExact Listener (T:2/F:9/AC:false) 20211114T204642 - CU:1000/CP:3860
2021-11-14 20:45:42.736 1246-2166/? I/SamsungAlarmManager: setLocked to kernel - T:2 / 20211114T204609, SetElapsed=3483469233, nowELAPSED=3483442637
2021-11-14 20:45:42.737 1246-2166/? I/SamsungAlarmManager: setLocked to kernel - T:3 / 20211114T204600, SetElapsed=3483459901, nowELAPSED=3483442638
2021-11-14 20:45:42.737 3860-3860/? I/[MCFServer]_CasterManager: onReceive - ACTION_ID_SCREEN_OFF
2021-11-14 20:45:42.737 3860-3860/? I/[MCFServer]_BleScanner(Subscriber): stopScan - stop
2021-11-14 20:45:42.738 1246-1353/? D/CodecSolution: isMaxAspectPackageEx: com.sec.android.app.launcher : false(0)
2021-11-14 20:45:42.738 3860-3860/? D/BluetoothAdapter: STATE_ON
2021-11-14 20:45:42.738 3860-3860/? D/BluetoothLeScanner: Stop Scan with callback
2021-11-14 20:45:42.738 5308-5308/? I/CocktailBarUiController: ACTION_SCREEN_OFF
2021-11-14 20:45:42.739 5308-5308/? I/AbstractCocktailPanelView: setPanelVisible: CocktailPortraitRemotePanelView2 will be hidden: 1
2021-11-14 20:45:42.739 5308-5308/? I/CocktailBarPanelVisibilityManager: updateActivePanelView: vis=false screenOn=false onTransit=false -hide: 1 current Active: 1
2021-11-14 20:45:42.740 1837-1855/? D/BtGatt.ContextMap: remove() - id: 6
2021-11-14 20:45:42.740 1837-1855/? E/BtGatt.ContextMap: remove() - removed: 6
2021-11-14 20:45:42.741 791-2621/? I/vendor.qti.bluetooth@1.0-ibs_handler: ProcessIbsCmd: Received IBS_WAKE_IND: 0xFD
2021-11-14 20:45:42.742 791-2621/? I/vendor.qti.bluetooth@1.0-ibs_handler: ProcessIbsCmd: Writing IBS_WAKE_ACK
2021-11-14 20:45:42.744 5308-5308/? I/AbstractCocktailPanelView: notifyPanelVisibilityChanged: visibility not changed 2 id: 1
2021-11-14 20:45:42.745 5308-5308/? I/Utils: isCurrentUser current = 0, ownerId = 0
2021-11-14 20:45:42.745 5308-5308/? I/TrayVisibilityController: updateTrayVisible: State=4099 visible=2 mCurrentVisible=2 specificMode=10000
2021-11-14 20:45:42.746 5308-5308/? I/TrayStateController: setUiState 2 : already 2
2021-11-14 20:45:42.756 5574-5958/? I/SystemBroadcastReceiver: [#CMH#] Received broadcast
2021-11-14 20:45:42.756 5574-5958/? I/PolicyManager: [#CMH#] onReceive action = EVENT_SCREEN_OFF
2021-11-14 20:45:42.756 5574-5958/? I/SystemBroadcastReceiver: [#CMH#] onReceive completed
2021-11-14 20:45:42.757 1837-2422/? E/BtGatt.GattService: [GSIM LOG]: gsimLogHandler, msg: MESSAGE_SCAN_STOP, appName: android.uid.system, scannerId: 6, reportDelayMillis=0
2021-11-14 20:45:42.759 4453-4453/? I/[AirCmd]_BleSpenMotionSensorCalibrationController: onScreenOff : reason = 3
2021-11-14 20:45:42.766 4453-4453/? D/[AirCmd]_GuidePanelTrigger: Screen Off
2021-11-14 20:45:42.766 4453-4453/? D/[AirCmd]_NotSpenActionScreenGuidePanelTrigger: resetCounting
2021-11-14 20:45:42.767 4453-4453/? D/[AirCmd]_NotRecognizedGestureGuidePanelTrigger: resetCounting
2021-11-14 20:45:42.767 4453-4453/? D/[AirCmd]_ExternalStateChangeBroadcastReceiver: onReceive : action = android.intent.action.SCREEN_OFF
2021-11-14 20:45:42.776 1246-8015/? D/WifiLowLatency.LlHandler: MSG_TRAFFIC_POLL_ENABLE 0
2021-11-14 20:45:42.776 8133-8133/? D/BeaconManager[10.0.41.0]: Util.userSerialNumber : - 0
2021-11-14 20:45:42.776 8133-8133/? V/BeaconManager[10.0.41.0]: BleScanHelper.startBleScan - startBleScan
2021-11-14 20:45:42.777 8133-8133/? D/BluetoothAdapter: STATE_ON
2021-11-14 20:45:42.778 8133-8202/? D/BeaconManager[10.0.41.0]: BleScanHelper.MSG_CALL_START_LESCAN - isFilterScanFailed/discovering:false/true
2021-11-14 20:45:42.778 8133-8202/? D/BluetoothAdapter: STATE_ON
2021-11-14 20:45:42.778 8133-8202/? I/BeaconManager[10.0.41.0]: BleScanHelper.directStopLeScan - call BleScanner.stopScan()
2021-11-14 20:45:42.779 8133-8133/? I/BeaconManager[10.0.41.0]: BeaconManager.onReceive - receive Action : android.intent.action.SCREEN_OFF
2021-11-14 20:45:42.779 8133-8202/? D/BluetoothAdapter: STATE_ON
2021-11-14 20:45:42.779 8133-8202/? D/BluetoothLeScanner: Stop Scan with callback
2021-11-14 20:45:42.779 8133-8196/? I/BeaconManager[10.0.41.0]: BeaconManager.BeaconManagerWorkHandler - android.intent.action.SCREEN_OFF
2021-11-14 20:45:42.779 8133-8196/? D/BeaconManager[10.0.41.0]: BeaconManager.BeaconManagerWorkHandler - mScreenObserver action:android.intent.action.SCREEN_OFF
2021-11-14 20:45:42.779 8133-8196/? D/BeaconManager[10.0.41.0]: AppControlManager.screenOnIntentReceived - start
2021-11-14 20:45:42.779 8133-8196/? D/BeaconManager[10.0.41.0]: AppControlManager.screenOnIntentReceived - end
2021-11-14 20:45:42.779 8133-8196/? D/BeaconManager[10.0.41.0]: EasySetupManager.screenOnIntentReceived - start
2021-11-14 20:45:42.779 8133-8196/? D/BeaconManager[10.0.41.0]: EasySetupManager.screenOnIntentReceived - end
2021-11-14 20:45:42.779 8133-8196/? I/BeaconManager[10.0.41.0]: BeaconManager.BeaconManagerWorkHandler - BroadcastReceiver onReceive end
2021-11-14 20:45:42.781 1837-1855/? D/BtGatt.ContextMap: remove() - id: 7
2021-11-14 20:45:42.781 1837-1855/? E/BtGatt.ContextMap: remove() - removed: 7
2021-11-14 20:45:42.784 4453-4453/? D/SPenAlert: received broadcast screen off
2021-11-14 20:45:42.784 1837-1996/? D/BtGatt.GattService: onScanResult to scannerId: 4- eventType=0x10, addressType=0, address=5C:1, primaryPhy=1, secondaryPhy=0, advertisingSid=0xff, txPower=127, rssi=-70, periodicAdvInt=0x0
2021-11-14 20:45:42.790 31263-31263/? I/HONEYBOARD: ScreenOnOffReceiver processScreenLock
2021-11-14 20:45:42.810 28734-29118/? I/NearbyDiscovery: FastPairHandler: Received action android.intent.action.SCREEN_OFF [CONTEXT service_id=49 ]
2021-11-14 20:45:42.812 1246-3796/? W/AppOps: Noting op not finished: uid 10041 pkg com.google.android.gms code 79 time=1636951484267 duration=0
2021-11-14 20:45:42.812 1837-2422/? E/BtGatt.GattService: [GSIM LOG]: gsimLogHandler, msg: MESSAGE_SCAN_STOP, appName: android.uid.bcmgr, scannerId: 7, reportDelayMillis=0
2021-11-14 20:45:42.815 28734-29118/? I/NearbyDiscovery: FastPairScanner2: isScreenOn=false, scanWithScreenOff=false, isLocationEnabled=true, disableLocationRequirement=false, isDiscoveryScanningEnabled=true [CONTEXT service_id=49 ]
2021-11-14 20:45:42.817 28734-29118/? D/BluetoothAdapter: STATE_ON
2021-11-14 20:45:42.818 28734-29118/? I/NearbyDiscovery: FastPairScanner2: eventType=SCREEN_OFF, intReq=false, scanning=true, scanAllowed=false, bleEnabled=true, bleScanAvailable=true, lockScanRate=false [CONTEXT service_id=49 ]
2021-11-14 20:45:42.819 28734-29118/? I/NearbyDiscovery: FastPairScanner2: Stopping scan [CONTEXT service_id=49 ]
2021-11-14 20:45:42.820 28734-29118/? D/BluetoothAdapter: STATE_ON
2021-11-14 20:45:42.820 28734-29118/? D/BluetoothLeScanner: Stop Scan with callback
2021-11-14 20:45:42.822 1837-14527/? D/BtGatt.ContextMap: remove() - id: 5
2021-11-14 20:45:42.822 1837-14527/? E/BtGatt.ContextMap: remove() - removed: 5
2021-11-14 20:45:42.826 1246-2240/? W/AppOps: Noting op not finished: uid 10041 pkg com.google.android.gms code 79 time=1636951542812 duration=0
2021-11-14 20:45:42.826 1837-2422/? E/BtGatt.GattService: [GSIM LOG]: gsimLogHandler, msg: MESSAGE_SCAN_STOP, appName: com.google.uid.shared, scannerId: 5, reportDelayMillis=0
2021-11-14 20:45:42.832 28734-28928/? I/NearbySharing: Screen is locked [CONTEXT service_id=194 ]
2021-11-14 20:45:42.832 28734-28928/? I/NearbySharing: Failed to stop scanning because weren't scanning. [CONTEXT service_id=194 ]
2021-11-14 20:45:42.832 28734-28928/? I/NearbySharing: Stopping discovery because the screen is locked. [CONTEXT service_id=194 ]
2021-11-14 20:45:42.832 28734-28928/? I/NearbySharing: Can't stop advertising FastInitiation. Not advertising. [CONTEXT service_id=194 ]
2021-11-14 20:45:42.832 28734-28928/? I/NearbySharing: Stopping Fast Init advertisement because we're not scanning. [CONTEXT service_id=194 ]
2021-11-14 20:45:42.833 28734-28928/? I/NearbySharing: Stopping advertising because the screen is locked. [CONTEXT service_id=194 ]
2021-11-14 20:45:42.833 28734-28928/? I/NearbySharing: Stopping FastInitiation scanning because the screen is locked. [CONTEXT service_id=194 ]
2021-11-14 20:45:42.833 28734-28928/? I/NearbySharing: Can't stop scanning for FastInitiation. Not scanning. [CONTEXT service_id=194 ]
2021-11-14 20:45:42.833 28734-28928/? I/NearbySharing: Cancelling in use notification [CONTEXT service_id=194 ]
2021-11-14 20:45:42.833 28734-28928/? I/NearbySharing: Fast Initiation Scanning has stopped [CONTEXT service_id=194 ]
2021-11-14 20:45:42.833 1246-4621/? W/AppOps: Noting op not finished: uid 10041 pkg com.google.android.gms code 79 time=1636951542826 duration=0
2021-11-14 20:45:42.837 1246-2165/? D/SamsungAlarmManager: setInexact Intent (T:3/F:0/AC:false) 20311112T204542 - CU:10041/CP:28734
2021-11-14 20:45:42.837 1246-2165/? I/SamsungAlarmManager: setLocked to kernel - T:2 / 20211114T204609, SetElapsed=3483469233, nowELAPSED=3483442738
2021-11-14 20:45:42.837 1246-2165/? I/SamsungAlarmManager: setLocked to kernel - T:3 / 20211114T204600, SetElapsed=3483459901, nowELAPSED=3483442738
2021-11-14 20:45:42.847 804-3565/? I/sensors-hal: handle_sns_std_sensor_event:88, LCCT:[111, 1758, 131, 179, 75, 344]
2021-11-14 20:45:42.848 1246-1444/? D/AutomaticBrightnessController: onSensorChanged: 1st lux : 111.0
2021-11-14 20:45:42.848 1246-1444/? D/SensorService: removeConnection, index : 0, size : 1
2021-11-14 20:45:42.848 1246-1444/? D/SensorService: # removeConnection, index : 0, size : 0
2021-11-14 20:45:42.848 1246-1444/? D/SensorService: Calling activate off 11
2021-11-14 20:45:42.849 804-804/? I/sensors-hal: activate:196, com.samsung.sensor.light_cct/11 en=0
2021-11-14 20:45:42.850 804-804/? I/sensors-hal: deactivate:248, disconnect qmi to disable sensor
2021-11-14 20:45:42.850 804-804/? I/sensors-hal: activate:214, com.samsung.sensor.light_cct/11 en=0 completed
2021-11-14 20:45:42.851 1246-1444/? D/SensorManager: unregisterListener ::
2021-11-14 20:45:42.852 1246-1444/? D/SensorService: Calling batch handle==18 flags=0 rate=250000000 timeout== 0
2021-11-14 20:45:42.852 804-804/? I/sensors-hal: batch:293, android.sensor.light/18, period=250000000, max_latency=0 request completed
2021-11-14 20:45:42.852 28734-29214/? I/Nearby: Start ble scanning from NearbyDirect:BluetoothAdapterWrapper [CONTEXT service_id=49 ]
2021-11-14 20:45:42.852 804-804/? I/sensors-hal: activate:196, android.sensor.light/18 en=1
2021-11-14 20:45:42.853 804-804/? I/sensors-hal: get_qmi_debug_flag:230, support_qmi_debug : false
2021-11-14 20:45:42.854 1246-1353/? D/CodecSolution: isMaxAspectPackageEx: com.sec.android.app.launcher : false(0)
2021-11-14 20:45:42.856 3182-3182/? E/gle.android.gm: Invalid ID 0x00000000.
2021-11-14 20:45:42.856 1246-1353/? D/CodecSolution: isMaxAspectPackageEx: com.sec.android.app.launcher : false(0)
2021-11-14 20:45:42.857 3182-3182/? W/ChimeraUtils: Module com.google.android.gms.cast missing resource cast_module_display_name(0)
2021-11-14 20:45:42.863 28734-29214/? D/BluetoothAdapter: STATE_ON
2021-11-14 20:45:42.863 28734-29214/? D/BluetoothLeScanner: Stop Scan with callback
2021-11-14 20:45:42.863 804-804/? I/sensors-hal: activate:214, android.sensor.light/18 en=1 completed
2021-11-14 20:45:42.864 791-2621/? I/vendor.qti.bluetooth@1.0-ibs_handler: ProcessIbsCmd: Received IBS_SLEEP_IND: 0xFE
2021-11-14 20:45:42.864 1246-1444/? D/SensorManager: registerListener :: 18, veml3328 Ambient Light Sensor Non-wakeup, 250000, 0,
2021-11-14 20:45:42.864 1246-1444/? D/AutomaticBrightnessController: [api] updateAutoBrightness : 94(0.37) 12 < 111.0 < 498 (adj:+0.0) (1st)
2021-11-14 20:45:42.865 3182-3182/? W/MediaRouter: Ignoring invalid provider descriptor: null
2021-11-14 20:45:42.866 1246-1444/? D/DisplayPowerController: animateScreenStateChange: target=3, targetInternal=3, dualScreenPolicy=-1
2021-11-14 20:45:42.866 1246-1444/? D/DisplayPowerController: getFinalBrightness : Summary is 94 -> 94
2021-11-14 20:45:42.866 1246-1444/? D/DisplayPowerController: Animating brightness: target=94, rate=0 (PSM:, AB limit:(-1 ~ -1) MB Limit:(-1 ~ -1), sf=1.0
2021-11-14 20:45:42.866 1246-1444/? V/DisplayPowerController: Brightness [94] reason changing to: 'automatic', previous reason: '0'.
2021-11-14 20:45:42.866 1246-1444/? D/DisplayPowerController: animateScreenStateChange: target=3, targetInternal=3, dualScreenPolicy=-1
2021-11-14 20:45:42.866 1246-1444/? D/DisplayPowerController: getFinalBrightness : Summary is 94 -> 94
2021-11-14 20:45:42.866 1246-1444/? D/DisplayPowerController: Animating brightness: target=94, rate=0 (PSM:, AB limit:(-1 ~ -1) MB Limit:(-1 ~ -1), sf=1.0
2021-11-14 20:45:42.869 791-2621/? I/vendor.qti.bluetooth@1.0-ibs_handler: ProcessIbsCmd: Received IBS_WAKE_IND: 0xFD
2021-11-14 20:45:42.869 791-2621/? I/vendor.qti.bluetooth@1.0-ibs_handler: ProcessIbsCmd: Writing IBS_WAKE_ACK
2021-11-14 20:45:42.869 1837-2623/? W/bt_btm: btm_ble_disable_resolving_list() rl_state = 0x0, rl_mask = 0x2, to_resume = 1
2021-11-14 20:45:42.870 1837-1855/? D/BtGatt.ContextMap: remove() - id: 4
2021-11-14 20:45:42.870 1837-1855/? E/BtGatt.ContextMap: remove() - removed: 4
2021-11-14 20:45:42.871 28734-29214/? I/Nearby: M hardware scan: 1 clients, scanMode= OPPORTUNISTIC, callback type= ALL_MATCHES [CONTEXT service_id=49 ]
2021-11-14 20:45:42.874 28734-29214/? D/BluetoothAdapter: STATE_ON
2021-11-14 20:45:42.875 1246-1353/? D/CodecSolution: isMaxAspectPackageEx: com.sec.android.app.launcher : false(0)
2021-11-14 20:45:42.875 804-3572/? I/sensors-hal: handle_indication_realtime:456, SCHED_FIFO(10) for qmi_cbk
2021-11-14 20:45:42.875 28734-29214/? D/BluetoothAdapter: STATE_ON
2021-11-14 20:45:42.875 28734-29214/? D/BluetoothLeScanner: Start Scan with callback
2021-11-14 20:45:42.877 1837-14527/? D/BtGatt.ContextMap: add() - appUid: 10041, appPid: 28734, appName: com.google.uid.shared
2021-11-14 20:45:42.877 1837-2623/? I/bt_stack: [INFO:gatt_api.cc(958)] GATT_Register 7e7d02eb-6d42-4256-a6d0-9749f7e80d65
2021-11-14 20:45:42.877 1837-2623/? I/bt_stack: [INFO:gatt_api.cc(995)] allocated gatt_if=4
2021-11-14 20:45:42.877 1837-1996/? D/BtGatt.GattService: onScannerRegistered() - UUID=7e7d02eb-6d42-4256-a6d0-9749f7e80d65, scannerId=4, status=0
2021-11-14 20:45:42.878 28734-29100/? D/BluetoothLeScanner: onScannerRegistered() - status=0 scannerId=4 mScannerId=0
2021-11-14 20:45:42.879 1837-14527/? D/BluetoothAdapter: STATE_ON
2021-11-14 20:45:42.881 8133-8202/? I/BeaconManager[10.0.41.0]: BleScanHelper.startBleScan - Start filter Scan(SCREEN_OFF)
2021-11-14 20:45:42.883 8133-8202/? D/BeaconManager[10.0.41.0]: BleScanHelper.getMyScanPreferences - interval:3120, window:55
2021-11-14 20:45:42.885 8133-8202/? D/BluetoothAdapter: STATE_ON
2021-11-14 20:45:42.886 1837-2422/? E/BtGatt.GattService: [GSIM LOG]: gsimLogHandler, msg: MESSAGE_SCAN_STOP, appName: com.google.uid.shared, scannerId: 4, reportDelayMillis=0
2021-11-14 20:45:42.886 8133-8202/? D/BluetoothAdapter: STATE_ON
2021-11-14 20:45:42.886 8133-8202/? D/BluetoothLeScanner: Start Scan with callback
2021-11-14 20:45:42.887 1837-2420/? D/BluetoothAdapter: STATE_ON
2021-11-14 20:45:42.888 1837-2420/? I/chatty: uid=1002(bluetooth) BluetoothScanMa identical 1 line
2021-11-14 20:45:42.888 1837-2420/? D/BluetoothAdapter: STATE_ON
2021-11-14 20:45:42.889 1837-14527/? D/BtGatt.ContextMap: add() - appUid: 5006, appPid: 8133, appName: android.uid.bcmgr
2021-11-14 20:45:42.889 1837-2422/? E/BtGatt.GattService: [GSIM LOG]: gsimLogHandler, msg: MESSAGE_SCAN_START, appName: com.google.uid.shared, scannerId: 4, reportDelayMillis=0
2021-11-14 20:45:42.889 1837-2422/? W/BtGatt.GattService: [GSIM LOG]: this is opportunistic scan, do not update DB
2021-11-14 20:45:42.889 1837-2623/? I/bt_stack: [INFO:gatt_api.cc(958)] GATT_Register 0380f8a6-e517-4005-a8b4-2c97b4d8ad6e
2021-11-14 20:45:42.889 1837-2623/? I/bt_stack: [INFO:gatt_api.cc(995)] allocated gatt_if=5
2021-11-14 20:45:42.889 1837-1996/? D/BtGatt.GattService: onScannerRegistered() - UUID=0380f8a6-e517-4005-a8b4-2c97b4d8ad6e, scannerId=5, status=0
2021-11-14 20:45:42.890 8133-22672/? D/BluetoothLeScanner: onScannerRegistered() - status=0 scannerId=5 mScannerId=0
2021-11-14 20:45:42.890 1837-14527/? D/BluetoothAdapter: STATE_ON
2021-11-14 20:45:42.891 1246-1353/? D/CodecSolution: isMaxAspectPackageEx: com.sec.android.app.launcher : false(0)
2021-11-14 20:45:42.894 1837-2420/? D/BluetoothAdapter: STATE_ON
2021-11-14 20:45:42.895 1837-2420/? D/BluetoothAdapter: STATE_ON
2021-11-14 20:45:42.895 1837-2422/? E/BtGatt.GattService: [GSIM LOG]: gsimLogHandler, msg: MESSAGE_SCAN_START, appName: android.uid.bcmgr, scannerId: 5, reportDelayMillis=0
2021-11-14 20:45:42.896 1837-2420/? D/BluetoothAdapter: STATE_ON
2021-11-14 20:45:42.900 1837-2420/? D/BtGatt.ScanManager: configureFilterParamter() : onFoundTimeout | onLostTimeout | onFoundCount | numOfTrackingEntries | scanFilterRssiThreshold | trackableScanFilterRssiThreshold | matchMode
2021-11-14 20:45:42.900 1837-2420/? D/BtGatt.ScanManager: configureFilterParamter() : __________500__|________10000__|___________1__|___________________0__|___________________-128__|____________________________-128__|________1_
2021-11-14 20:45:42.903 1837-2420/? D/BtGatt.ScanManager: configureFilterParamter() : onFoundTimeout | onLostTimeout | onFoundCount | numOfTrackingEntries | scanFilterRssiThreshold | trackableScanFilterRssiThreshold | matchMode
2021-11-14 20:45:42.903 1837-2420/? D/BtGatt.ScanManager: configureFilterParamter() : __________500__|________10000__|___________1__|___________________0__|___________________-128__|____________________________-128__|________1_
2021-11-14 20:45:42.906 1246-4621/? W/BroadcastQueue: Skipping deliver [foreground] BroadcastRecord{8b34a1 u-1 android.intent.action.SCREEN_OFF} to ReceiverList{a59b5aa 3182 com.google.android.gms/10041/u0 remote:f796095}: filter unregistered
2021-11-14 20:45:42.908 1837-2420/? D/BtGatt.ScanManager: configureFilterParamter() : onFoundTimeout | onLostTimeout | onFoundCount | numOfTrackingEntries | scanFilterRssiThreshold | trackableScanFilterRssiThreshold | matchMode
2021-11-14 20:45:42.908 1837-2420/? D/BtGatt.ScanManager: configureFilterParamter() : __________500__|________10000__|___________1__|___________________0__|___________________-128__|____________________________-128__|________1_
2021-11-14 20:45:42.909 1246-1246/? D/PowerManagerService: [PWL] sb release: PowerManagerService.Broadcasts
2021-11-14 20:45:42.910 1837-2623/? W/bt_btm: btm_ble_disable_resolving_list() rl_state = 0x0, rl_mask = 0x2, to_resume = 1
2021-11-14 20:45:42.910 1837-2623/? I/chatty: uid=1002(bluetooth) bt_main_thread identical 1 line
2021-11-14 20:45:42.910 1837-2623/? W/bt_btm: btm_ble_disable_resolving_list() rl_state = 0x0, rl_mask = 0x2, to_resume = 1
2021-11-14 20:45:42.956 791-2621/? I/vendor.qti.bluetooth@1.0-ibs_handler: ProcessIbsCmd: Received IBS_SLEEP_IND: 0xFE
2021-11-14 20:45:43.006 868-868/? D/SurfaceFlinger: Finished setting power mode 2 on display 19261213734341249
2021-11-14 20:45:43.006 799-799/? I/SDM: DisplayBase::SetVSyncState: [Vsync] Requested(1) first after display 28-0 on
2021-11-14 20:45:43.006 1246-1780/? D/SurfaceControl: Excessive delay in setPowerMode()
2021-11-14 20:45:43.007 1246-1780/? D/PowerManagerUtil: !@ display_state: DOZE: took 374 ms
2021-11-14 20:45:43.007 1246-1780/? D/DisplayPowerController: setActualDisplayState: OFF -> DOZE
2021-11-14 20:45:43.007 1246-1444/? D/DisplayPowerController: animateScreenStateChange: target=3, targetInternal=3, dualScreenPolicy=-1
2021-11-14 20:45:43.007 1246-1444/? D/DisplayPowerController: getFinalBrightness : Summary is 94 -> 94
2021-11-14 20:45:43.007 1246-1444/? D/DisplayPowerController: Animating brightness: target=94, rate=0 (PSM:, AB limit:(-1 ~ -1) MB Limit:(-1 ~ -1), sf=1.0
2021-11-14 20:45:43.009 1246-1444/? D/DisplayPowerController: animateScreenStateChange: target=3, targetInternal=3, dualScreenPolicy=-1
2021-11-14 20:45:43.009 1246-1444/? D/DisplayPowerController: getFinalBrightness : Summary is 94 -> 94
2021-11-14 20:45:43.009 1246-1444/? D/DisplayPowerController: Animating brightness: target=94, rate=0 (PSM:, AB limit:(-1 ~ -1) MB Limit:(-1 ~ -1), sf=1.0
2021-11-14 20:45:43.009 1246-1444/? D/PowerManagerService: DisplayPowerCallbacks : onStateChanged()
2021-11-14 20:45:43.010 1246-1444/? D/PowerManagerService: mDisplayReady: true
2021-11-14 20:45:43.011 829-829/? D/SehLight: lcd : 94 +
2021-11-14 20:45:43.015 868-868/? I/SurfaceFlinger: Display 19261213734341249 HWC layers: type | handle | flag | format | source crop (l,t,r,b) | frame | name ------------+--------------+------+-----------+----------------------------+---------------------+------ DEVICE | 0x755b24d0a0 | 0000 | RGBA_8888 | 0.0 0.0 2560.0 1600.0 | 0 0 2560 1600 | StatusBar$_1858#0
2021-11-14 20:45:43.019 829-829/? D/SehLight: lcd : 94 -
2021-11-14 20:45:43.021 1246-1857/? D/MdnieScenarioControlService: packageName : com.sec.android.app.launcher className : com.android.launcher3.Launcher
2021-11-14 20:45:43.022 1246-1857/? V/MdnieScenarioControlService: setUIMode from UI function(3)
2021-11-14 20:45:43.034 1246-3648/? E/TaskPersister: File error accessing recents directory (directory doesn't exist?).
2021-11-14 20:45:43.036 1246-3648/? E/TaskPersister: File error accessing recents directory (directory doesn't exist?).
2021-11-14 20:45:43.043 3734-3992/? D/SDHMS:j: cannot find in resumed package list!!
2021-11-14 20:45:43.053 1246-2640/? D/BluetoothAdapter: STATE_ON
2021-11-14 20:45:43.053 1246-2640/? I/SemWifiApSmartBleScanner: Preconditions BLE is ON
2021-11-14 20:45:43.062 1246-2640/? D/BluetoothAdapter: STATE_ON
2021-11-14 20:45:43.070 1246-2640/? E/SemWifiApSmartBleScanner: mMhsD2dFilter:BluetoothLeScanFilter [mDeviceName=null, mDeviceAddress=null, mUuid=null, mUuidMask=null, mServiceSolicitationUuid=null, mServiceSolicitationUuidMask=null, mServiceDataUuid=null, mServiceData=null, mServiceDataMask=null, mManufacturerId=75, mManufacturerData=01 12 00 00 00 00 00 00 00 00 03 00 00 00 00 00 00 00 00 00 00 00 00 00, mManufacturerDataMask=00 FF 00 00 00 00 00 00 00 00 FF 00 00 00 00 00 00 00 00 00 00 00 00 00, mTransportBlock=null, mTransportBlockMask=null]
2021-11-14 20:45:43.073 1246-2640/? D/BluetoothAdapter: STATE_ON
2021-11-14 20:45:43.074 1246-2640/? D/BluetoothAdapter: STATE_ON
2021-11-14 20:45:43.074 1246-2640/? D/BluetoothLeScanner: Start Scan with callback
2021-11-14 20:45:43.076 1837-14527/? D/BtGatt.ContextMap: add() - appUid: 1000, appPid: 1246, appName: android.uid.system
2021-11-14 20:45:43.076 1837-2623/? I/bt_stack: [INFO:gatt_api.cc(958)] GATT_Register 6c61449d-c414-4416-af6e-2f6ca0978dd3
2021-11-14 20:45:43.077 1837-2623/? I/bt_stack: [INFO:gatt_api.cc(995)] allocated gatt_if=6
2021-11-14 20:45:43.077 1837-1996/? D/BtGatt.GattService: onScannerRegistered() - UUID=6c61449d-c414-4416-af6e-2f6ca0978dd3, scannerId=6, status=0
2021-11-14 20:45:43.077 1246-4621/? D/BluetoothLeScanner: onScannerRegistered() - status=0 scannerId=6 mScannerId=0
2021-11-14 20:45:43.078 1837-14527/? D/BluetoothAdapter: STATE_ON
2021-11-14 20:45:43.079 804-3572/? I/sensors-hal: handle_sns_std_sensor_event:100, [SSC_LIGHT] A lux: 111
2021-11-14 20:45:43.083 1246-2640/? I/SemWifiApSmartBleScanner: Started scanning
2021-11-14 20:45:43.083 1837-2420/? D/BluetoothAdapter: STATE_ON
2021-11-14 20:45:43.087 1837-2420/? I/chatty: uid=1002(bluetooth) BluetoothScanMa identical 1 line
2021-11-14 20:45:43.087 1837-2420/? D/BluetoothAdapter: STATE_ON
2021-11-14 20:45:43.087 1837-2422/? E/BtGatt.GattService: [GSIM LOG]: gsimLogHandler, msg: MESSAGE_SCAN_START, appName: android.uid.system, scannerId: 6, reportDelayMillis=0
2021-11-14 20:45:43.088 791-2621/? I/vendor.qti.bluetooth@1.0-ibs_handler: ProcessIbsCmd: Received IBS_WAKE_IND: 0xFD
2021-11-14 20:45:43.088 791-2621/? I/vendor.qti.bluetooth@1.0-ibs_handler: ProcessIbsCmd: Writing IBS_WAKE_ACK
2021-11-14 20:45:43.090 1837-2420/? D/BtGatt.ScanManager: configureFilterParamter() : onFoundTimeout | onLostTimeout | onFoundCount | numOfTrackingEntries | scanFilterRssiThreshold | trackableScanFilterRssiThreshold | matchMode
2021-11-14 20:45:43.090 1837-2420/? D/BtGatt.ScanManager: configureFilterParamter() : __________500__|________10000__|___________1__|___________________0__|___________________-128__|____________________________-128__|________1_
2021-11-14 20:45:43.092 1837-2623/? W/bt_btm: btm_ble_disable_resolving_list() rl_state = 0x0, rl_mask = 0x2, to_resume = 1
2021-11-14 20:45:43.092 1837-2623/? W/bt_btm: btm_ble_disable_resolving_list() rl_state = 0x0, rl_mask = 0x2, to_resume = 1
2021-11-14 20:45:43.135 791-2621/? I/vendor.qti.bluetooth@1.0-ibs_handler: ProcessIbsCmd: Received IBS_SLEEP_IND: 0xFE
2021-11-14 20:45:43.281 804-3572/? I/sensors-hal: handle_sns_std_sensor_event:100, [SSC_LIGHT] A lux: 111
2021-11-14 20:45:43.561 2648-2648/? I/io_stats: !@ 8,0 r 769845 27802324 w 6367412 206248268 d 3209271 481619456 f 4769727 5984571 iot 9029190 5622660 th 102400 0 0 pt 0 inp 0 0 2216745.746
2021-11-14 20:45:43.612 1246-4621/? D/PowerManagerService: [api] release WakeLock DRAW_WAKE_LOCK 'charging_info' ACQ=-1s2ms (uid=10020 pid=1858 pkg=com.android.systemui)
2021-11-14 20:45:43.620 1246-2240/? D/PowerManagerService: [api] release WakeLock DRAW_WAKE_LOCK 'DozeScreenState' ACQ=-1s5ms (uid=10020 pid=1858 pkg=com.android.systemui)
2021-11-14 20:45:43.621 1246-2240/? D/PowerManagerService: mDisplayReady: false
2021-11-14 20:45:43.621 1246-1444/? D/DisplayPowerController: animateScreenStateChange: target=4, targetInternal=4, dualScreenPolicy=-1
2021-11-14 20:45:43.622 1246-1444/? D/DisplayPowerController: getFinalBrightness : Summary is 94 -> 94
2021-11-14 20:45:43.622 1246-1444/? D/DisplayPowerController: Animating brightness: target=94, rate=0 (PSM:, AB limit:(-1 ~ -1) MB Limit:(-1 ~ -1), sf=1.0
2021-11-14 20:45:43.622 1246-1395/? D/BatteryExternalStatsWorker: update stats
2021-11-14 20:45:43.622 1246-1395/? D/BatteryExternalStatsWorker: WifiActivityEnergyInfo was updated
2021-11-14 20:45:43.622 1246-1395/? D/BatteryExternalStatsWorker: BluetoothActivityEnergyInfo was updated
2021-11-14 20:45:43.622 1246-1395/? D/BatteryExternalStatsWorker: ModemActivityEnergyInfo was updated
2021-11-14 20:45:43.623 1246-1780/? D/DisplayManagerService: !@display_state internal: DOZE -> DOZE_SUSPEND
2021-11-14 20:45:43.623 1246-1780/? D/LocalDisplayAdapter: !@ display_state: DOZE -> DOZE_SUSPEND (id:19261213734341249)
2021-11-14 20:45:43.623 1246-1355/? I/DisplayManagerService: Display device changed state: "Built-in Screen", DOZE_SUSPEND
2021-11-14 20:45:43.481 804-3572/? I/sensors-hal: handle_sns_std_sensor_event:100, [SSC_LIGHT] A lux: 111
2021-11-14 20:45:43.624 868-868/? D/SurfaceFlinger: Setting power mode 2 on display 19261213734341249
2021-11-14 20:45:43.624 1246-1780/? D/DisplayPowerController: setActualDisplayState: DOZE -> DOZE_SUSPEND
2021-11-14 20:45:43.625 1246-1444/? D/DisplayPowerController: animateScreenStateChange: target=4, targetInternal=4, dualScreenPolicy=-1
2021-11-14 20:45:43.625 1246-1444/? D/DisplayPowerController: getFinalBrightness : Summary is 94 -> 94
2021-11-14 20:45:43.625 1246-1444/? D/DisplayPowerController: Animating brightness: target=94, rate=0 (PSM:, AB limit:(-1 ~ -1) MB Limit:(-1 ~ -1), sf=1.0
2021-11-14 20:45:43.625 1246-1444/? D/DisplayPowerController: animateScreenStateChange: target=4, targetInternal=4, dualScreenPolicy=-1
2021-11-14 20:45:43.625 1246-1444/? D/DisplayPowerController: getFinalBrightness : Summary is 94 -> 94
2021-11-14 20:45:43.625 1246-1444/? D/DisplayPowerController: Animating brightness: target=94, rate=0 (PSM:, AB limit:(-1 ~ -1) MB Limit:(-1 ~ -1), sf=1.0
2021-11-14 20:45:43.626 1246-1444/? D/PowerManagerService: DisplayPowerCallbacks : onStateChanged()
2021-11-14 20:45:43.626 1246-1444/? D/PowerManagerService: mDisplayReady: true
2021-11-14 20:45:43.633 1858-1858/? D/DisplayLifecycle: updateDisplay id = 0
2021-11-14 20:45:43.635 1246-1584/? I/CAE: handleMessage(CaPowerManager.java:193) - AP_SLEEP_Already_Delivered
2021-11-14 20:45:43.635 1246-1584/? I/CAE: handleMessage(CaPowerManager.java:214) - SCREEN_ON_Already_Delivered
2021-11-14 20:45:43.636 1246-1246/? D/GameManagerService: onDisplayChanged. displyId: 0, state: 4
2021-11-14 20:45:43.637 1246-1791/? D/GameManagerService: onLooperPrepared(), msg: { when=0 what=10006 target=com.samsung.android.game.GameManagerService$FgCheckThread$1 }
2021-11-14 20:45:43.671 1246-1395/? D/BatteryExternalStatsWorker: done updateExternalStatsLocked
2021-11-14 20:45:44.095 791-2626/? I/vendor.qti.bluetooth@1.0-ibs_handler: DeviceSleep: TX Awake, Sending SLEEP_IND
2021-11-14 20:45:44.096 791-2626/? D/vendor.qti.bluetooth@1.0-ibs_handler: SerialClockVote: vote for UART CLK OFF
2021-11-14 20:45:44.257 791-2427/? D/vendor.qti.bluetooth@1.0-wake_lock: Release wakelock is released
2021-11-14 20:45:44.548 1246-2637/? D/SettingsProvider: isChangeAllowed() : name = wifi_client_smart_tethering_settings
2021-11-14 20:45:44.549 1246-2637/? D/SemWifiApSmartClient: stopWifiApSmartClientAdvertize
2021-11-14 20:45:44.566 585-585/? I/hwservicemanager: getTransport: Cannot find entry vendor.samsung.hardware.radio.channel@2.0::ISehChannel/imsd in either framework or device manifest.
2021-11-14 20:45:44.675 3182-3524/? W/gle.android.gm: Long monitor contention with owner lowpool[3] (3226) at void ova.h()(:com.google.android.gms@213918037@21.39.18 (120400-407637301):1) waiters=0 in boolean ova.n() for 2.002s
2021-11-14 20:45:44.675 3182-3226/? I/DiscoveryManager: Filter criteria(null) scannerFlags(0)
2021-11-14 20:45:44.680 3182-3226/? W/GuestModeDeviceProber: setFilterCriteria
2021-11-14 20:45:44.688 1246-2165/? I/WifiService: releaseMulticastLock uid=10041
2021-11-14 20:45:44.692 3182-3463/? D/ConnectivityManager: unregisterNetworkCallback; CallingUid : 10041, CallingPid : 3182
2021-11-14 20:45:44.695 1246-1680/? D/ConnectivityService: releasing NetworkRequest [ LISTEN id=14719, [ Transports: WIFI Capabilities: NOT_RESTRICTED&TRUSTED&NOT_VPN Uid: 10041] ] (release request)
2021-11-14 20:45:44.789 1246-1824/? I/Pageboost: Launcher App Execution
2021-11-14 20:45:44.791 1246-1824/? E/Pageboost: ioinfo read failed
2021-11-14 20:45:45.446 1858-1858/? D/KeyguardSecIndicationPolicy: remove Item pos = DEFAULT , id = 7531,
2021-11-14 20:45:45.447 1858-1858/? D/KeyguardSecIndicationPolicy: update top pos = DEFAULT, item = [id=7531|ty=BATTERY|pr=40|txt=Fully charged|ti=duration=3000|an=false] -> [id=7532|ty=BATTERY_RESTING|pr=20|txt=Fully charged|ti=duration=PERSISTENT|an=false]
2021-11-14 20:45:45.447 1858-1858/? D/KeyguardSecIndicationController: onIndicationChanged() return - keyguard is not visible, pos = DEFAULT, item = [id=7532|ty=BATTERY_RESTING|pr=20|txt=Fully charged|ti=duration=PERSISTENT|an=false]
2021-11-14 20:45:47.112 1246-1444/? I/PowerManagerService: [PWL] Off : 5s ago
2021-11-14 20:45:47.112 1246-1444/? I/PowerManagerService: [PWL] PowerManagerService.Display: ref count=1
2021-11-14 20:45:47.112 1246-1444/? I/PowerManagerService: [PWL] mUserActivitySummary : 0x4
2021-11-14 20:45:47.112 1246-1444/? I/PowerManagerService: [PWL] mDisplayPowerRequest.policy : 1
2021-11-14 20:45:47.507 1858-1858/? I/ChargingInfoManager: handleMessage: EXPIRED
2021-11-14 20:45:47.507 1858-1858/? I/ChargingInfoManager: updateChargingInfo: newState = AOD ChargingInfo [mState=ICON_AND_TEXT, mIsCharging=false, mIsFullyCharged=true], oldState = DETAIL_TEXT
2021-11-14 20:45:47.508 1858-1858/? I/ChargingInfoView: handleMessage: MSG_SHOW_CHARGING_INFO
2021-11-14 20:45:47.508 1858-1858/? I/ChargingInfoView: updateContents: ICON_AND_TEXT
2021-11-14 20:45:47.508 1858-1858/? I/AOD_WAKELOCK@WakeLockManager: acquireIfExists: tag - charging_info, timeout - 500, reason - Charging Info is showing, delay by 500, wakeLock = WakeLock{1498368 held=false, refCount=0}
2021-11-14 20:45:47.510 1246-2166/? D/PowerManagerService: [api] acquire WakeLock DRAW_WAKE_LOCK 'charging_info' (uid=10020 pid=1858 pkg=com.android.systemui)
2021-11-14 20:45:47.510 1246-2166/? D/PowerManagerService: mDisplayReady: false
2021-11-14 20:45:47.511 1246-1444/? D/DisplayPowerController: animateScreenStateChange: target=3, targetInternal=3, dualScreenPolicy=-1
2021-11-14 20:45:47.512 1246-1444/? D/DisplayPowerController: getFinalBrightness : Summary is 94 -> 94
2021-11-14 20:45:47.512 1246-1444/? D/DisplayPowerController: Animating brightness: target=94, rate=0 (PSM:, AB limit:(-1 ~ -1) MB Limit:(-1 ~ -1), sf=1.0
2021-11-14 20:45:47.512 1246-1395/? D/BatteryExternalStatsWorker: update stats
2021-11-14 20:45:47.512 1246-1395/? D/BatteryExternalStatsWorker: WifiActivityEnergyInfo was updated
2021-11-14 20:45:47.512 1246-1395/? D/BatteryExternalStatsWorker: BluetoothActivityEnergyInfo was updated
2021-11-14 20:45:47.512 1246-1395/? D/BatteryExternalStatsWorker: ModemActivityEnergyInfo was updated
2021-11-14 20:45:47.512 1858-1858/? I/ChargingInfoManager: getDeviceChargingText: 0, 5, 100, 0
2021-11-14 20:45:47.513 1246-1780/? D/DisplayManagerService: !@display_state internal: DOZE_SUSPEND -> DOZE
2021-11-14 20:45:47.513 1246-1780/? D/LocalDisplayAdapter: !@ display_state: DOZE_SUSPEND -> DOZE (id:19261213734341249)
2021-11-14 20:45:47.513 1246-1355/? I/DisplayManagerService: Display device changed state: "Built-in Screen", DOZE
2021-11-14 20:45:47.514 1246-2166/? D/PowerManagerService: [api] acquire WakeLock DRAW_WAKE_LOCK 'Window:StatusBar' (uid=1000 pid=1246 pkg=android ws=WorkSource{10020 com.android.systemui})
2021-11-14 20:45:47.515 868-868/? D/SurfaceFlinger: Setting power mode 2 on display 19261213734341249
2021-11-14 20:45:47.521 1246-1780/? D/DisplayPowerController: setActualDisplayState: DOZE_SUSPEND -> DOZE
2021-11-14 20:45:47.521 1246-1444/? D/DisplayPowerController: animateScreenStateChange: target=3, targetInternal=3, dualScreenPolicy=-1
2021-11-14 20:45:47.522 1246-1444/? D/DisplayPowerController: getFinalBrightness : Summary is 94 -> 94
2021-11-14 20:45:47.522 1246-1444/? D/DisplayPowerController: Animating brightness: target=94, rate=0 (PSM:, AB limit:(-1 ~ -1) MB Limit:(-1 ~ -1), sf=1.0
2021-11-14 20:45:47.523 1246-1584/? I/CAE: handleMessage(CaPowerManager.java:193) - AP_SLEEP_Already_Delivered
2021-11-14 20:45:47.523 1246-1584/? I/CAE: handleMessage(CaPowerManager.java:214) - SCREEN_ON_Already_Delivered
2021-11-14 20:45:47.526 1246-1246/? D/GameManagerService: onDisplayChanged. displyId: 0, state: 3
2021-11-14 20:45:47.526 1246-1791/? D/GameManagerService: onLooperPrepared(), msg: { when=0 what=10006 target=com.samsung.android.game.GameManagerService$FgCheckThread$1 }
2021-11-14 20:45:47.557 1246-1395/? D/BatteryExternalStatsWorker: done updateExternalStatsLocked
2021-11-14 20:45:47.558 1246-1444/? D/DisplayPowerController: animateScreenStateChange: target=3, targetInternal=3, dualScreenPolicy=-1
2021-11-14 20:45:47.558 1246-1444/? D/DisplayPowerController: getFinalBrightness : Summary is 94 -> 94
2021-11-14 20:45:47.558 1246-1444/? D/DisplayPowerController: Animating brightness: target=94, rate=0 (PSM:, AB limit:(-1 ~ -1) MB Limit:(-1 ~ -1), sf=1.0
2021-11-14 20:45:47.558 1246-1444/? D/PowerManagerService: DisplayPowerCallbacks : onStateChanged()
2021-11-14 20:45:47.558 1246-1444/? D/PowerManagerService: mDisplayReady: true
2021-11-14 20:45:47.560 1858-1858/? I/AbsChargingInfoComponent: setVisibilityWithAnim: skipped true
2021-11-14 20:45:47.560 1858-1858/? I/MODManager: onShow ChargingInfoOnlyContainer
2021-11-14 20:45:47.563 1858-1858/? D/DisplayLifecycle: updateDisplay id = 0
2021-11-14 20:45:47.568 1246-2166/? D/PowerManagerService: [api] acquire WakeLock DRAW_WAKE_LOCK 'Window:StatusBar' ACQ=-10ms (uid=1000 pid=1246 pkg=android ws=WorkSource{10020 com.android.systemui})
2021-11-14 20:45:47.579 1858-1858/? D/KeyguardSideMargin: isLandscapetrue
2021-11-14 20:45:47.580 1858-1858/? D/KeyguardSideMargin: screenWidth2560
2021-11-14 20:45:47.580 1858-1858/? D/KeyguardSideMargin: screenHeight1600
2021-11-14 20:45:47.582 1858-1858/? D/KeyguardSideMargin: isLandscapetrue
2021-11-14 20:45:47.582 1858-1858/? D/KeyguardSideMargin: screenWidth2560
2021-11-14 20:45:47.582 1858-1858/? D/KeyguardSideMargin: screenHeight1600
2021-11-14 20:45:47.586 1246-2166/? D/PowerManagerService: [api] acquire WakeLock DRAW_WAKE_LOCK 'Window:StatusBar' ACQ=-29ms (uid=1000 pid=1246 pkg=android ws=WorkSource{10020 com.android.systemui})
2021-11-14 20:45:47.591 1858-2675/? I/OpenGLRenderer: doUpdatePositionAsync is called and callVoidMethod
2021-11-14 20:45:47.725 3734-3734/? D/SDHMS:wb: writeSysfs:: path() : /dev/cpuset/restricted/cpus exist() : true canWrite() : false
2021-11-14 20:45:47.787 1246-1246/? D/PowerManagerService: [api] release WakeLock DRAW_WAKE_LOCK 'Window:StatusBar' ACQ=-229ms (uid=1000 pid=1246 pkg=android ws=WorkSource{10020 com.android.systemui})
2021-11-14 20:45:48.164 1246-2166/? D/PowerManagerService: [api] release WakeLock DRAW_WAKE_LOCK 'charging_info' ACQ=-652ms (uid=10020 pid=1858 pkg=com.android.systemui)
2021-11-14 20:45:48.165 1246-2166/? D/PowerManagerService: mDisplayReady: false
2021-11-14 20:45:48.165 1246-1444/? D/DisplayPowerController: animateScreenStateChange: target=4, targetInternal=4, dualScreenPolicy=-1
2021-11-14 20:45:48.166 1246-1444/? D/DisplayPowerController: getFinalBrightness : Summary is 94 -> 94
2021-11-14 20:45:48.166 1246-1444/? D/DisplayPowerController: Animating brightness: target=94, rate=0 (PSM:, AB limit:(-1 ~ -1) MB Limit:(-1 ~ -1), sf=1.0
2021-11-14 20:45:48.166 1246-1395/? D/BatteryExternalStatsWorker: update stats
2021-11-14 20:45:48.166 1246-1395/? D/BatteryExternalStatsWorker: WifiActivityEnergyInfo was updated
2021-11-14 20:45:48.166 1246-1395/? D/BatteryExternalStatsWorker: BluetoothActivityEnergyInfo was updated
2021-11-14 20:45:48.166 1246-1395/? D/BatteryExternalStatsWorker: ModemActivityEnergyInfo was updated
2021-11-14 20:45:48.167 1246-1780/? D/DisplayManagerService: !@display_state internal: DOZE -> DOZE_SUSPEND
2021-11-14 20:45:48.168 1246-1780/? D/LocalDisplayAdapter: !@ display_state: DOZE -> DOZE_SUSPEND (id:19261213734341249)
2021-11-14 20:45:48.169 1246-1355/? I/DisplayManagerService: Display device changed state: "Built-in Screen", DOZE_SUSPEND
2021-11-14 20:45:48.173 868-868/? D/SurfaceFlinger: Setting power mode 2 on display 19261213734341249
2021-11-14 20:45:48.177 1246-1395/? D/BatteryExternalStatsWorker: done updateExternalStatsLocked
2021-11-14 20:45:48.183 1246-1584/? I/CAE: handleMessage(CaPowerManager.java:193) - AP_SLEEP_Already_Delivered
2021-11-14 20:45:48.183 1246-1584/? I/CAE: handleMessage(CaPowerManager.java:214) - SCREEN_ON_Already_Delivered
2021-11-14 20:45:48.184 1246-1246/? D/GameManagerService: onDisplayChanged. displyId: 0, state: 4
2021-11-14 20:45:48.185 1246-1780/? D/DisplayPowerController: setActualDisplayState: DOZE -> DOZE_SUSPEND
2021-11-14 20:45:48.185 1246-1791/? D/GameManagerService: onLooperPrepared(), msg: { when=-1ms what=10006 target=com.samsung.android.game.GameManagerService$FgCheckThread$1 }
2021-11-14 20:45:48.185 1246-1444/? D/DisplayPowerController: animateScreenStateChange: target=4, targetInternal=4, dualScreenPolicy=-1
2021-11-14 20:45:48.185 1246-1444/? D/DisplayPowerController: getFinalBrightness : Summary is 94 -> 94
2021-11-14 20:45:48.185 1246-1444/? D/DisplayPowerController: Animating brightness: target=94, rate=0 (PSM:, AB limit:(-1 ~ -1) MB Limit:(-1 ~ -1), sf=1.0
2021-11-14 20:45:48.185 1246-1444/? D/DisplayPowerController: animateScreenStateChange: target=4, targetInternal=4, dualScreenPolicy=-1
2021-11-14 20:45:48.185 1246-1444/? D/DisplayPowerController: getFinalBrightness : Summary is 94 -> 94
2021-11-14 20:45:48.185 1246-1444/? D/DisplayPowerController: Animating brightness: target=94, rate=0 (PSM:, AB limit:(-1 ~ -1) MB Limit:(-1 ~ -1), sf=1.0
2021-11-14 20:45:48.185 1246-1444/? D/PowerManagerService: DisplayPowerCallbacks : onStateChanged()
