2021-11-14 20:44:48.547 1858-1858/? D/KeyguardSideMargin: screenHeight1600
2021-11-14 20:44:48.548 868-868/? I/SurfaceFlinger: Display 19261213734341249 HWC layers: type | handle | flag | format | source crop (l,t,r,b) | frame | name ------------+--------------+------+-----------+----------------------------+---------------------+------ DEVICE | 0x755b24d0a0 | 0000 | RGBA_8888 | 0.0 0.0 2560.0 1600.0 | 0 0 2560 1600 | StatusBar$_1858#0
2021-11-14 20:44:48.550 1858-1858/? D/KeyguardSideMargin: isLandscapetrue
2021-11-14 20:44:48.550 1858-1858/? D/KeyguardSideMargin: screenWidth2560
2021-11-14 20:44:48.550 1858-1858/? D/KeyguardSideMargin: screenHeight1600
2021-11-14 20:44:48.555 1858-1858/? D/KeyguardImageWallpaper: isCustom: false
2021-11-14 20:44:48.555 1858-1858/? D/PluginLockWallpaper: getWallpaperPath() path: null
2021-11-14 20:44:48.555 1858-1858/? D/PluginLockWallpaper: isCustomPack(): false, path:null
2021-11-14 20:44:48.558 1858-2676/? I/OpenGLRenderer: doUpdatePositionAsync is called and callVoidMethod
2021-11-14 20:44:48.589 1246-3795/? V/WindowManager: Relayout Window{a036015 u0 Bouncer}: viewVisibility=4 req=2560x0
2021-11-14 20:44:48.595 1246-3795/? V/WindowManager: Relayout 1858: mAttrs={(0,0)(fillx0) gr=TOP CENTER_VERTICAL sim={adjust=resize} layoutInDisplayCutoutMode=always ty=KEYGUARD_DIALOG fmt=TRANSLUCENT if=DISABLE_USER_ACTIVITY userActivityTimeout=5000 fl=85000548 vsysui=510 dimAmount=0.0 screenDimDuration=0 naviIconColor=0 sfl=40000}, display=0
2021-11-14 20:44:48.596 1858-1858/? I/ViewRootImpl@112db8b[Bouncer]: Relayout returned: old=(0,0,2560,0) new=(0,0,2560,0) req=(2560,0)4 dur=8 res=0x1 s={false 0} ch=false
2021-11-14 20:44:48.597 1858-1858/? D/QSMiscContainer: MumAndDexHelper.needToBeVisible() result:false, hasMultiUsers?false, DeviceState.isDesktopMode?false, DesktopManager.isDesktopMode?false, IsDexEnablingOrEnabled:false, userSwitcherEnabled:false
2021-11-14 20:44:48.598 1858-1858/? I/chatty: uid=10020(com.samsung.desktopsystemui) com.android.systemui identical 4 lines
2021-11-14 20:44:48.598 1858-1858/? D/QSMiscContainer: MumAndDexHelper.needToBeVisible() result:false, hasMultiUsers?false, DeviceState.isDesktopMode?false, DesktopManager.isDesktopMode?false, IsDexEnablingOrEnabled:false, userSwitcherEnabled:false
2021-11-14 20:44:48.598 1858-1858/? D/StatusBar: disable disable2
2021-11-14 20:44:48.600 1858-1858/? V/NavBarStoreImpl: ------handleEvent [EventType] ON_UPDATE_REMOTEVIEW [Module] SecNavigationBarView KEYS_RIGHT_REMOTEVIEW_CONTAINER=android.widget.LinearLayout{2c77d1f I.E...... ......I. 2194,0-2475,108 #7f0a054c app:id/right_remoteview} KEYS_LEFT_REMOTEVIEW_CONTAINER=android.widget.LinearLayout{c09e86c V.E...... .......D 85,0-366,108 #7f0a039a app:id/left_remoteview} KEYS_CONTEXTUALBUTTON_VISIBLE=false KEYS_NAVBAR_DARK_INTENSITY=0.0
2021-11-14 20:44:48.600 1858-1858/? V/NavBarStoreImpl: --------[Band]REMOTE_VIEW_PACK_SET_REMOTEVIEW_CONTAINER
2021-11-14 20:44:48.600 1858-1858/? V/NavBarStoreImpl: ----------apply(UPDATE_NAVBAR_REMOTEVIEW_CONTAINER)
2021-11-14 20:44:48.601 1858-1858/? V/NavBarStoreImpl: ----------apply(UPDATE_NAVBAR_RIGHT_REMOTEVIEW_VISIBILITY)
2021-11-14 20:44:48.601 1858-1858/? V/NavBarStoreImpl: ----------isEnabled(NAVBAR_REMOTEVIEW_DARKINTENSITY_CHANGED)=false
2021-11-14 20:44:48.602 1858-1858/? D/FaceWidgetContainer: initDimens
2021-11-14 20:44:48.602 1858-1858/? D/FaceWidgetAttribute: loadDimens
2021-11-14 20:44:48.603 1858-1858/? I/FaceWidgetContainer: reissueAllPages() >> START >>
2021-11-14 20:44:48.603 1858-1858/? D/FaceWidgetContainer: currentPkgNameservicebox_clock
2021-11-14 20:44:48.604 1858-1858/? D/FaceWidgetContainer: getPageItem() pkg = servicebox_clock, enabled = true
2021-11-14 20:44:48.604 1858-1858/? I/FaceWidgetContainer: e=false, u=false, owner=true
2021-11-14 20:44:48.604 1858-1858/? D/FaceWidgetSettingsHelper: getPagesOrder() = servicebox_music;servicebox_calendar;servicebox_alarm;com.sec.android.daemonapp#weather;com.samsung.android.app.routines#dashboard
2021-11-14 20:44:48.604 1858-1858/? D/FaceWidgetContainer: getPageItem() pkg = servicebox_music, enabled = true
2021-11-14 20:44:48.604 1858-1858/? D/FaceWidgetContainer: getPageItem() pkg = servicebox_calendar, enabled = false
2021-11-14 20:44:48.604 1858-1858/? D/FaceWidgetContainer: reissueAllPages() page is null : servicebox_calendar
2021-11-14 20:44:48.604 1858-1858/? D/FaceWidgetContainer: getPageItem() pkg = servicebox_alarm, enabled = false
2021-11-14 20:44:48.604 1858-1858/? D/FaceWidgetContainer: reissueAllPages() page is null : servicebox_alarm
2021-11-14 20:44:48.604 1858-1858/? D/FaceWidgetSettingsHelper: isRemoteViewsEnabled() remoteKey = com.sec.android.daemonapp#weather, hashKey = com.sec.android.daemonapp#weather, enabled = false
2021-11-14 20:44:48.604 1858-1858/? D/FaceWidgetContainer: getPageItem() pkg = com.sec.android.daemonapp#weather, enabled = false
2021-11-14 20:44:48.604 1858-1858/? D/FaceWidgetContainer: reissueAllPages() page is null : com.sec.android.daemonapp#weather
2021-11-14 20:44:48.604 1858-1858/? D/FaceWidgetSettingsHelper: isRemoteViewsEnabled() remoteKey = com.samsung.android.app.routines#dashboard, hashKey = com.samsung.android.app.routines#dashboard, enabled = true
2021-11-14 20:44:48.604 1858-1858/? D/FaceWidgetContainer: getPageItem() pkg = com.samsung.android.app.routines#dashboard, enabled = true
2021-11-14 20:44:48.604 1858-1858/? D/FaceWidgetContainer: getPageItem() pkg = clone_clock, enabled = true
2021-11-14 20:44:48.604 1858-1858/? I/FaceWidgetContainer: reissueAllPages() item list same << END <<
2021-11-14 20:44:48.604 1858-1858/? D/KeyguardOwnerInfoView: updateOwnerInfo(hasCMAS): -1
2021-11-14 20:44:48.605 1858-1858/? D/FaceWidgetOwnerInfoManager: getOwnerInfo() isDeviceOwnerInfo - false
2021-11-14 20:44:48.607 1858-1858/? D/SFText: clearAllTextEffect
2021-11-14 20:44:48.607 1858-1858/? D/KeyguardSideMargin: isLandscapetrue
2021-11-14 20:44:48.608 1858-1858/? D/KeyguardSideMargin: screenWidth2560
2021-11-14 20:44:48.608 1858-1858/? D/KeyguardSideMargin: screenHeight1600
2021-11-14 20:44:48.608 1858-1858/? D/KeyguardUpdateMonitor: handleKeyguardStateUpdated(Bundle[{timeStamp=1636951488519, occluded=false, bouncerShowing=false, showing=true}])
2021-11-14 20:44:48.608 1858-1858/? D/KeyguardUpdateMonitor: handleKeyguardReset
2021-11-14 20:44:48.608 1858-1858/? D/KeyguardFingerPrint: updateFingerprintListeningState#mFingerprintRunningState=0 shouldListenForFingerprint=false
2021-11-14 20:44:48.608 1858-2252/? D/KeyguardUpdateMonitor: broadcast intent= Intent { act=com.samsung.keyguard.KEYGUARD_STATE_UPDATE (has extras) }
2021-11-14 20:44:48.608 1858-1858/? E/[IndicatorGarden]Presenter: onGardenApplyWindowInsets() New DisplayCutout is NULL!!
2021-11-14 20:44:48.609 1858-1858/? I/ImageWallpaper: onVisibilityChanged false
2021-11-14 20:44:48.609 1858-1858/? D/WallpaperService: reportVisibility onVisibilityChanged visible: false
2021-11-14 20:44:48.612 2282-2282/? D/OverviewComponentObserver: updateOverviewTargets : mOverviewIntent=Intent { act=android.intent.action.MAIN cat=[android.intent.category.DEFAULT] flg=0x10000000 cmp=com.sec.android.app.launcher/com.android.quickstep.RecentsActivity }
2021-11-14 20:44:48.614 1858-1858/? V/NavBarStoreImpl: handleEvent [EventType] GET_BOOL_NAVBAR_CAN_MOVE_STATE [Module] SecNavigationBarView
2021-11-14 20:44:48.615 5308-5308/? I/TrayVisibilityController: TrayVisibilityReceiver action :com.samsung.keyguard.KEYGUARD_STATE_UPDATE
2021-11-14 20:44:48.615 1858-1858/? V/NavBarStoreImpl: --[Band]GESTURE_PACK_GET_BOOL_NAVBAR_CAN_MOVE_NAVBARVIEW
2021-11-14 20:44:48.615 1858-1858/? V/NavBarStoreImpl: ----apply(SET_CURRENT_NAVBAR_CAN_MOVE)
2021-11-14 20:44:48.615 1858-1858/? V/NavBarStoreImpl: getResult(GET_BOOL_NAVBAR_CAN_MOVE_STATE)=false
2021-11-14 20:44:48.616 1246-1246/? D/EdmStorageProvider: getCount(ClientCertificateManagerTable) - 1
2021-11-14 20:44:48.616 1246-1246/? D/ClientCertificateManager Service: Send message MSG_UPDATE_LOCK_STATUS
2021-11-14 20:44:48.617 1246-1246/? D/GameManagerService: com.samsung.keyguard.KEYGUARD_STATE. check for pause
2021-11-14 20:44:48.617 1246-1791/? D/GameManagerService: onLooperPrepared(), msg: { when=0 what=10009 target=com.samsung.android.game.GameManagerService$FgCheckThread$1 }
2021-11-14 20:44:48.617 1246-1791/? D/GameManagerService: sendPauseConditionally() - mPrevNotiPackage: com.sec.android.app.myfiles
2021-11-14 20:44:48.617 4453-4453/? D/[AirCmd]_KeyguardStateChangeDetector: onReceive : isKeyguardLocked is : true mPreviousLockState is false
2021-11-14 20:44:48.617 4453-4453/? D/[AirCmd]_ScreenOffAndLockStateActionInvoker: setKeyguardLockState : isKeyguardLocked is true
2021-11-14 20:44:48.617 4453-4453/? D/[AirCmd]_ScreenOffAndLockStateActionInvoker: setKeyguardLockState : isSpenInserted is false, connectionState is DISCONNECTED
2021-11-14 20:44:48.618 4453-4453/? D/[AirCmd]_KeyguardStateChangeDetector: onReceive : isKeyguardLocked is : true mPreviousLockState is false
2021-11-14 20:44:48.637 1246-1758/? I/ClientCertificateManager Service: handleMessage : 1
2021-11-14 20:44:48.637 1246-1758/? D/ClientCertificateManager Service: Initialize mInternalHandler MSG_UPDATE_LOCK_STATUS
2021-11-14 20:44:48.637 1246-1758/? I/ClientCertificateManager Service: ClientCertificateManager.isPremiumContainer() : false for user : 0
2021-11-14 20:44:48.644 1246-1758/? I/ClientCertificateManager Service: ClientCertificateManager.isPremiumContainer() : false for user : 0
2021-11-14 20:44:48.670 5308-5308/? I/Utils: isCurrentUser current = 0, ownerId = 0
2021-11-14 20:44:48.671 5308-5308/? I/TrayVisibilityController: updateTrayVisible: State=4099 visible=2 mCurrentVisible=2 specificMode=10000
2021-11-14 20:44:48.672 5308-5308/? I/TrayStateController: setUiState 2 : already 2
2021-11-14 20:44:48.798 1858-1858/? I/ChargingInfoManager: handleMessage: EXPIRED
2021-11-14 20:44:48.799 1858-1858/? I/ChargingInfoManager: updateChargingInfo: newState = AOD ChargingInfo [mState=ICON_AND_TEXT, mIsCharging=false, mIsFullyCharged=true], oldState = DETAIL_TEXT
2021-11-14 20:44:48.799 1858-1858/? I/ChargingInfoView: handleMessage: MSG_SHOW_CHARGING_INFO
2021-11-14 20:44:48.799 1858-1858/? I/ChargingInfoView: updateContents: ICON_AND_TEXT
2021-11-14 20:44:48.799 1858-1858/? I/AOD_WAKELOCK@WakeLockManager: acquireIfExists: tag - charging_info, timeout - 500, reason - Charging Info is showing, delay by 500, wakeLock = WakeLock{1498368 held=false, refCount=0}
2021-11-14 20:44:48.801 1246-3795/? D/PowerManagerService: [api] acquire WakeLock DRAW_WAKE_LOCK 'charging_info' (uid=10020 pid=1858 pkg=com.android.systemui)
2021-11-14 20:44:48.802 1246-3795/? D/PowerManagerService: mDisplayReady: false
2021-11-14 20:44:48.802 1246-1444/? D/DisplayPowerController: animateScreenStateChange: target=3, targetInternal=3, dualScreenPolicy=-1
2021-11-14 20:44:48.803 1246-1444/? D/DisplayPowerController: getFinalBrightness : Summary is 94 -> 94
2021-11-14 20:44:48.803 1246-1444/? D/DisplayPowerController: Animating brightness: target=94, rate=0 (PSM:, AB limit:(-1 ~ -1) MB Limit:(-1 ~ -1), sf=1.0
2021-11-14 20:44:48.803 1246-1395/? D/BatteryExternalStatsWorker: update stats
2021-11-14 20:44:48.804 1246-1395/? D/BatteryExternalStatsWorker: WifiActivityEnergyInfo was updated
2021-11-14 20:44:48.804 1246-1780/? D/DisplayManagerService: !@display_state internal: DOZE_SUSPEND -> DOZE
2021-11-14 20:44:48.804 1246-1395/? D/BatteryExternalStatsWorker: BluetoothActivityEnergyInfo was updated
2021-11-14 20:44:48.804 1246-1395/? D/BatteryExternalStatsWorker: ModemActivityEnergyInfo was updated
2021-11-14 20:44:48.804 1246-1780/? D/LocalDisplayAdapter: !@ display_state: DOZE_SUSPEND -> DOZE (id:19261213734341249)
2021-11-14 20:44:48.805 1246-1355/? I/DisplayManagerService: Display device changed state: "Built-in Screen", DOZE
2021-11-14 20:44:48.805 868-868/? D/SurfaceFlinger: Setting power mode 2 on display 19261213734341249
2021-11-14 20:44:48.806 1246-1780/? D/DisplayPowerController: setActualDisplayState: DOZE_SUSPEND -> DOZE
2021-11-14 20:44:48.811 1246-1584/? I/CAE: handleMessage(CaPowerManager.java:193) - AP_SLEEP_Already_Delivered
2021-11-14 20:44:48.811 1246-1584/? I/CAE: handleMessage(CaPowerManager.java:214) - SCREEN_ON_Already_Delivered
2021-11-14 20:44:48.814 1246-1444/? D/DisplayPowerController: animateScreenStateChange: target=3, targetInternal=3, dualScreenPolicy=-1
2021-11-14 20:44:48.814 1246-1444/? D/DisplayPowerController: getFinalBrightness : Summary is 94 -> 94
2021-11-14 20:44:48.814 1246-1444/? D/DisplayPowerController: Animating brightness: target=94, rate=0 (PSM:, AB limit:(-1 ~ -1) MB Limit:(-1 ~ -1), sf=1.0
2021-11-14 20:44:48.822 1246-1246/? D/GameManagerService: onDisplayChanged. displyId: 0, state: 3
2021-11-14 20:44:48.823 1246-1791/? D/GameManagerService: onLooperPrepared(), msg: { when=-1ms what=10006 target=com.samsung.android.game.GameManagerService$FgCheckThread$1 }
2021-11-14 20:44:48.856 1246-1395/? D/BatteryExternalStatsWorker: done updateExternalStatsLocked
2021-11-14 20:44:48.857 1858-1858/? I/ChargingInfoManager: getDeviceChargingText: 0, 5, 100, 0
2021-11-14 20:44:48.858 1246-3795/? D/PowerManagerService: [api] acquire WakeLock DRAW_WAKE_LOCK 'Window:StatusBar' (uid=1000 pid=1246 pkg=android ws=WorkSource{10020 com.android.systemui})
2021-11-14 20:44:48.859 1246-1444/? D/DisplayPowerController: animateScreenStateChange: target=3, targetInternal=3, dualScreenPolicy=-1
2021-11-14 20:44:48.859 1246-1444/? D/DisplayPowerController: getFinalBrightness : Summary is 94 -> 94
2021-11-14 20:44:48.859 1246-1444/? D/DisplayPowerController: Animating brightness: target=94, rate=0 (PSM:, AB limit:(-1 ~ -1) MB Limit:(-1 ~ -1), sf=1.0
2021-11-14 20:44:48.859 1246-1444/? D/PowerManagerService: DisplayPowerCallbacks : onStateChanged()
2021-11-14 20:44:48.859 1246-1444/? D/PowerManagerService: mDisplayReady: true
2021-11-14 20:44:48.860 1858-1858/? I/AbsChargingInfoComponent: setVisibilityWithAnim: skipped true
2021-11-14 20:44:48.860 1858-1858/? I/MODManager: onShow ChargingInfoOnlyContainer
2021-11-14 20:44:48.861 1858-1858/? D/DisplayLifecycle: updateDisplay id = 0
2021-11-14 20:44:48.864 1246-3795/? D/PowerManagerService: [api] acquire WakeLock DRAW_WAKE_LOCK 'Window:StatusBar' ACQ=-4ms (uid=1000 pid=1246 pkg=android ws=WorkSource{10020 com.android.systemui})
2021-11-14 20:44:48.869 1858-1858/? D/KeyguardSideMargin: isLandscapetrue
2021-11-14 20:44:48.870 1858-1858/? D/KeyguardSideMargin: screenWidth2560
2021-11-14 20:44:48.870 1858-1858/? D/KeyguardSideMargin: screenHeight1600
2021-11-14 20:44:48.872 1858-1858/? D/KeyguardSideMargin: isLandscapetrue
2021-11-14 20:44:48.872 1858-1858/? D/KeyguardSideMargin: screenWidth2560
2021-11-14 20:44:48.872 1858-1858/? D/KeyguardSideMargin: screenHeight1600
2021-11-14 20:44:48.875 1246-3795/? D/PowerManagerService: [api] acquire WakeLock DRAW_WAKE_LOCK 'Window:StatusBar' ACQ=-15ms (uid=1000 pid=1246 pkg=android ws=WorkSource{10020 com.android.systemui})
2021-11-14 20:44:48.879 1858-2675/? I/OpenGLRenderer: doUpdatePositionAsync is called and callVoidMethod
2021-11-14 20:44:49.078 1246-1246/? D/PowerManagerService: [api] release WakeLock DRAW_WAKE_LOCK 'Window:StatusBar' ACQ=-218ms (uid=1000 pid=1246 pkg=android ws=WorkSource{10020 com.android.systemui})
2021-11-14 20:44:49.135 3734-3734/? D/SDHMS:wb: writeSysfs:: path() : /dev/cpuset/restricted/cpus exist() : true canWrite() : false
2021-11-14 20:44:49.282 804-25943/? I/sensors-hal: handle_sns_std_sensor_event:100, [SSC_LIGHT] A lux: 111
2021-11-14 20:44:49.462 1246-3795/? D/PowerManagerService: [api] release WakeLock DRAW_WAKE_LOCK 'charging_info' ACQ=-606ms (uid=10020 pid=1858 pkg=com.android.systemui)
2021-11-14 20:44:49.464 1246-3795/? D/PowerManagerService: mDisplayReady: false
2021-11-14 20:44:49.465 1246-1444/? D/DisplayPowerController: animateScreenStateChange: target=4, targetInternal=4, dualScreenPolicy=-1
2021-11-14 20:44:49.465 1246-1444/? D/DisplayPowerController: getFinalBrightness : Summary is 94 -> 94
2021-11-14 20:44:49.465 1246-1444/? D/DisplayPowerController: Animating brightness: target=94, rate=0 (PSM:, AB limit:(-1 ~ -1) MB Limit:(-1 ~ -1), sf=1.0
2021-11-14 20:44:49.466 1246-1395/? D/BatteryExternalStatsWorker: update stats
2021-11-14 20:44:49.466 1246-1395/? D/BatteryExternalStatsWorker: WifiActivityEnergyInfo was updated
2021-11-14 20:44:49.466 1246-1395/? D/BatteryExternalStatsWorker: BluetoothActivityEnergyInfo was updated
2021-11-14 20:44:49.466 1246-1395/? D/BatteryExternalStatsWorker: ModemActivityEnergyInfo was updated
2021-11-14 20:44:49.466 1246-1780/? D/DisplayManagerService: !@display_state internal: DOZE -> DOZE_SUSPEND
2021-11-14 20:44:49.467 1246-1780/? D/LocalDisplayAdapter: !@ display_state: DOZE -> DOZE_SUSPEND (id:19261213734341249)
2021-11-14 20:44:49.468 1246-1355/? I/DisplayManagerService: Display device changed state: "Built-in Screen", DOZE_SUSPEND
2021-11-14 20:44:49.469 868-868/? D/SurfaceFlinger: Setting power mode 2 on display 19261213734341249
2021-11-14 20:44:49.470 1246-1780/? D/DisplayPowerController: setActualDisplayState: DOZE -> DOZE_SUSPEND
2021-11-14 20:44:49.472 1246-1444/? D/DisplayPowerController: animateScreenStateChange: target=4, targetInternal=4, dualScreenPolicy=-1
2021-11-14 20:44:49.472 1246-1444/? D/DisplayPowerController: getFinalBrightness : Summary is 94 -> 94
2021-11-14 20:44:49.472 1246-1444/? D/DisplayPowerController: Animating brightness: target=94, rate=0 (PSM:, AB limit:(-1 ~ -1) MB Limit:(-1 ~ -1), sf=1.0
2021-11-14 20:44:49.472 1246-1444/? D/DisplayPowerController: animateScreenStateChange: target=4, targetInternal=4, dualScreenPolicy=-1
2021-11-14 20:44:49.473 1246-1444/? D/DisplayPowerController: getFinalBrightness : Summary is 94 -> 94
2021-11-14 20:44:49.473 1246-1444/? D/DisplayPowerController: Animating brightness: target=94, rate=0 (PSM:, AB limit:(-1 ~ -1) MB Limit:(-1 ~ -1), sf=1.0
2021-11-14 20:44:49.473 1246-1444/? D/PowerManagerService: DisplayPowerCallbacks : onStateChanged()
2021-11-14 20:44:49.473 1246-1444/? D/PowerManagerService: mDisplayReady: true
2021-11-14 20:44:49.476 1246-1584/? I/CAE: handleMessage(CaPowerManager.java:193) - AP_SLEEP_Already_Delivered
2021-11-14 20:44:49.477 1246-1584/? I/CAE: handleMessage(CaPowerManager.java:214) - SCREEN_ON_Already_Delivered
2021-11-14 20:44:49.477 1246-1395/? D/BatteryExternalStatsWorker: done updateExternalStatsLocked
2021-11-14 20:44:49.477 1246-1246/? D/GameManagerService: onDisplayChanged. displyId: 0, state: 4
2021-11-14 20:44:49.478 1246-1791/? D/GameManagerService: onLooperPrepared(), msg: { when=0 what=10006 target=com.samsung.android.game.GameManagerService$FgCheckThread$1 }
2021-11-14 20:44:49.481 1858-1858/? D/DisplayLifecycle: updateDisplay id = 0
2021-11-14 20:44:51.297 1246-3795/? D/SamsungAlarmManager: Cancel Alarm calling from uid:10041 pid :28734 / op:PendingIntent{ead6f1f: PendingIntentRecord{8adf26c com.google.android.gms startService}}
2021-11-14 20:44:51.299 1246-3795/? I/SamsungAlarmManager: setLocked to kernel - T:2 / 20211114T204543, SetElapsed=3483443715, nowELAPSED=3483391200
2021-11-14 20:44:51.299 1246-3795/? I/SamsungAlarmManager: setLocked to kernel - T:3 / 20211114T204500, SetElapsed=3483399901, nowELAPSED=3483391200
2021-11-14 20:44:52.463 585-585/? I/hwservicemanager: getTransport: Cannot find entry vendor.samsung.hardware.radio.channel@2.0::ISehChannel/imsd in either framework or device manifest.
2021-11-14 20:44:53.421 1246-1359/? E/Watchdog: !@Sync 73836
[2021-11-14 20:44:53.420] FD count : 656, wdog_way : pwdt
2021-11-14 20:44:53.489 2648-2648/? I/io_stats: !@ 8,0 r 769842 27802308 w 6367311 206244248 d 3209226 481619044 f 4769668 5984495 iot 9029050 5622559 th 102400 0 0 pt 0 inp 0 0 2216695.674
2021-11-14 20:44:54.282 804-25943/? I/sensors-hal: handle_sns_std_sensor_event:100, [SSC_LIGHT] A lux: 111
2021-11-14 20:44:54.491 1246-2165/? D/NtpTrustedTime: currentTimeMillis() cache hit
2021-11-14 20:44:54.494 752-1225/? I/netd: trafficSwapActiveStatsMap() <1.84ms>
2021-11-14 20:44:54.503 752-1225/? I/netd: tetherGetStats() <4.45ms>
2021-11-14 20:44:54.510 1246-2165/? D/NtpTrustedTime: currentTimeMillis() cache hit
2021-11-14 20:44:54.519 1246-1659/? D/NtpTrustedTime: currentTimeMillis() cache hit
2021-11-14 20:44:54.523 1246-2165/? D/NtpTrustedTime: currentTimeMillis() cache hit
2021-11-14 20:44:54.524 752-1225/? I/netd: trafficSwapActiveStatsMap() <0.69ms>
2021-11-14 20:44:54.528 752-1225/? I/netd: tetherGetStats() <2.22ms>
2021-11-14 20:44:54.532 1246-2165/? D/NtpTrustedTime: currentTimeMillis() cache hit
2021-11-14 20:44:54.538 1246-1659/? D/NtpTrustedTime: currentTimeMillis() cache hit
2021-11-14 20:44:55.345 868-868/? I/SurfaceFlinger: SFWD update time=2216697531745854
2021-11-14 20:44:56.474 585-585/? I/hwservicemanager: getTransport: Cannot find entry vendor.samsung.hardware.radio.channel@2.0::ISehChannel/imsd in either framework or device manifest.
2021-11-14 20:44:58.342 1246-1687/? D/DeviceStorageMonitorService: check() STORAGE TOTAL > 64G
2021-11-14 20:44:58.346 1246-1687/? W/DeviceStorageMonitorService: updateBroadcasts(/data) oldLevel:0, newLevel:0, seq:1
2021-11-14 20:44:58.349 1246-1687/? W/DeviceStorageMonitorService: check : f_file = 12812795
2021-11-14 20:44:58.349 1246-1687/? W/DeviceStorageMonitorService: F_NUSED = 47752
2021-11-14 20:44:58.349 1246-1687/? W/DeviceStorageMonitorService: return value is F_FILES - F_NUSED = 12765043
2021-11-14 20:44:58.349 1246-1687/? W/DeviceStorageMonitorService: updateBroadcasts_filenode(/data) fn_oldLevel:0, fn_newLevel:0, seq:1
2021-11-14 20:44:58.391 1246-1444/? I/PowerManagerService: [PWL] Off : 15s ago
2021-11-14 20:44:58.391 1246-1444/? I/PowerManagerService: [PWL] PowerManagerService.Display: ref count=1
2021-11-14 20:44:58.391 1246-1444/? I/PowerManagerService: [PWL] mUserActivitySummary : 0x4
2021-11-14 20:44:58.391 1246-1444/? I/PowerManagerService: [PWL] mDisplayPowerRequest.policy : 1
2021-11-14 20:44:58.496 2648-2648/? I/io_stats: !@ 8,0 r 769842 27802308 w 6367312 206244284 d 3209226 481619044 f 4769668 5984495 iot 9029060 5622562 th 102400 0 0 pt 0 inp 0 0 2216700.680
2021-11-14 20:44:59.282 804-25943/? I/sensors-hal: handle_sns_std_sensor_event:100, [SSC_LIGHT] A lux: 110
2021-11-14 20:44:59.353 28734-28734/? D/BoundBrokerSvc: onUnbind: Intent { act=com.google.android.gms.clearcut.bootcount.service.START cmp=com.google.android.gms/.chimera.PersistentBoundBrokerService }
2021-11-14 20:44:59.375 3182-3182/? D/BoundBrokerSvc: onUnbind: Intent { act=com.google.android.gms.mdns.service.START cmp=com.google.android.gms/.chimera.GmsBoundBrokerService }
2021-11-14 20:45:00.000 1246-1596/? D/SamsungAlarmManager: Expired : 8
2021-11-14 20:45:00.006 1246-1596/? D/SamsungAlarmManager: setInexact Intent (T:1/F:0/AC:false) 20211114T213628 - CU:1000/CP:1246
2021-11-14 20:45:00.006 1246-1596/? I/SamsungAlarmManager: setLocked to kernel - T:2 / 20211114T204543, SetElapsed=3483443715, nowELAPSED=3483399907
2021-11-14 20:45:00.006 1246-1596/? I/SamsungAlarmManager: setLocked to kernel - T:3 / 20211114T204504, SetElapsed=3483404189, nowELAPSED=3483399907
2021-11-14 20:45:00.007 1246-1596/? D/SamsungAlarmManager: setInexact Intent (T:3/F:8/AC:false) 20211114T210835 - CU:1000/CP:1246
2021-11-14 20:45:00.007 1246-1596/? I/SamsungAlarmManager: setLocked to kernel - T:2 / 20211114T204543, SetElapsed=3483443715, nowELAPSED=3483399908
2021-11-14 20:45:00.007 1246-1596/? I/SamsungAlarmManager: setLocked to kernel - T:3 / 20211114T204504, SetElapsed=3483404189, nowELAPSED=3483399908
2021-11-14 20:45:00.008 1246-1596/? D/SamsungAlarmManager: setInexact Intent (T:3/F:8/AC:false) 20211114T205339 - CU:1000/CP:1246
2021-11-14 20:45:00.008 1246-1596/? I/SamsungAlarmManager: setLocked to kernel - T:2 / 20211114T204543, SetElapsed=3483443715, nowELAPSED=3483399909
2021-11-14 20:45:00.008 1246-1596/? I/SamsungAlarmManager: setLocked to kernel - T:3 / 20211114T204504, SetElapsed=3483404189, nowELAPSED=3483399909
2021-11-14 20:45:00.009 1246-1596/? I/SamsungAlarmManager: setLocked to kernel - T:2 / 20211114T204543, SetElapsed=3483443715, nowELAPSED=3483399910
2021-11-14 20:45:00.009 1246-1596/? I/SamsungAlarmManager: setLocked to kernel - T:3 / 20211114T204504, SetElapsed=3483404189, nowELAPSED=3483399910
2021-11-14 20:45:00.483 585-585/? I/hwservicemanager: getTransport: Cannot find entry vendor.samsung.hardware.radio.channel@2.0::ISehChannel/imsd in either framework or device manifest.
2021-11-14 20:45:03.504 2648-2648/? I/io_stats: !@ 8,0 r 769842 27802308 w 6367314 206244356 d 3209226 481619044 f 4769668 5984495 iot 9029070 5622566 th 102400 0 0 pt 0 inp 0 0 2216705.688
2021-11-14 20:45:04.282 804-25943/? I/sensors-hal: handle_sns_std_sensor_event:100, [SSC_LIGHT] A lux: 111
2021-11-14 20:45:04.288 1246-1596/? D/SamsungAlarmManager: Expired : 8
2021-11-14 20:45:04.289 1246-1596/? I/SamsungAlarmManager: setLocked to kernel - T:2 / 20211114T204543, SetElapsed=3483443715, nowELAPSED=3483404190
2021-11-14 20:45:04.289 1246-1596/? E/AlarmManager: Set nextNonWakeup as mNextNonWakeupDeliveryTime=3483579902 , orig nextNonWakeup=0
2021-11-14 20:45:04.289 1246-1596/? I/SamsungAlarmManager: setLocked to kernel - T:3 / 20211114T204800, SetElapsed=3483579902, nowELAPSED=3483404190
2021-11-14 20:45:04.490 585-585/? I/hwservicemanager: getTransport: Cannot find entry vendor.samsung.hardware.radio.channel@2.0::ISehChannel/imsd in either framework or device manifest.
2021-11-14 20:45:06.706 4016-4214/? D/ContactsProvider_EventLog: contents_sample_state: [CONTACT contacts(0) data(0) accounts({}) accounts deleted({}) in_trash(in_trash(0), in_trash_for_sync(0)) calls([]) countryIso(US) userId(0) ] contents_sample_state: [ agr({}) ] contents_sample_state: [ actCnt({android.process.acore(4016)=1}) ] contents_sample_state: [PROFILE contacts(0) data(0) accounts({}) ] [SAPROFILE contacts(0) data(0) accounts({}) ] contents_sample_state: [STORAGE Contacts(CE) Profile(CE) SAProfile(CE) CallLog(CE) ]
2021-11-14 20:45:08.497 585-585/? I/hwservicemanager: getTransport: Cannot find entry vendor.samsung.hardware.radio.channel@2.0::ISehChannel/imsd in either framework or device manifest.
2021-11-14 20:45:08.510 2648-2648/? I/io_stats: !@ 8,0 r 769842 27802308 w 6367321 206244408 d 3209227 481619048 f 4769669 5984497 iot 9029070 5622571 th 102400 0 0 pt 0 inp 0 0 2216710.695
2021-11-14 20:45:09.280 804-25943/? I/sensors-hal: handle_sns_std_sensor_event:100, [SSC_LIGHT] A lux: 111
2021-11-14 20:45:09.281 3734-4082/? D/SDHMS:com.sec.android.sdhms.thermal.siop.B: SIOP:: AP:251(247,0) BAT:249(249,0) CHG:277(277,0) USB:0(0,0) PA:-250(-200,50) BLK:259(259,0) SUBBAT:0(0,0) LRP:257(257,0) LRF:257(257) LRB:256(256)
2021-11-14 20:45:12.507 585-585/? I/hwservicemanager: getTransport: Cannot find entry vendor.samsung.hardware.radio.channel@2.0::ISehChannel/imsd in either framework or device manifest.
2021-11-14 20:45:12.685 1858-1858/? D/KeyguardUpdateMonitor: updateCarrierTextInfo
2021-11-14 20:45:12.686 1858-1858/? D/FaceWidgetPagesController: onRefreshCarrierInfo()
2021-11-14 20:45:12.690 1858-1858/? D/FaceWidgetClockPage_Full: isNetworkRoamingState id=-1
2021-11-14 20:45:12.690 1858-1858/? D/FaceWidgetClockPage_Full: isNetworkRoamingState false
2021-11-14 20:45:12.690 1858-1858/? D/FaceWidgetClockPage_Full: onRefreshCarrierInfo(pre, now): false, false
2021-11-14 20:45:12.691 1858-2183/? V/WifiManager: registerSoftApCallback: callback=com.android.systemui.statusbar.policy.HotspotControllerImpl@7443466, handler=Handler (android.os.Handler) {ce593a7}
2021-11-14 20:45:12.692 1858-1858/? D/FaceWidgetClockPage: isNetworkRoamingState id=-1
2021-11-14 20:45:12.692 1858-1858/? D/FaceWidgetClockPage: isNetworkRoamingState false
2021-11-14 20:45:12.692 1858-1858/? D/FaceWidgetClockPage: onRefreshCarrierInfo(pre, now): false, false
2021-11-14 20:45:12.693 1246-1667/? D/WifiExternalCallbackTracker: Replacing callback 121910374
2021-11-14 20:45:12.694 1858-2183/? D/Tile.HotspotTile: onDataSaverChanged : false
2021-11-14 20:45:12.695 1858-2183/? D/Tile.HotspotTile: onDataSaverChanged : false
2021-11-14 20:45:12.696 1858-2183/? D/Tile.MobileDataTile: handleUpdateState : state false
2021-11-14 20:45:12.700 1858-1858/? D/FaceWidgetCloneClockPage: isNetworkRoamingState id=-1
2021-11-14 20:45:12.701 1858-1858/? D/FaceWidgetCloneClockPage: isNetworkRoamingState false
2021-11-14 20:45:12.701 1858-1858/? D/FaceWidgetCloneClockPage: onRefreshCarrierInfo(pre, now): false, false
2021-11-14 20:45:12.701 1858-1858/? D/Tile.HotspotTile: onHotspotChanged : false devices =0
2021-11-14 20:45:12.701 1858-1858/? D/Tile.HotspotTile: updateItems
2021-11-14 20:45:12.701 1858-1858/? D/hot: hot updateConnectedDeviceList mConnectedDevices = null
2021-11-14 20:45:12.701 1858-1858/? D/Tile.HotspotTile: onHotspotChanged : false devices =0
2021-11-14 20:45:12.702 1858-1858/? D/Tile.HotspotTile: updateItems
2021-11-14 20:45:12.702 1858-1858/? D/hot: hot updateConnectedDeviceList mConnectedDevices = null
2021-11-14 20:45:12.702 1858-1858/? D/Tile.HotspotTile: onHotspotChanged : false devices =0
2021-11-14 20:45:12.702 1858-1858/? D/Tile.HotspotTile: updateItems
2021-11-14 20:45:12.702 1858-1858/? D/hot: hot updateConnectedDeviceList mConnectedDevices = null
2021-11-14 20:45:12.703 1858-2473/? D/FlashlightController: cameraId null
2021-11-14 20:45:12.707 1858-2183/? V/WifiManager: registerSoftApCallback: callback=com.android.systemui.statusbar.policy.HotspotControllerImpl@7443466, handler=Handler (android.os.Handler) {ce593a7}
2021-11-14 20:45:12.710 1246-1667/? D/WifiExternalCallbackTracker: Replacing callback 121910374
2021-11-14 20:45:13.393 1246-1444/? I/PowerManagerService: [PWL] Off : 30s ago
2021-11-14 20:45:13.394 1246-1444/? I/PowerManagerService: [PWL] PowerManagerService.Display: ref count=1
2021-11-14 20:45:13.394 1246-1444/? I/PowerManagerService: [PWL] mUserActivitySummary : 0x4
2021-11-14 20:45:13.394 1246-1444/? I/PowerManagerService: [PWL] mDisplayPowerRequest.policy : 1
2021-11-14 20:45:13.518 2648-2648/? I/io_stats: !@ 8,0 r 769842 27802308 w 6367322 206244412 d 3209227 481619048 f 4769669 5984497 iot 9029070 5622573 th 102400 0 0 pt 0 inp 0 0 2216715.703
2021-11-14 20:45:14.282 804-25943/? I/sensors-hal: handle_sns_std_sensor_event:100, [SSC_LIGHT] A lux: 111
2021-11-14 20:45:16.516 585-585/? I/hwservicemanager: getTransport: Cannot find entry vendor.samsung.hardware.radio.channel@2.0::ISehChannel/imsd in either framework or device manifest.
2021-11-14 20:45:18.142 28734-12269/? E/memtrack: Couldn't load memtrack module
2021-11-14 20:45:18.142 28734-12269/? W/android.os.Debug: failed to get memory consumption info: -1
2021-11-14 20:45:18.527 2648-2648/? I/io_stats: !@ 8,0 r 769842 27802308 w 6367328 206244652 d 3209271 481619456 f 4769694 5984525 iot 9029080 5622584 th 102400 0 0 pt 0 inp 0 0 2216720.712
2021-11-14 20:45:19.282 804-25943/? I/sensors-hal: handle_sns_std_sensor_event:100, [SSC_LIGHT] A lux: 111
2021-11-14 20:45:20.526 585-585/? I/hwservicemanager: getTransport: Cannot find entry vendor.samsung.hardware.radio.channel@2.0::ISehChannel/imsd in either framework or device manifest.
2021-11-14 20:45:23.436 1246-1359/? E/Watchdog: !@Sync 73837
[2021-11-14 20:45:23.436] FD count : 656, wdog_way : pwdt
2021-11-14 20:45:24.282 804-25943/? I/sensors-hal: handle_sns_std_sensor_event:100, [SSC_LIGHT] A lux: 111
2021-11-14 20:45:24.536 585-585/? I/hwservicemanager: getTransport: Cannot find entry vendor.samsung.hardware.radio.channel@2.0::ISehChannel/imsd in either framework or device manifest.
2021-11-14 20:45:25.346 868-868/? I/SurfaceFlinger: SFWD update time=2216727532490843
2021-11-14 20:45:28.544 585-585/? I/hwservicemanager: getTransport: Cannot find entry vendor.samsung.hardware.radio.channel@2.0::ISehChannel/imsd in either framework or device manifest.
2021-11-14 20:45:29.282 804-25943/? I/sensors-hal: handle_sns_std_sensor_event:100, [SSC_LIGHT] A lux: 111
2021-11-14 20:45:32.552 585-585/? I/hwservicemanager: getTransport: Cannot find entry vendor.samsung.hardware.radio.channel@2.0::ISehChannel/imsd in either framework or device manifest.
2021-11-14 20:45:33.397 1246-1444/? I/PowerManagerService: [PWL] Off : 50s ago
2021-11-14 20:45:33.397 1246-1444/? I/PowerManagerService: [PWL] PowerManagerService.Display: ref count=1
2021-11-14 20:45:33.397 1246-1444/? I/PowerManagerService: [PWL] mUserActivitySummary : 0x4
2021-11-14 20:45:33.397 1246-1444/? I/PowerManagerService: [PWL] mDisplayPowerRequest.policy : 1
2021-11-14 20:45:33.552 2648-2648/? I/io_stats: !@ 8,0 r 769842 27802308 w 6367329 206244784 d 3209271 481619456 f 4769694 5984525 iot 9029090 5622589 th 102400 0 0 pt 0 inp 0 0 2216735.737
2021-11-14 20:45:34.280 804-25943/? I/sensors-hal: handle_sns_std_sensor_event:100, [SSC_LIGHT] A lux: 111
2021-11-14 20:45:34.762 1246-2340/? D/SettingsProvider: isChangeAllowed() : name = hidden_api_policy_pre_p_apps
2021-11-14 20:45:34.762 1246-2340/? D/SettingsProvider: edmUri: content://com.sec.knox.provider/RestrictionPolicy3
2021-11-14 20:45:34.762 1246-2340/? D/SettingsProvider: projectionArgs: isSettingsChangesAllowed
2021-11-14 20:45:34.762 1246-2340/? D/SettingsProvider: selectionArgs: false
2021-11-14 20:45:34.762 1246-2340/? D/SettingsProvider: selectionArgs: 2000
2021-11-14 20:45:34.763 1246-2340/? D/SecContentProvider: query(), uri = 17 selection = isSettingsChangesAllowed
2021-11-14 20:45:34.763 1246-2340/? D/SecContentProvider: called from android.uid.shell:2000
2021-11-14 20:45:34.763 1246-2340/? D/RestrictionPolicy: isSettingsChangesAllowedAsUser, userId 0 : true
2021-11-14 20:45:34.763 1246-2340/? D/SettingsProvider: ret = 1
2021-11-14 20:45:34.763 1246-2340/? I/GenerationRegistry: mBackingStore.isClosed() : false
2021-11-14 20:45:34.764 1246-1246/? V/SettingsProvider: Notifying for 0: content://settings/global/hidden_api_policy_pre_p_apps
2021-11-14 20:45:34.821 1246-2340/? D/SettingsProvider: isChangeAllowed() : name = hidden_api_policy_p_apps
2021-11-14 20:45:34.821 1246-2340/? D/SettingsProvider: edmUri: content://com.sec.knox.provider/RestrictionPolicy3
2021-11-14 20:45:34.821 1246-2340/? D/SettingsProvider: projectionArgs: isSettingsChangesAllowed
2021-11-14 20:45:34.821 1246-2340/? D/SettingsProvider: selectionArgs: false
2021-11-14 20:45:34.821 1246-2340/? D/SettingsProvider: selectionArgs: 2000
2021-11-14 20:45:34.822 1246-2340/? D/SecContentProvider: called from android.uid.shell:2000
2021-11-14 20:45:34.822 1246-2340/? D/RestrictionPolicy: isSettingsChangesAllowedAsUser, userId 0 : true
2021-11-14 20:45:34.822 1246-2340/? D/SettingsProvider: ret = 1
2021-11-14 20:45:34.822 1246-2340/? I/GenerationRegistry: mBackingStore.isClosed() : false
2021-11-14 20:45:34.823 1246-1246/? V/SettingsProvider: Notifying for 0: content://settings/global/hidden_api_policy_p_apps
2021-11-14 20:45:34.882 1246-2165/? D/SettingsProvider: isChangeAllowed() : name = hidden_api_policy
2021-11-14 20:45:34.882 1246-2165/? D/SettingsProvider: edmUri: content://com.sec.knox.provider/RestrictionPolicy3
2021-11-14 20:45:34.882 1246-2165/? D/SettingsProvider: projectionArgs: isSettingsChangesAllowed
2021-11-14 20:45:34.882 1246-2165/? D/SettingsProvider: selectionArgs: false
2021-11-14 20:45:34.882 1246-2165/? D/SettingsProvider: selectionArgs: 2000
2021-11-14 20:45:34.822 1246-2340/? D/SecContentProvider: query(), uri = 17 selection = isSettingsChangesAllowed
2021-11-14 20:45:34.882 1246-2165/? D/SecContentProvider: query(), uri = 17 selection = isSettingsChangesAllowed
2021-11-14 20:45:34.882 1246-2165/? D/SecContentProvider: called from android.uid.shell:2000
2021-11-14 20:45:34.882 1246-2165/? D/RestrictionPolicy: isSettingsChangesAllowedAsUser, userId 0 : true
2021-11-14 20:45:34.882 1246-2165/? D/SettingsProvider: ret = 1
2021-11-14 20:45:34.882 1246-2165/? I/GenerationRegistry: mBackingStore.isClosed() : false
2021-11-14 20:45:34.883 1246-1246/? V/SettingsProvider: Notifying for 0: content://settings/global/hidden_api_policy
2021-11-14 20:45:35.527 1246-2165/? D/RestrictionPolicy: isMockLocationEnabled : true
2021-11-14 20:45:35.528 30212-30212/? W/adbd: timeout expired while flushing socket, closing
2021-11-14 20:45:36.555 585-585/? I/hwservicemanager: getTransport: Cannot find entry vendor.samsung.hardware.radio.channel@2.0::ISehChannel/imsd in either framework or device manifest.
2021-11-14 20:45:36.623 3077-3369/? I/appium: channel read: GET /wd/hub/sessions
2021-11-14 20:45:36.624 3077-3369/? I/appium: GetSessions command
2021-11-14 20:45:36.630 3077-3369/? W/tomator2.serve: Accessing hidden method Ljava/util/Collections$EmptyList;->()V (greylist, reflection, allowed)
2021-11-14 20:45:36.631 3077-3369/? I/appium: AppiumResponse: {"sessionId":"None","value":[]}
2021-11-14 20:45:36.716 1246-2165/? I/ActivityManager: Force stopping io.appium.uiautomator2.server.test appid=10329 user=0: from pid 3372
2021-11-14 20:45:36.719 1246-2165/? D/GameManagerService: identifyForegroundApp. com.sec.android.app.launcher, mCurrentUserId: 0, callerUserId: 0
2021-11-14 20:45:36.719 1246-2165/? D/GamePkgDataHelper: getGamePkgData(). com.sec.android.app.launcher
2021-11-14 20:45:36.719 1246-2165/? D/GameManagerService: identifyForegroundApp. com.sec.android.app.launcher, mCurrentUserId: 0, callerUserId: 0
2021-11-14 20:45:36.720 1246-2165/? D/GamePkgDataHelper: getGamePkgData(). com.sec.android.app.launcher
2021-11-14 20:45:36.720 1246-1355/? D/GameManagerService: identifyForegroundApp. com.sec.android.app.launcher, mCurrentUserId: 0, callerUserId: 0
2021-11-14 20:45:36.720 1246-1355/? D/GamePkgDataHelper: getGamePkgData(). com.sec.android.app.launcher
2021-11-14 20:45:36.727 1246-1246/? D/SamsungAlarmManager: Remove alarm for next reason : android.intent.action.PACKAGE_RESTARTED : package: io.appium.uiautomator2.server.test
2021-11-14 20:45:36.731 1817-1817/? E/PhoneInterfaceManager: [PhoneIntfMgr] getCarrierPackageNamesForIntent: No UICC
2021-11-14 20:45:36.731 1817-1817/? D/CarrierSvcBindHelper: No carrier app for: 0
2021-11-14 20:45:36.733 1246-1376/? W/BroadcastQueue: Background execution not allowed: receiving Intent { act=android.intent.action.PACKAGE_RESTARTED dat=package:io.appium.uiautomator2.server.test flg=0x10 (has extras) } to android/com.kddi.android.CpaNotiReceiver
2021-11-14 20:45:36.750 1246-1371/? D/LauncherAppsService: onReceive: Intent { act=android.intent.action.PACKAGE_RESTARTED dat=package:io.appium.uiautomator2.server.test flg=0x10 (has extras) }
2021-11-14 20:45:36.764 3077-3375/? I/appium: channel read: GET /wd/hub/status
2021-11-14 20:45:36.765 3077-3375/? I/appium: Status command
2021-11-14 20:45:36.768 3077-3375/? I/appium: AppiumResponse: {"sessionId":"None","value":{"message":"UiAutomator2 Server is ready to accept commands","ready":true}}
2021-11-14 20:45:36.788 3077-3375/? I/appium: channel read: POST /wd/hub/session
2021-11-14 20:45:36.790 3077-3375/? I/appium: NewSession command
2021-11-14 20:45:36.810 3077-3375/? W/tomator2.serve: Accessing hidden field Landroid/app/UiAutomation;->mOnAccessibilityEventListener:Landroid/app/UiAutomation$OnAccessibilityEventListener; (greylist-max-o, reflection, allowed)
2021-11-14 20:45:36.811 3077-3375/? I/appium: Created the new session with id 3647d53e-88dd-4967-a0f2-cb7cb13ddad1 and capabilities {appPackage=Nalu.CP.Android, server:CONFIG_UUID=3ac737e3-0178-4b5c-834a-bebeb4dbb3c7, networkConnectionEnabled=true, noReset=true, warnings={}, databaseEnabled=false, deviceName=R52N20ALVDN, platform=LINUX, deviceUDID=R52N20ALVDN, appActivity=crc6429e3927486beccbc.ActivityLicenseBrowse, desired={platformName=android, server:CONFIG_UUID=3ac737e3-0178-4b5c-834a-bebeb4dbb3c7, appActivity=crc6429e3927486beccbc.ActivityLicenseBrowse, appPackage=Nalu.CP.Android, noReset=true, automationName=UiAutomator2, udid=R52N20ALVDN, deviceName=R52N20ALVDN, systemPort=8202.0}, webStorageEnabled=false, locationContextEnabled=false, automationName=UiAutomator2, takesScreenshot=true, javascriptEnabled=true, platformName=android, udid=R52N20ALVDN, systemPort=8202.0}
2021-11-14 20:45:36.817 3077-3375/? I/appium: AppiumResponse: {"sessionId":"3647d53e-88dd-4967-a0f2-cb7cb13ddad1","value":{"capabilities":{"firstMatch":[{"platform":"LINUX","webStorageEnabled":false,"takesScreenshot":true,"javascriptEnabled":true,"databaseEnabled":false,"networkConnectionEnabled":true,"locationContextEnabled":false,"warnings":{},"desired":{"pl…
2021-11-14 20:45:36.838 3077-3375/? I/appium: channel read: GET /wd/hub/session/3647d53e-88dd-4967-a0f2-cb7cb13ddad1/appium/device/info
2021-11-14 20:45:36.839 3077-3375/? I/appium: GetDeviceInfo command
2021-11-14 20:45:36.848 1246-2165/? I/GenerationRegistry: mBackingStore.isClosed() : false
2021-11-14 20:45:36.863 3077-3375/? W/tomator2.serve: Accessing hidden field Landroid/net/NetworkCapabilities;->mSignalStrength:I (greylist-max-p, reflection, allowed)
2021-11-14 20:45:36.863 3077-3375/? W/tomator2.serve: Accessing hidden field Landroid/net/NetworkCapabilities;->mSSID:Ljava/lang/String; (greylist-max-o, reflection, allowed)
2021-11-14 20:45:36.882 3077-3375/? I/appium: AppiumResponse: {"sessionId":"3647d53e-88dd-4967-a0f2-cb7cb13ddad1","value":{"androidId":"3e3280a9a8735db7","apiVersion":"29","bluetooth":{"state":"ON"},"brand":"samsung","carrierName":"","displayDensity":360,"locale":"en_US","manufacturer":"samsung","model":"SM-T860","networks":[{"capabilities":{"SSID":null,"linkD…
2021-11-14 20:45:36.915 3376-3376/? D/AndroidRuntime: >>>>>> START com.android.internal.os.RuntimeInit uid 2000 <<<<<<
2021-11-14 20:45:36.918 3376-3376/? I/AndroidRuntime: Using default boot image
2021-11-14 20:45:36.918 3376-3376/? I/AndroidRuntime: Leaving lock profiling enabled
2021-11-14 20:45:36.918 3376-3376/? D/SecNativeFeatureCppIf: encoded
2021-11-14 20:45:36.918 3376-3376/? D/SecNativeFeatureCppIf: decoding and unzip finish
2021-11-14 20:45:36.918 3376-3376/? D/SecNativeFeatureCppIf: use unCompDataBuff. encoded
2021-11-14 20:45:36.918 3376-3376/? D/SecNativeFeatureCppIf: Free unCompDataBuff
2021-11-14 20:45:36.919 3376-3376/? D/SecNativeFeatureCppIf: encoded
2021-11-14 20:45:36.919 3376-3376/? D/SecNativeFeatureCppIf: decoding and unzip finish
2021-11-14 20:45:36.919 3376-3376/? D/SecNativeFeatureCppIf: use unCompDataBuff. encoded
2021-11-14 20:45:36.919 3376-3376/? D/SecNativeFeatureCppIf: Free unCompDataBuff
2021-11-14 20:45:36.919 3376-3376/? D/AndroidRuntime: addProductProperty
2021-11-14 20:45:36.919 3376-3376/? D/AndroidRuntime: addProductProperty: pBrand1 != NULL
2021-11-14 20:45:36.919 3376-3376/? D/AndroidRuntime: addProductProperty: else
2021-11-14 20:45:36.920 3376-3376/? I/app_process: ***** Disable ART_USE_GENERATIONAL_CC
2021-11-14 20:45:36.974 3376-3376/? D/ICU: Time zone APEX file found: /apex/com.android.tzdata/etc/icu/icu_tzdata.dat
2021-11-14 20:45:36.982 3376-3376/? I/app_process: The ClassLoaderContext is a special shared library.
2021-11-14 20:45:36.994 3376-3376/? W/app_process: JNI RegisterNativeMethods: attempt to register 0 native methods for android.media.AudioAttributes
2021-11-14 20:45:36.994 3376-3376/? E/SemAffinityControl: SemAffinityControl: registerfunction enter
2021-11-14 20:45:36.997 3376-3376/? D/AndroidRuntime: Calling main entry com.android.commands.am.Am
2021-11-14 20:45:37.003 1246-2165/? I/ActivityManager: Force stopping io.appium.uiautomator2.server appid=10328 user=0: start instr
2021-11-14 20:45:37.003 1246-2165/? I/ActivityManager: Killing 3077:io.appium.uiautomator2.server/u0a328 (adj 0): stop io.appium.uiautomator2.server
2021-11-14 20:45:37.004 1246-2165/? W/ActivityManager: Crash of app io.appium.uiautomator2.server running instrumentation ComponentInfo{io.appium.uiautomator2.server.test/androidx.test.runner.AndroidJUnitRunner}
2021-11-14 20:45:37.004 1246-2165/? I/ActivityManager: Force stopping io.appium.uiautomator2.server appid=10328 user=0: finished inst
2021-11-14 20:45:37.005 1246-2165/? D/GameManagerService: identifyForegroundApp. com.sec.android.app.launcher, mCurrentUserId: 0, callerUserId: 0
2021-11-14 20:45:37.005 1246-2165/? D/GamePkgDataHelper: getGamePkgData(). com.sec.android.app.launcher
2021-11-14 20:45:37.005 1246-2165/? D/GameManagerService: identifyForegroundApp. com.sec.android.app.launcher, mCurrentUserId: 0, callerUserId: 0
2021-11-14 20:45:37.005 1246-2165/? D/GamePkgDataHelper: getGamePkgData(). com.sec.android.app.launcher
2021-11-14 20:45:37.005 3055-3072/? W/Binder: Caught a RuntimeException from the binder stub implementation. java.lang.SecurityException: Calling from not trusted UID!
at android.app.UiAutomationConnection.throwIfCalledByNotTrustedUidLocked(UiAutomationConnection.java:541)
at android.app.UiAutomationConnection.shutdown(UiAutomationConnection.java:445)
at android.app.IUiAutomationConnection$Stub.onTransact(IUiAutomationConnection.java:390)
at android.os.Binder.execTransactInternal(Binder.java:1056)
at android.os.Binder.execTransact(Binder.java:1029)
2021-11-14 20:45:37.006 1246-1355/? D/GameManagerService: identifyForegroundApp. com.sec.android.app.launcher, mCurrentUserId: 0, callerUserId: 0
2021-11-14 20:45:37.006 1246-1355/? D/GamePkgDataHelper: getGamePkgData(). com.sec.android.app.launcher
2021-11-14 20:45:37.006 1246-3395/? W/Binder: Outgoing transactions from this process must be FLAG_ONEWAY java.lang.Throwable
at android.os.BinderProxy.transact(BinderProxy.java:494)
at android.app.IInstrumentationWatcher$Stub$Proxy.instrumentationFinished(IInstrumentationWatcher.java:205)
at com.android.server.am.InstrumentationReporter$MyThread.run(InstrumentationReporter.java:86)
2021-11-14 20:45:37.007 3055-3055/? D/AndroidRuntime: Shutting down VM
2021-11-14 20:45:37.008 1246-2165/? D/GameManagerService: identifyForegroundApp. com.sec.android.app.launcher, mCurrentUserId: 0, callerUserId: 0
2021-11-14 20:45:37.008 1246-2165/? D/GamePkgDataHelper: getGamePkgData(). com.sec.android.app.launcher
2021-11-14 20:45:37.008 1246-2165/? D/GameManagerService: identifyForegroundApp. com.sec.android.app.launcher, mCurrentUserId: 0, callerUserId: 0
2021-11-14 20:45:37.008 1246-2165/? D/GamePkgDataHelper: getGamePkgData(). com.sec.android.app.launcher
2021-11-14 20:45:37.009 1246-2165/? I/ApplicationPolicy: isApplicationExternalStorageWhitelisted:io.appium.uiautomator2.server user:0
2021-11-14 20:45:37.009 1246-2165/? D/ApplicationPolicy: isApplicationExternalStorageWhitelisted: DO is not enabled on user 0. Allowed.
2021-11-14 20:45:37.009 1246-2165/? D/ActivityManager: package io.appium.uiautomator2.server, user - 0 is SDcard whitelisted
2021-11-14 20:45:37.009 1246-2165/? I/ApplicationPolicy: isApplicationExternalStorageBlacklisted:io.appium.uiautomator2.server user:0
2021-11-14 20:45:37.009 1246-2165/? D/ApplicationPolicy: isApplicationExternalStorageBlacklisted: DO is not enabled on user 0. Allowed.
2021-11-14 20:45:37.009 1246-2165/? I/ApplicationPolicy: isApplicationExternalStorageBlacklisted:io.appium.uiautomator2.server user:0
2021-11-14 20:45:37.009 1246-2165/? D/ApplicationPolicy: isApplicationExternalStorageBlacklisted: DO is not enabled on user 0. Allowed.
2021-11-14 20:45:37.012 1000-1549/? I/CameraService: UidPolicy: No processes running for a uid=10328 disabled=0
2021-11-14 20:45:37.013 1246-1355/? D/GameManagerService: identifyForegroundApp. com.sec.android.app.launcher, mCurrentUserId: 0, callerUserId: 0
2021-11-14 20:45:37.013 1246-1355/? D/GamePkgDataHelper: getGamePkgData(). com.sec.android.app.launcher
2021-11-14 20:45:37.042 753-753/? D/Zygote: Forked child process 3397
2021-11-14 20:45:37.050 753-3398/? W/zygote64: Reducing the number of considered missed Gc histogram windows from 301 to 100
2021-11-14 20:45:37.052 1246-1377/? I/ActivityManager: Start proc 3397:io.appium.uiautomator2.server/u0a328 for added application io.appium.uiautomator2.server
2021-11-14 20:45:37.054 3397-3397/io.appium.uiautomator2.server E/Zygote: isWhitelistProcess - Process is Whitelisted
2021-11-14 20:45:37.055 3397-3397/io.appium.uiautomator2.server E/Zygote: accessInfo : 1
2021-11-14 20:45:37.056 1246-2167/? D/PowerManagerService: [api] handleWakeLockDeath : release WakeLock : SCREEN_DIM_WAKE_LOCK 'UiAutomator2:ScreenKeeper' DISABLED (uid=10328 pid=3077 pkg=io.appium.uiautomator2.server)
2021-11-14 20:45:37.056 1246-2165/? W/WindowManager: removeWindowToken: Attempted to remove non-existing token: android.os.Binder@b954349
2021-11-14 20:45:37.057 753-753/? I/Zygote: Process 3077 exited due to signal 9 (Killed)
2021-11-14 20:45:37.057 1246-2165/? D/SettingsProvider: isChangeAllowed() : name = accessibility_enabled
2021-11-14 20:45:37.058 1246-2165/? I/GenerationRegistry: mBackingStore.isClosed() : false
2021-11-14 20:45:37.058 1246-2165/? I/AccessibilityManagerService: semIsAccessibilityServiceEnabled()
2021-11-14 20:45:37.059 1246-2165/? I/AccessibilityManagerService: accesibilityService is null
2021-11-14 20:45:37.059 1246-1246/? V/SettingsProvider: Notifying for 0: content://settings/secure/accessibility_enabled
2021-11-14 20:45:37.059 1246-2165/? I/WindowManager: unregisterDesktopModeListener()
2021-11-14 20:45:37.059 1246-2165/? I/SemDesktopModeManager: unregisterListener: com.android.server.wm.AccessibilityController$WindowsForAccessibilityObserver$1@4c0996f
2021-11-14 20:45:37.060 1246-1353/? D/PhoneWindowManagerExtension: updateSettings funcKey DoubleTap enable=true type=0 appInfo=, LongPress type=1
2021-11-14 20:45:37.060 1246-1353/? D/PhoneWindowManagerExtension: settings changed : mLcdCurtainEnabled=false
2021-11-14 20:45:37.060 1246-1353/? D/PhoneWindowManagerExtension: settings changed : safetyAssuranceEnabled=false
2021-11-14 20:45:37.061 1246-1353/? W/Settings: Setting display_cutout_hide_notch has moved from android.provider.Settings.Secure to android.provider.Settings.Global.
2021-11-14 20:45:37.061 1246-1353/? W/Settings: Setting default_display_cutout_hide_notch has moved from android.provider.Settings.Secure to android.provider.Settings.Global.
