2021-11-14 20:45:41.442 1246-1355/? D/GamePkgDataHelper: getGamePkgData(). Nalu.CP.Android
2021-11-14 20:45:41.443 1246-1355/? D/GameManagerService: identifyForegroundApp. Nalu.CP.Android, mCurrentUserId: 0, callerUserId: 0
2021-11-14 20:45:41.443 1246-1355/? D/GamePkgDataHelper: getGamePkgData(). Nalu.CP.Android
2021-11-14 20:45:41.443 1246-1355/? D/GameManagerService: identifyForegroundApp. Nalu.CP.Android, mCurrentUserId: 0, callerUserId: 0
2021-11-14 20:45:41.443 1246-1355/? D/GamePkgDataHelper: getGamePkgData(). Nalu.CP.Android
2021-11-14 20:45:41.444 1246-1355/? D/GameManagerService: identifyForegroundApp. Nalu.CP.Android, mCurrentUserId: 0, callerUserId: 0
2021-11-14 20:45:41.444 1246-1355/? D/GamePkgDataHelper: getGamePkgData(). Nalu.CP.Android
2021-11-14 20:45:41.445 1246-1355/? D/GameManagerService: identifyForegroundApp. Nalu.CP.Android, mCurrentUserId: 0, callerUserId: 0
2021-11-14 20:45:41.445 1246-1355/? D/GamePkgDataHelper: getGamePkgData(). Nalu.CP.Android
2021-11-14 20:45:41.445 1246-1355/? D/GameManagerService: identifyForegroundApp. Nalu.CP.Android, mCurrentUserId: 0, callerUserId: 0
2021-11-14 20:45:41.445 1246-1355/? D/GamePkgDataHelper: getGamePkgData(). Nalu.CP.Android
2021-11-14 20:45:41.446 1246-1355/? D/GameManagerService: identifyForegroundApp. Nalu.CP.Android, mCurrentUserId: 0, callerUserId: 0
2021-11-14 20:45:41.446 1246-1355/? D/GamePkgDataHelper: getGamePkgData(). Nalu.CP.Android
2021-11-14 20:45:41.446 1246-1355/? D/GameManagerService: identifyForegroundApp. Nalu.CP.Android, mCurrentUserId: 0, callerUserId: 0
2021-11-14 20:45:41.446 1246-1355/? D/GamePkgDataHelper: getGamePkgData(). Nalu.CP.Android
2021-11-14 20:45:41.447 1246-1355/? D/GameManagerService: identifyForegroundApp. Nalu.CP.Android, mCurrentUserId: 0, callerUserId: 0
2021-11-14 20:45:41.447 1246-1355/? D/GamePkgDataHelper: getGamePkgData(). Nalu.CP.Android
2021-11-14 20:45:41.448 1246-1355/? D/GameManagerService: identifyForegroundApp. Nalu.CP.Android, mCurrentUserId: 0, callerUserId: 0
2021-11-14 20:45:41.448 1246-1355/? D/GamePkgDataHelper: getGamePkgData(). Nalu.CP.Android
2021-11-14 20:45:41.448 1246-1355/? D/GameManagerService: identifyForegroundApp. Nalu.CP.Android, mCurrentUserId: 0, callerUserId: 0
2021-11-14 20:45:41.448 1246-1355/? D/GamePkgDataHelper: getGamePkgData(). Nalu.CP.Android
2021-11-14 20:45:41.449 1246-1355/? D/GameManagerService: identifyForegroundApp. Nalu.CP.Android, mCurrentUserId: 0, callerUserId: 0
2021-11-14 20:45:41.449 1246-1355/? D/GamePkgDataHelper: getGamePkgData(). Nalu.CP.Android
2021-11-14 20:45:41.449 1246-1355/? D/GameManagerService: identifyForegroundApp. Nalu.CP.Android, mCurrentUserId: 0, callerUserId: 0
2021-11-14 20:45:41.449 1246-1355/? D/GamePkgDataHelper: getGamePkgData(). Nalu.CP.Android
2021-11-14 20:45:41.450 1246-1355/? D/GameManagerService: identifyForegroundApp. Nalu.CP.Android, mCurrentUserId: 0, callerUserId: 0
2021-11-14 20:45:41.450 1246-1355/? D/GamePkgDataHelper: getGamePkgData(). Nalu.CP.Android
2021-11-14 20:45:41.451 1246-1355/? D/GameManagerService: identifyForegroundApp. Nalu.CP.Android, mCurrentUserId: 0, callerUserId: 0
2021-11-14 20:45:41.451 1246-1355/? D/GamePkgDataHelper: getGamePkgData(). Nalu.CP.Android
2021-11-14 20:45:41.451 1246-1355/? D/GameManagerService: identifyForegroundApp. Nalu.CP.Android, mCurrentUserId: 0, callerUserId: 0
2021-11-14 20:45:41.451 1246-1355/? D/GamePkgDataHelper: getGamePkgData(). Nalu.CP.Android
2021-11-14 20:45:41.452 1246-1355/? D/GameManagerService: identifyForegroundApp. Nalu.CP.Android, mCurrentUserId: 0, callerUserId: 0
2021-11-14 20:45:41.452 1246-1355/? D/GamePkgDataHelper: getGamePkgData(). Nalu.CP.Android
2021-11-14 20:45:41.453 1246-1355/? D/GameManagerService: identifyForegroundApp. Nalu.CP.Android, mCurrentUserId: 0, callerUserId: 0
2021-11-14 20:45:41.453 1246-1355/? D/GamePkgDataHelper: getGamePkgData(). Nalu.CP.Android
2021-11-14 20:45:41.453 1246-1355/? D/GameManagerService: identifyForegroundApp. Nalu.CP.Android, mCurrentUserId: 0, callerUserId: 0
2021-11-14 20:45:41.453 1246-1355/? D/GamePkgDataHelper: getGamePkgData(). Nalu.CP.Android
2021-11-14 20:45:41.454 1246-1355/? D/GameManagerService: identifyForegroundApp. Nalu.CP.Android, mCurrentUserId: 0, callerUserId: 0
2021-11-14 20:45:41.454 1246-1355/? D/GamePkgDataHelper: getGamePkgData(). Nalu.CP.Android
2021-11-14 20:45:41.455 1246-1355/? D/GameManagerService: identifyForegroundApp. Nalu.CP.Android, mCurrentUserId: 0, callerUserId: 0
2021-11-14 20:45:41.455 1246-1355/? D/GamePkgDataHelper: getGamePkgData(). Nalu.CP.Android
2021-11-14 20:45:41.455 1246-1355/? D/GameManagerService: identifyForegroundApp. Nalu.CP.Android, mCurrentUserId: 0, callerUserId: 0
2021-11-14 20:45:41.455 1246-1355/? D/GamePkgDataHelper: getGamePkgData(). Nalu.CP.Android
2021-11-14 20:45:41.456 1246-1355/? D/GameManagerService: identifyForegroundApp. Nalu.CP.Android, mCurrentUserId: 0, callerUserId: 0
2021-11-14 20:45:41.456 1246-1355/? D/GamePkgDataHelper: getGamePkgData(). Nalu.CP.Android
2021-11-14 20:45:41.457 1246-1355/? D/GameManagerService: identifyForegroundApp. Nalu.CP.Android, mCurrentUserId: 0, callerUserId: 0
2021-11-14 20:45:41.457 1246-1355/? D/GamePkgDataHelper: getGamePkgData(). Nalu.CP.Android
2021-11-14 20:45:41.457 1246-1355/? D/GameManagerService: identifyForegroundApp. Nalu.CP.Android, mCurrentUserId: 0, callerUserId: 0
2021-11-14 20:45:41.457 1246-1355/? D/GamePkgDataHelper: getGamePkgData(). Nalu.CP.Android
2021-11-14 20:45:41.458 1246-1355/? D/GameManagerService: identifyForegroundApp. Nalu.CP.Android, mCurrentUserId: 0, callerUserId: 0
2021-11-14 20:45:41.458 1246-1355/? D/GamePkgDataHelper: getGamePkgData(). Nalu.CP.Android
2021-11-14 20:45:41.459 1246-1355/? D/GameManagerService: identifyForegroundApp. Nalu.CP.Android, mCurrentUserId: 0, callerUserId: 0
2021-11-14 20:45:41.459 1246-1355/? D/GamePkgDataHelper: getGamePkgData(). Nalu.CP.Android
2021-11-14 20:45:41.459 1246-1355/? D/GameManagerService: identifyForegroundApp. Nalu.CP.Android, mCurrentUserId: 0, callerUserId: 0
2021-11-14 20:45:41.459 1246-1355/? D/GamePkgDataHelper: getGamePkgData(). Nalu.CP.Android
2021-11-14 20:45:41.460 1246-1355/? D/GameManagerService: identifyForegroundApp. Nalu.CP.Android, mCurrentUserId: 0, callerUserId: 0
2021-11-14 20:45:41.460 1246-1355/? D/GamePkgDataHelper: getGamePkgData(). Nalu.CP.Android
2021-11-14 20:45:41.461 1246-1355/? D/GameManagerService: identifyForegroundApp. Nalu.CP.Android, mCurrentUserId: 0, callerUserId: 0
2021-11-14 20:45:41.461 1246-1355/? D/GamePkgDataHelper: getGamePkgData(). Nalu.CP.Android
2021-11-14 20:45:41.461 1246-1355/? D/GameManagerService: identifyForegroundApp. Nalu.CP.Android, mCurrentUserId: 0, callerUserId: 0
2021-11-14 20:45:41.461 1246-1355/? D/GamePkgDataHelper: getGamePkgData(). Nalu.CP.Android
2021-11-14 20:45:41.462 1246-1355/? D/GameManagerService: identifyForegroundApp. Nalu.CP.Android, mCurrentUserId: 0, callerUserId: 0
2021-11-14 20:45:41.462 1246-1355/? D/GamePkgDataHelper: getGamePkgData(). Nalu.CP.Android
2021-11-14 20:45:41.462 1246-1355/? D/GameManagerService: identifyForegroundApp. Nalu.CP.Android, mCurrentUserId: 0, callerUserId: 0
2021-11-14 20:45:41.463 1246-1355/? D/GamePkgDataHelper: getGamePkgData(). Nalu.CP.Android
2021-11-14 20:45:41.463 1246-1355/? D/GameManagerService: identifyForegroundApp. Nalu.CP.Android, mCurrentUserId: 0, callerUserId: 0
2021-11-14 20:45:41.463 1246-1355/? D/GamePkgDataHelper: getGamePkgData(). Nalu.CP.Android
2021-11-14 20:45:41.464 1246-1355/? D/GameManagerService: identifyForegroundApp. Nalu.CP.Android, mCurrentUserId: 0, callerUserId: 0
2021-11-14 20:45:41.464 1246-1355/? D/GamePkgDataHelper: getGamePkgData(). Nalu.CP.Android
2021-11-14 20:45:41.464 1246-1355/? D/GameManagerService: identifyForegroundApp. Nalu.CP.Android, mCurrentUserId: 0, callerUserId: 0
2021-11-14 20:45:41.464 1246-1355/? D/GamePkgDataHelper: getGamePkgData(). Nalu.CP.Android
2021-11-14 20:45:41.465 1246-1355/? D/GameManagerService: identifyForegroundApp. Nalu.CP.Android, mCurrentUserId: 0, callerUserId: 0
2021-11-14 20:45:41.465 1246-1355/? D/GamePkgDataHelper: getGamePkgData(). Nalu.CP.Android
2021-11-14 20:45:41.466 1246-1355/? D/GameManagerService: identifyForegroundApp. Nalu.CP.Android, mCurrentUserId: 0, callerUserId: 0
2021-11-14 20:45:41.466 1246-1355/? D/GamePkgDataHelper: getGamePkgData(). Nalu.CP.Android
2021-11-14 20:45:41.466 1246-1355/? D/GameManagerService: identifyForegroundApp. Nalu.CP.Android, mCurrentUserId: 0, callerUserId: 0
2021-11-14 20:45:41.466 1246-1355/? D/GamePkgDataHelper: getGamePkgData(). Nalu.CP.Android
2021-11-14 20:45:41.467 1246-1355/? D/GameManagerService: identifyForegroundApp. Nalu.CP.Android, mCurrentUserId: 0, callerUserId: 0
2021-11-14 20:45:41.467 1246-1355/? D/GamePkgDataHelper: getGamePkgData(). Nalu.CP.Android
2021-11-14 20:45:41.468 1246-1355/? D/GameManagerService: identifyForegroundApp. Nalu.CP.Android, mCurrentUserId: 0, callerUserId: 0
2021-11-14 20:45:41.468 1246-1355/? D/GamePkgDataHelper: getGamePkgData(). Nalu.CP.Android
2021-11-14 20:45:41.468 1246-1355/? D/GameManagerService: identifyForegroundApp. Nalu.CP.Android, mCurrentUserId: 0, callerUserId: 0
2021-11-14 20:45:41.468 1246-1355/? D/GamePkgDataHelper: getGamePkgData(). Nalu.CP.Android
2021-11-14 20:45:41.469 1246-1355/? D/GameManagerService: identifyForegroundApp. Nalu.CP.Android, mCurrentUserId: 0, callerUserId: 0
2021-11-14 20:45:41.469 1246-1355/? D/GamePkgDataHelper: getGamePkgData(). Nalu.CP.Android
2021-11-14 20:45:41.470 1246-1355/? D/GameManagerService: identifyForegroundApp. Nalu.CP.Android, mCurrentUserId: 0, callerUserId: 0
2021-11-14 20:45:41.470 1246-1355/? D/GamePkgDataHelper: getGamePkgData(). Nalu.CP.Android
2021-11-14 20:45:41.470 1246-1355/? D/GameManagerService: identifyForegroundApp. Nalu.CP.Android, mCurrentUserId: 0, callerUserId: 0
2021-11-14 20:45:41.470 1246-1355/? D/GamePkgDataHelper: getGamePkgData(). Nalu.CP.Android
2021-11-14 20:45:41.471 1246-1355/? D/GameManagerService: identifyForegroundApp. Nalu.CP.Android, mCurrentUserId: 0, callerUserId: 0
2021-11-14 20:45:41.471 1246-1355/? D/GamePkgDataHelper: getGamePkgData(). Nalu.CP.Android
2021-11-14 20:45:41.472 1246-1355/? D/GameManagerService: identifyForegroundApp. Nalu.CP.Android, mCurrentUserId: 0, callerUserId: 0
2021-11-14 20:45:41.472 1246-1355/? D/GamePkgDataHelper: getGamePkgData(). Nalu.CP.Android
2021-11-14 20:45:41.472 1246-1355/? D/GameManagerService: identifyForegroundApp. Nalu.CP.Android, mCurrentUserId: 0, callerUserId: 0
2021-11-14 20:45:41.472 1246-1355/? D/GamePkgDataHelper: getGamePkgData(). Nalu.CP.Android
2021-11-14 20:45:41.473 1246-1355/? D/GameManagerService: identifyForegroundApp. Nalu.CP.Android, mCurrentUserId: 0, callerUserId: 0
2021-11-14 20:45:41.473 1246-1355/? D/GamePkgDataHelper: getGamePkgData(). Nalu.CP.Android
2021-11-14 20:45:41.474 1246-1355/? D/GameManagerService: identifyForegroundApp. Nalu.CP.Android, mCurrentUserId: 0, callerUserId: 0
2021-11-14 20:45:41.474 1246-1355/? D/GamePkgDataHelper: getGamePkgData(). Nalu.CP.Android
2021-11-14 20:45:41.474 1246-1355/? D/GameManagerService: identifyForegroundApp. Nalu.CP.Android, mCurrentUserId: 0, callerUserId: 0
2021-11-14 20:45:41.474 1246-1355/? D/GamePkgDataHelper: getGamePkgData(). Nalu.CP.Android
2021-11-14 20:45:41.475 1246-1355/? D/GameManagerService: identifyForegroundApp. Nalu.CP.Android, mCurrentUserId: 0, callerUserId: 0
2021-11-14 20:45:41.475 1246-1355/? D/GamePkgDataHelper: getGamePkgData(). Nalu.CP.Android
2021-11-14 20:45:41.476 1246-1355/? D/GameManagerService: identifyForegroundApp. Nalu.CP.Android, mCurrentUserId: 0, callerUserId: 0
2021-11-14 20:45:41.476 1246-1355/? D/GamePkgDataHelper: getGamePkgData(). Nalu.CP.Android
2021-11-14 20:45:41.476 1246-2262/? D/CustomFrequencyManagerService: acquireDVFSLockLocked : type : DVFS_MIN_LIMIT frequency : 1708800 uid : 1000 pid : 1246 pkgName : AMS_RESUME_TAIL@CPU_MIN@34
2021-11-14 20:45:41.476 1246-1355/? D/GameManagerService: identifyForegroundApp. Nalu.CP.Android, mCurrentUserId: 0, callerUserId: 0
2021-11-14 20:45:41.476 1246-1355/? D/GamePkgDataHelper: getGamePkgData(). Nalu.CP.Android
2021-11-14 20:45:41.477 1246-2262/? D/ActivityManagerPerformance: AMP_acquire() TAIL
2021-11-14 20:45:41.477 1246-2262/? D/CustomFrequencyManagerService: FrequencyrequestList.getNextMaxLPMBiasRequest, index: 9
2021-11-14 20:45:41.477 1246-2262/? D/CustomFrequencyManagerService: FrequencyrequestList.getNextMaxCPUCoreRequest, index: 5
2021-11-14 20:45:41.477 1246-1355/? D/GameManagerService: identifyForegroundApp. Nalu.CP.Android, mCurrentUserId: 0, callerUserId: 0
2021-11-14 20:45:41.477 1246-1355/? D/GamePkgDataHelper: getGamePkgData(). Nalu.CP.Android
2021-11-14 20:45:41.478 1246-2262/? D/CustomFrequencyManagerService: releaseDVFSLockLocked : Getting Lock type frm List : DVFS_MIN_LIMIT frequency : 2841600 uid : 1000 pid : 1246 tag : AMS_APP_SWITCH@CPU_MIN@44
2021-11-14 20:45:41.478 1246-1355/? D/GameManagerService: identifyForegroundApp. Nalu.CP.Android, mCurrentUserId: 0, callerUserId: 0
2021-11-14 20:45:41.479 1246-1355/? D/GamePkgDataHelper: getGamePkgData(). Nalu.CP.Android
2021-11-14 20:45:41.479 1246-2262/? D/ActivityManagerPerformance: AMP_release() APP_SWITCH
2021-11-14 20:45:41.479 1246-1355/? D/GameManagerService: identifyForegroundApp. Nalu.CP.Android, mCurrentUserId: 0, callerUserId: 0
2021-11-14 20:45:41.479 1246-1355/? D/GamePkgDataHelper: getGamePkgData(). Nalu.CP.Android
2021-11-14 20:45:41.480 1246-1355/? D/GameManagerService: identifyForegroundApp. Nalu.CP.Android, mCurrentUserId: 0, callerUserId: 0
2021-11-14 20:45:41.480 1246-1355/? D/GamePkgDataHelper: getGamePkgData(). Nalu.CP.Android
2021-11-14 20:45:41.480 791-2621/? I/vendor.qti.bluetooth@1.0-ibs_handler: ProcessIbsCmd: Received IBS_WAKE_IND: 0xFD
2021-11-14 20:45:41.480 791-2621/? I/vendor.qti.bluetooth@1.0-ibs_handler: ProcessIbsCmd: Writing IBS_WAKE_ACK
2021-11-14 20:45:41.481 1246-1355/? D/GameManagerService: identifyForegroundApp. Nalu.CP.Android, mCurrentUserId: 0, callerUserId: 0
2021-11-14 20:45:41.481 1246-1355/? D/GamePkgDataHelper: getGamePkgData(). Nalu.CP.Android
2021-11-14 20:45:41.482 1246-1355/? D/GameManagerService: identifyForegroundApp. Nalu.CP.Android, mCurrentUserId: 0, callerUserId: 0
2021-11-14 20:45:41.482 1246-1355/? D/GamePkgDataHelper: getGamePkgData(). Nalu.CP.Android
2021-11-14 20:45:41.482 1837-1996/? D/BtGatt.GattService: onScanResult to scannerId: 4- eventType=0x10, addressType=0, address=5C:1, primaryPhy=1, secondaryPhy=0, advertisingSid=0xff, txPower=127, rssi=-69, periodicAdvInt=0x0
2021-11-14 20:45:41.483 1246-1355/? D/GameManagerService: identifyForegroundApp. Nalu.CP.Android, mCurrentUserId: 0, callerUserId: 0
2021-11-14 20:45:41.483 1246-1355/? D/GamePkgDataHelper: getGamePkgData(). Nalu.CP.Android
2021-11-14 20:45:41.483 1246-1355/? D/GameManagerService: identifyForegroundApp. Nalu.CP.Android, mCurrentUserId: 0, callerUserId: 0
2021-11-14 20:45:41.483 1246-1355/? D/GamePkgDataHelper: getGamePkgData(). Nalu.CP.Android
2021-11-14 20:45:41.484 1246-1355/? D/GameManagerService: identifyForegroundApp. Nalu.CP.Android, mCurrentUserId: 0, callerUserId: 0
2021-11-14 20:45:41.484 1246-1355/? D/GamePkgDataHelper: getGamePkgData(). Nalu.CP.Android
2021-11-14 20:45:41.485 1246-1355/? D/GameManagerService: identifyForegroundApp. Nalu.CP.Android, mCurrentUserId: 0, callerUserId: 0
2021-11-14 20:45:41.485 1246-1355/? D/GamePkgDataHelper: getGamePkgData(). Nalu.CP.Android
2021-11-14 20:45:41.486 1246-1355/? D/GameManagerService: identifyForegroundApp. Nalu.CP.Android, mCurrentUserId: 0, callerUserId: 0
2021-11-14 20:45:41.486 1246-1355/? D/GamePkgDataHelper: getGamePkgData(). Nalu.CP.Android
2021-11-14 20:45:41.487 1246-1355/? D/GameManagerService: identifyForegroundApp. Nalu.CP.Android, mCurrentUserId: 0, callerUserId: 0
2021-11-14 20:45:41.487 1246-1355/? D/GamePkgDataHelper: getGamePkgData(). Nalu.CP.Android
2021-11-14 20:45:41.488 1246-1355/? D/GameManagerService: identifyForegroundApp. Nalu.CP.Android, mCurrentUserId: 0, callerUserId: 0
2021-11-14 20:45:41.488 1246-1355/? D/GamePkgDataHelper: getGamePkgData(). Nalu.CP.Android
2021-11-14 20:45:41.488 791-2626/? I/vendor.qti.bluetooth@1.0-ibs_handler: DeviceSleep: TX Awake, Sending SLEEP_IND
2021-11-14 20:45:41.489 1246-1355/? D/GameManagerService: identifyForegroundApp. Nalu.CP.Android, mCurrentUserId: 0, callerUserId: 0
2021-11-14 20:45:41.489 1246-1355/? D/GamePkgDataHelper: getGamePkgData(). Nalu.CP.Android
2021-11-14 20:45:41.489 1246-1355/? D/GameManagerService: identifyForegroundApp. Nalu.CP.Android, mCurrentUserId: 0, callerUserId: 0
2021-11-14 20:45:41.489 1246-1355/? D/GamePkgDataHelper: getGamePkgData(). Nalu.CP.Android
2021-11-14 20:45:41.490 1246-1355/? D/GameManagerService: identifyForegroundApp. Nalu.CP.Android, mCurrentUserId: 0, callerUserId: 0
2021-11-14 20:45:41.490 1246-1355/? D/GamePkgDataHelper: getGamePkgData(). Nalu.CP.Android
2021-11-14 20:45:41.491 1246-1355/? D/GameManagerService: identifyForegroundApp. Nalu.CP.Android, mCurrentUserId: 0, callerUserId: 0
2021-11-14 20:45:41.491 1246-1355/? D/GamePkgDataHelper: getGamePkgData(). Nalu.CP.Android
2021-11-14 20:45:41.492 1246-1355/? D/GameManagerService: identifyForegroundApp. Nalu.CP.Android, mCurrentUserId: 0, callerUserId: 0
2021-11-14 20:45:41.492 1246-1355/? D/GamePkgDataHelper: getGamePkgData(). Nalu.CP.Android
2021-11-14 20:45:41.492 1246-1355/? D/GameManagerService: identifyForegroundApp. Nalu.CP.Android, mCurrentUserId: 0, callerUserId: 0
2021-11-14 20:45:41.492 1246-1355/? D/GamePkgDataHelper: getGamePkgData(). Nalu.CP.Android
2021-11-14 20:45:41.493 1246-1355/? D/GameManagerService: identifyForegroundApp. Nalu.CP.Android, mCurrentUserId: 0, callerUserId: 0
2021-11-14 20:45:41.493 1246-1355/? D/GamePkgDataHelper: getGamePkgData(). Nalu.CP.Android
2021-11-14 20:45:41.494 753-753/? I/zygote: Delayed USAP Pool refill. New USAPs: 1
2021-11-14 20:45:41.494 1246-1355/? D/GameManagerService: identifyForegroundApp. Nalu.CP.Android, mCurrentUserId: 0, callerUserId: 0
2021-11-14 20:45:41.494 1246-1355/? D/GamePkgDataHelper: getGamePkgData(). Nalu.CP.Android
2021-11-14 20:45:41.495 1246-1355/? D/GameManagerService: identifyForegroundApp. Nalu.CP.Android, mCurrentUserId: 0, callerUserId: 0
2021-11-14 20:45:41.495 1246-1355/? D/GamePkgDataHelper: getGamePkgData(). Nalu.CP.Android
2021-11-14 20:45:41.496 1246-1355/? D/GameManagerService: identifyForegroundApp. Nalu.CP.Android, mCurrentUserId: 0, callerUserId: 0
2021-11-14 20:45:41.496 1246-1355/? D/GamePkgDataHelper: getGamePkgData(). Nalu.CP.Android
2021-11-14 20:45:41.497 1246-1355/? D/GameManagerService: identifyForegroundApp. Nalu.CP.Android, mCurrentUserId: 0, callerUserId: 0
2021-11-14 20:45:41.497 1246-1355/? D/GamePkgDataHelper: getGamePkgData(). Nalu.CP.Android
2021-11-14 20:45:41.497 1246-1355/? D/GameManagerService: identifyForegroundApp. Nalu.CP.Android, mCurrentUserId: 0, callerUserId: 0
2021-11-14 20:45:41.497 1246-1355/? D/GamePkgDataHelper: getGamePkgData(). Nalu.CP.Android
2021-11-14 20:45:41.498 1246-1355/? D/GameManagerService: identifyForegroundApp. Nalu.CP.Android, mCurrentUserId: 0, callerUserId: 0
2021-11-14 20:45:41.498 1246-1355/? D/GamePkgDataHelper: getGamePkgData(). Nalu.CP.Android
2021-11-14 20:45:41.499 1246-1355/? D/GameManagerService: identifyForegroundApp. Nalu.CP.Android, mCurrentUserId: 0, callerUserId: 0
2021-11-14 20:45:41.499 1246-1355/? D/GamePkgDataHelper: getGamePkgData(). Nalu.CP.Android
2021-11-14 20:45:41.500 1246-1355/? D/GameManagerService: identifyForegroundApp. Nalu.CP.Android, mCurrentUserId: 0, callerUserId: 0
2021-11-14 20:45:41.500 1246-1355/? D/GamePkgDataHelper: getGamePkgData(). Nalu.CP.Android
2021-11-14 20:45:41.500 753-753/? D/Zygote: Forked child process 3527
2021-11-14 20:45:41.501 1246-1355/? D/GameManagerService: identifyForegroundApp. Nalu.CP.Android, mCurrentUserId: 0, callerUserId: 0
2021-11-14 20:45:41.501 1246-1355/? D/GamePkgDataHelper: getGamePkgData(). Nalu.CP.Android
2021-11-14 20:45:41.501 1246-1355/? D/GameManagerService: identifyForegroundApp. Nalu.CP.Android, mCurrentUserId: 0, callerUserId: 0
2021-11-14 20:45:41.501 1246-1355/? D/GamePkgDataHelper: getGamePkgData(). Nalu.CP.Android
2021-11-14 20:45:41.502 1246-1355/? D/GameManagerService: identifyForegroundApp. Nalu.CP.Android, mCurrentUserId: 0, callerUserId: 0
2021-11-14 20:45:41.502 1246-1355/? D/GamePkgDataHelper: getGamePkgData(). Nalu.CP.Android
2021-11-14 20:45:41.503 1246-1355/? D/GameManagerService: identifyForegroundApp. Nalu.CP.Android, mCurrentUserId: 0, callerUserId: 0
2021-11-14 20:45:41.503 1246-1355/? D/GamePkgDataHelper: getGamePkgData(). Nalu.CP.Android
2021-11-14 20:45:41.504 1246-1355/? D/GameManagerService: identifyForegroundApp. Nalu.CP.Android, mCurrentUserId: 0, callerUserId: 0
2021-11-14 20:45:41.504 1246-1355/? D/GamePkgDataHelper: getGamePkgData(). Nalu.CP.Android
2021-11-14 20:45:41.504 1246-1355/? D/GameManagerService: identifyForegroundApp. Nalu.CP.Android, mCurrentUserId: 0, callerUserId: 0
2021-11-14 20:45:41.504 1246-1355/? D/GamePkgDataHelper: getGamePkgData(). Nalu.CP.Android
2021-11-14 20:45:41.505 1246-1355/? D/GameManagerService: identifyForegroundApp. Nalu.CP.Android, mCurrentUserId: 0, callerUserId: 0
2021-11-14 20:45:41.505 1246-1355/? D/GamePkgDataHelper: getGamePkgData(). Nalu.CP.Android
2021-11-14 20:45:41.506 1246-1355/? D/GameManagerService: identifyForegroundApp. Nalu.CP.Android, mCurrentUserId: 0, callerUserId: 0
2021-11-14 20:45:41.506 1246-1355/? D/GamePkgDataHelper: getGamePkgData(). Nalu.CP.Android
2021-11-14 20:45:41.506 1246-1355/? D/GameManagerService: identifyForegroundApp. Nalu.CP.Android, mCurrentUserId: 0, callerUserId: 0
2021-11-14 20:45:41.506 1246-1355/? D/GamePkgDataHelper: getGamePkgData(). Nalu.CP.Android
2021-11-14 20:45:41.507 1246-1355/? D/GameManagerService: identifyForegroundApp. Nalu.CP.Android, mCurrentUserId: 0, callerUserId: 0
2021-11-14 20:45:41.507 1246-1355/? D/GamePkgDataHelper: getGamePkgData(). Nalu.CP.Android
2021-11-14 20:45:41.508 1246-1355/? D/GameManagerService: identifyForegroundApp. Nalu.CP.Android, mCurrentUserId: 0, callerUserId: 0
2021-11-14 20:45:41.508 1246-1355/? D/GamePkgDataHelper: getGamePkgData(). Nalu.CP.Android
2021-11-14 20:45:41.508 1246-1355/? D/GameManagerService: identifyForegroundApp. Nalu.CP.Android, mCurrentUserId: 0, callerUserId: 0
2021-11-14 20:45:41.508 1246-1355/? D/GamePkgDataHelper: getGamePkgData(). Nalu.CP.Android
2021-11-14 20:45:41.509 1246-1355/? D/GameManagerService: identifyForegroundApp. Nalu.CP.Android, mCurrentUserId: 0, callerUserId: 0
2021-11-14 20:45:41.509 1246-1355/? D/GamePkgDataHelper: getGamePkgData(). Nalu.CP.Android
2021-11-14 20:45:41.510 1246-1355/? D/GameManagerService: identifyForegroundApp. Nalu.CP.Android, mCurrentUserId: 0, callerUserId: 0
2021-11-14 20:45:41.510 1246-1355/? D/GamePkgDataHelper: getGamePkgData(). Nalu.CP.Android
2021-11-14 20:45:41.510 1246-1355/? D/GameManagerService: identifyForegroundApp. Nalu.CP.Android, mCurrentUserId: 0, callerUserId: 0
2021-11-14 20:45:41.510 1246-1355/? D/GamePkgDataHelper: getGamePkgData(). Nalu.CP.Android
2021-11-14 20:45:41.511 1246-1355/? D/GameManagerService: identifyForegroundApp. Nalu.CP.Android, mCurrentUserId: 0, callerUserId: 0
2021-11-14 20:45:41.511 1246-1355/? D/GamePkgDataHelper: getGamePkgData(). Nalu.CP.Android
2021-11-14 20:45:41.512 1246-1355/? D/GameManagerService: identifyForegroundApp. Nalu.CP.Android, mCurrentUserId: 0, callerUserId: 0
2021-11-14 20:45:41.512 1246-1355/? D/GamePkgDataHelper: getGamePkgData(). Nalu.CP.Android
2021-11-14 20:45:41.512 1246-1355/? D/GameManagerService: identifyForegroundApp. Nalu.CP.Android, mCurrentUserId: 0, callerUserId: 0
2021-11-14 20:45:41.512 1246-1355/? D/GamePkgDataHelper: getGamePkgData(). Nalu.CP.Android
2021-11-14 20:45:41.513 1246-1355/? D/GameManagerService: identifyForegroundApp. Nalu.CP.Android, mCurrentUserId: 0, callerUserId: 0
2021-11-14 20:45:41.513 1246-1355/? D/GamePkgDataHelper: getGamePkgData(). Nalu.CP.Android
2021-11-14 20:45:41.514 1246-1355/? D/GameManagerService: identifyForegroundApp. Nalu.CP.Android, mCurrentUserId: 0, callerUserId: 0
2021-11-14 20:45:41.514 1246-1355/? D/GamePkgDataHelper: getGamePkgData(). Nalu.CP.Android
2021-11-14 20:45:41.515 1246-1355/? D/GameManagerService: identifyForegroundApp. Nalu.CP.Android, mCurrentUserId: 0, callerUserId: 0
2021-11-14 20:45:41.515 1246-1355/? D/GamePkgDataHelper: getGamePkgData(). Nalu.CP.Android
2021-11-14 20:45:41.515 1246-1355/? D/GameManagerService: identifyForegroundApp. Nalu.CP.Android, mCurrentUserId: 0, callerUserId: 0
2021-11-14 20:45:41.515 1246-1355/? D/GamePkgDataHelper: getGamePkgData(). Nalu.CP.Android
2021-11-14 20:45:41.516 1246-1355/? D/GameManagerService: identifyForegroundApp. Nalu.CP.Android, mCurrentUserId: 0, callerUserId: 0
2021-11-14 20:45:41.516 1246-1355/? D/GamePkgDataHelper: getGamePkgData(). Nalu.CP.Android
2021-11-14 20:45:41.517 1246-1355/? D/GameManagerService: identifyForegroundApp. Nalu.CP.Android, mCurrentUserId: 0, callerUserId: 0
2021-11-14 20:45:41.517 1246-1355/? D/GamePkgDataHelper: getGamePkgData(). Nalu.CP.Android
2021-11-14 20:45:41.517 1246-1355/? D/GameManagerService: identifyForegroundApp. Nalu.CP.Android, mCurrentUserId: 0, callerUserId: 0
2021-11-14 20:45:41.517 1246-1355/? D/GamePkgDataHelper: getGamePkgData(). Nalu.CP.Android
2021-11-14 20:45:41.518 1246-1355/? D/GameManagerService: identifyForegroundApp. Nalu.CP.Android, mCurrentUserId: 0, callerUserId: 0
2021-11-14 20:45:41.518 1246-1355/? D/GamePkgDataHelper: getGamePkgData(). Nalu.CP.Android
2021-11-14 20:45:41.519 1246-1355/? D/GameManagerService: identifyForegroundApp. Nalu.CP.Android, mCurrentUserId: 0, callerUserId: 0
2021-11-14 20:45:41.519 1246-1355/? D/GamePkgDataHelper: getGamePkgData(). Nalu.CP.Android
2021-11-14 20:45:41.519 1246-1355/? D/GameManagerService: identifyForegroundApp. Nalu.CP.Android, mCurrentUserId: 0, callerUserId: 0
2021-11-14 20:45:41.520 1246-1355/? D/GamePkgDataHelper: getGamePkgData(). Nalu.CP.Android
2021-11-14 20:45:41.520 1246-1355/? D/GameManagerService: identifyForegroundApp. Nalu.CP.Android, mCurrentUserId: 0, callerUserId: 0
2021-11-14 20:45:41.520 1246-1355/? D/GamePkgDataHelper: getGamePkgData(). Nalu.CP.Android
2021-11-14 20:45:41.521 1246-1355/? D/GameManagerService: identifyForegroundApp. Nalu.CP.Android, mCurrentUserId: 0, callerUserId: 0
2021-11-14 20:45:41.521 1246-1355/? D/GamePkgDataHelper: getGamePkgData(). Nalu.CP.Android
2021-11-14 20:45:41.521 1246-1355/? D/GameManagerService: identifyForegroundApp. Nalu.CP.Android, mCurrentUserId: 0, callerUserId: 0
2021-11-14 20:45:41.522 1246-1355/? D/GamePkgDataHelper: getGamePkgData(). Nalu.CP.Android
2021-11-14 20:45:41.522 1246-1355/? D/GameManagerService: identifyForegroundApp. Nalu.CP.Android, mCurrentUserId: 0, callerUserId: 0
2021-11-14 20:45:41.522 1246-1355/? D/GamePkgDataHelper: getGamePkgData(). Nalu.CP.Android
2021-11-14 20:45:41.523 1246-1355/? D/GameManagerService: identifyForegroundApp. Nalu.CP.Android, mCurrentUserId: 0, callerUserId: 0
2021-11-14 20:45:41.523 1246-1355/? D/GamePkgDataHelper: getGamePkgData(). Nalu.CP.Android
2021-11-14 20:45:41.523 1246-1355/? D/GameManagerService: identifyForegroundApp. Nalu.CP.Android, mCurrentUserId: 0, callerUserId: 0
2021-11-14 20:45:41.523 1246-1355/? D/GamePkgDataHelper: getGamePkgData(). Nalu.CP.Android
2021-11-14 20:45:41.524 791-2621/? I/vendor.qti.bluetooth@1.0-ibs_handler: ProcessIbsCmd: Received IBS_SLEEP_IND: 0xFE
2021-11-14 20:45:41.524 791-2621/? D/vendor.qti.bluetooth@1.0-ibs_handler: SerialClockVote: vote for UART CLK OFF
2021-11-14 20:45:41.524 1246-1355/? D/GameManagerService: identifyForegroundApp. Nalu.CP.Android, mCurrentUserId: 0, callerUserId: 0
2021-11-14 20:45:41.524 1246-1355/? D/GamePkgDataHelper: getGamePkgData(). Nalu.CP.Android
2021-11-14 20:45:41.525 1246-1355/? D/GameManagerService: identifyForegroundApp. Nalu.CP.Android, mCurrentUserId: 0, callerUserId: 0
2021-11-14 20:45:41.525 1246-1355/? D/GamePkgDataHelper: getGamePkgData(). Nalu.CP.Android
2021-11-14 20:45:41.525 1246-1355/? D/GameManagerService: identifyForegroundApp. Nalu.CP.Android, mCurrentUserId: 0, callerUserId: 0
2021-11-14 20:45:41.525 1246-1355/? D/GamePkgDataHelper: getGamePkgData(). Nalu.CP.Android
2021-11-14 20:45:41.526 1246-1355/? D/GameManagerService: identifyForegroundApp. Nalu.CP.Android, mCurrentUserId: 0, callerUserId: 0
2021-11-14 20:45:41.526 1246-1355/? D/GamePkgDataHelper: getGamePkgData(). Nalu.CP.Android
2021-11-14 20:45:41.527 1246-1355/? D/GameManagerService: identifyForegroundApp. Nalu.CP.Android, mCurrentUserId: 0, callerUserId: 0
2021-11-14 20:45:41.527 1246-1355/? D/GamePkgDataHelper: getGamePkgData(). Nalu.CP.Android
2021-11-14 20:45:41.527 1246-1355/? D/GameManagerService: identifyForegroundApp. Nalu.CP.Android, mCurrentUserId: 0, callerUserId: 0
2021-11-14 20:45:41.527 1246-1355/? D/GamePkgDataHelper: getGamePkgData(). Nalu.CP.Android
2021-11-14 20:45:41.528 1246-1355/? D/GameManagerService: identifyForegroundApp. Nalu.CP.Android, mCurrentUserId: 0, callerUserId: 0
2021-11-14 20:45:41.528 1246-1355/? D/GamePkgDataHelper: getGamePkgData(). Nalu.CP.Android
2021-11-14 20:45:41.528 1246-1355/? D/GameManagerService: identifyForegroundApp. Nalu.CP.Android, mCurrentUserId: 0, callerUserId: 0
2021-11-14 20:45:41.528 1246-1355/? D/GamePkgDataHelper: getGamePkgData(). Nalu.CP.Android
2021-11-14 20:45:41.528 2967-2967/? D/PhoneWindow: forceLight changed to true [] from com.android.internal.policy.PhoneWindow.updateForceLightNavigationBar:4274 com.android.internal.policy.DecorView.updateColorViews:1547 com.android.internal.policy.PhoneWindow.dispatchWindowAttributesChanged:3252 android.view.Window.setFlags:1153 com.android.internal.policy.PhoneWindow.generateLayout:2474
2021-11-14 20:45:41.529 2967-2967/? I/MultiWindowDecorSupport: [INFO] isPopOver = false
2021-11-14 20:45:41.529 2967-2967/? I/MultiWindowDecorSupport: updateCaptionType >> DecorView@e904131[], isFloating: false, isApplication: true, hasWindowDecorCaption: false, hasWindowControllerCallback: true
2021-11-14 20:45:41.529 2967-2967/? D/MultiWindowDecorSupport: setCaptionType = 0, DecorView = DecorView@e904131[]
2021-11-14 20:45:41.529 1246-1355/? D/GameManagerService: identifyForegroundApp. Nalu.CP.Android, mCurrentUserId: 0, callerUserId: 0
2021-11-14 20:45:41.529 1246-1355/? D/GamePkgDataHelper: getGamePkgData(). Nalu.CP.Android
2021-11-14 20:45:41.530 1246-1355/? D/GameManagerService: identifyForegroundApp. Nalu.CP.Android, mCurrentUserId: 0, callerUserId: 0
2021-11-14 20:45:41.530 1246-1355/? D/GamePkgDataHelper: getGamePkgData(). Nalu.CP.Android
2021-11-14 20:45:41.530 1246-1355/? D/GameManagerService: identifyForegroundApp. Nalu.CP.Android, mCurrentUserId: 0, callerUserId: 0
2021-11-14 20:45:41.530 1246-1355/? D/GamePkgDataHelper: getGamePkgData(). Nalu.CP.Android
2021-11-14 20:45:41.531 1246-1355/? D/GameManagerService: identifyForegroundApp. Nalu.CP.Android, mCurrentUserId: 0, callerUserId: 0
2021-11-14 20:45:41.531 1246-1355/? D/GamePkgDataHelper: getGamePkgData(). Nalu.CP.Android
2021-11-14 20:45:41.531 1246-1355/? D/GameManagerService: identifyForegroundApp. Nalu.CP.Android, mCurrentUserId: 0, callerUserId: 0
2021-11-14 20:45:41.531 1246-1355/? D/GamePkgDataHelper: getGamePkgData(). Nalu.CP.Android
2021-11-14 20:45:41.532 1246-1355/? D/GameManagerService: identifyForegroundApp. Nalu.CP.Android, mCurrentUserId: 0, callerUserId: 0
2021-11-14 20:45:41.532 1246-1355/? D/GamePkgDataHelper: getGamePkgData(). Nalu.CP.Android
2021-11-14 20:45:41.533 1246-1355/? D/GameManagerService: identifyForegroundApp. Nalu.CP.Android, mCurrentUserId: 0, callerUserId: 0
2021-11-14 20:45:41.533 1246-1355/? D/GamePkgDataHelper: getGamePkgData(). Nalu.CP.Android
2021-11-14 20:45:41.533 1246-1355/? D/GameManagerService: identifyForegroundApp. Nalu.CP.Android, mCurrentUserId: 0, callerUserId: 0
2021-11-14 20:45:41.533 1246-1355/? D/GamePkgDataHelper: getGamePkgData(). Nalu.CP.Android
2021-11-14 20:45:41.534 1246-1355/? D/GameManagerService: identifyForegroundApp. Nalu.CP.Android, mCurrentUserId: 0, callerUserId: 0
2021-11-14 20:45:41.534 1246-1355/? D/GamePkgDataHelper: getGamePkgData(). Nalu.CP.Android
2021-11-14 20:45:41.534 1246-1355/? D/GameManagerService: identifyForegroundApp. Nalu.CP.Android, mCurrentUserId: 0, callerUserId: 0
2021-11-14 20:45:41.534 1246-1355/? D/GamePkgDataHelper: getGamePkgData(). Nalu.CP.Android
2021-11-14 20:45:41.535 1246-1355/? D/GameManagerService: identifyForegroundApp. Nalu.CP.Android, mCurrentUserId: 0, callerUserId: 0
2021-11-14 20:45:41.535 1246-1355/? D/GamePkgDataHelper: getGamePkgData(). Nalu.CP.Android
2021-11-14 20:45:41.536 1246-1355/? D/GameManagerService: identifyForegroundApp. Nalu.CP.Android, mCurrentUserId: 0, callerUserId: 0
2021-11-14 20:45:41.536 1246-1355/? D/GamePkgDataHelper: getGamePkgData(). Nalu.CP.Android
2021-11-14 20:45:41.536 1246-1355/? D/GameManagerService: identifyForegroundApp. Nalu.CP.Android, mCurrentUserId: 0, callerUserId: 0
2021-11-14 20:45:41.536 1246-1355/? D/GamePkgDataHelper: getGamePkgData(). Nalu.CP.Android
2021-11-14 20:45:41.537 1246-1355/? D/GameManagerService: identifyForegroundApp. Nalu.CP.Android, mCurrentUserId: 0, callerUserId: 0
2021-11-14 20:45:41.537 1246-1355/? D/GamePkgDataHelper: getGamePkgData(). Nalu.CP.Android
2021-11-14 20:45:41.538 1246-1355/? D/GameManagerService: identifyForegroundApp. Nalu.CP.Android, mCurrentUserId: 0, callerUserId: 0
2021-11-14 20:45:41.538 1246-1355/? D/GamePkgDataHelper: getGamePkgData(). Nalu.CP.Android
2021-11-14 20:45:41.538 1246-1355/? D/GameManagerService: identifyForegroundApp. Nalu.CP.Android, mCurrentUserId: 0, callerUserId: 0
2021-11-14 20:45:41.538 1246-1355/? D/GamePkgDataHelper: getGamePkgData(). Nalu.CP.Android
2021-11-14 20:45:41.539 1246-1355/? D/GameManagerService: identifyForegroundApp. Nalu.CP.Android, mCurrentUserId: 0, callerUserId: 0
2021-11-14 20:45:41.539 1246-1355/? D/GamePkgDataHelper: getGamePkgData(). Nalu.CP.Android
2021-11-14 20:45:41.540 1246-1355/? D/GameManagerService: identifyForegroundApp. Nalu.CP.Android, mCurrentUserId: 0, callerUserId: 0
2021-11-14 20:45:41.540 1246-1355/? D/GamePkgDataHelper: getGamePkgData(). Nalu.CP.Android
2021-11-14 20:45:41.540 1246-1355/? D/GameManagerService: identifyForegroundApp. Nalu.CP.Android, mCurrentUserId: 0, callerUserId: 0
2021-11-14 20:45:41.540 1246-1355/? D/GamePkgDataHelper: getGamePkgData(). Nalu.CP.Android
2021-11-14 20:45:41.541 1246-1355/? D/GameManagerService: identifyForegroundApp. Nalu.CP.Android, mCurrentUserId: 0, callerUserId: 0
2021-11-14 20:45:41.541 1246-1355/? D/GamePkgDataHelper: getGamePkgData(). Nalu.CP.Android
2021-11-14 20:45:41.542 1246-1355/? D/GameManagerService: identifyForegroundApp. Nalu.CP.Android, mCurrentUserId: 0, callerUserId: 0
2021-11-14 20:45:41.542 1246-1355/? D/GamePkgDataHelper: getGamePkgData(). Nalu.CP.Android
2021-11-14 20:45:41.542 1246-1355/? D/GameManagerService: identifyForegroundApp. Nalu.CP.Android, mCurrentUserId: 0, callerUserId: 0
2021-11-14 20:45:41.542 1246-1355/? D/GamePkgDataHelper: getGamePkgData(). Nalu.CP.Android
2021-11-14 20:45:41.543 1246-1355/? D/GameManagerService: identifyForegroundApp. Nalu.CP.Android, mCurrentUserId: 0, callerUserId: 0
2021-11-14 20:45:41.543 1246-1355/? D/GamePkgDataHelper: getGamePkgData(). Nalu.CP.Android
2021-11-14 20:45:41.544 1246-1355/? D/GameManagerService: identifyForegroundApp. Nalu.CP.Android, mCurrentUserId: 0, callerUserId: 0
2021-11-14 20:45:41.544 1246-1355/? D/GamePkgDataHelper: getGamePkgData(). Nalu.CP.Android
2021-11-14 20:45:41.544 1246-1355/? D/GameManagerService: identifyForegroundApp. Nalu.CP.Android, mCurrentUserId: 0, callerUserId: 0
2021-11-14 20:45:41.544 1246-1355/? D/GamePkgDataHelper: getGamePkgData(). Nalu.CP.Android
2021-11-14 20:45:41.545 1246-1355/? D/GameManagerService: identifyForegroundApp. Nalu.CP.Android, mCurrentUserId: 0, callerUserId: 0
2021-11-14 20:45:41.545 1246-1355/? D/GamePkgDataHelper: getGamePkgData(). Nalu.CP.Android
2021-11-14 20:45:41.546 1246-1355/? D/GameManagerService: identifyForegroundApp. Nalu.CP.Android, mCurrentUserId: 0, callerUserId: 0
2021-11-14 20:45:41.546 1246-1355/? D/GamePkgDataHelper: getGamePkgData(). Nalu.CP.Android
2021-11-14 20:45:41.546 1246-1355/? D/GameManagerService: identifyForegroundApp. Nalu.CP.Android, mCurrentUserId: 0, callerUserId: 0
2021-11-14 20:45:41.547 1246-1355/? D/GamePkgDataHelper: getGamePkgData(). Nalu.CP.Android
2021-11-14 20:45:41.547 1246-1355/? D/GameManagerService: identifyForegroundApp. Nalu.CP.Android, mCurrentUserId: 0, callerUserId: 0
2021-11-14 20:45:41.547 1246-1355/? D/GamePkgDataHelper: getGamePkgData(). Nalu.CP.Android
2021-11-14 20:45:41.548 1246-1355/? D/GameManagerService: identifyForegroundApp. Nalu.CP.Android, mCurrentUserId: 0, callerUserId: 0
2021-11-14 20:45:41.548 1246-1355/? D/GamePkgDataHelper: getGamePkgData(). Nalu.CP.Android
2021-11-14 20:45:41.549 1246-1355/? D/GameManagerService: identifyForegroundApp. Nalu.CP.Android, mCurrentUserId: 0, callerUserId: 0
2021-11-14 20:45:41.549 1246-1355/? D/GamePkgDataHelper: getGamePkgData(). Nalu.CP.Android
2021-11-14 20:45:41.549 1246-1355/? D/GameManagerService: identifyForegroundApp. Nalu.CP.Android, mCurrentUserId: 0, callerUserId: 0
2021-11-14 20:45:41.549 1246-1355/? D/GamePkgDataHelper: getGamePkgData(). Nalu.CP.Android
2021-11-14 20:45:41.550 1246-1355/? D/GameManagerService: identifyForegroundApp. Nalu.CP.Android, mCurrentUserId: 0, callerUserId: 0
2021-11-14 20:45:41.550 1246-1355/? D/GamePkgDataHelper: getGamePkgData(). Nalu.CP.Android
2021-11-14 20:45:41.551 1246-1355/? D/GameManagerService: identifyForegroundApp. Nalu.CP.Android, mCurrentUserId: 0, callerUserId: 0
2021-11-14 20:45:41.551 1246-1355/? D/GamePkgDataHelper: getGamePkgData(). Nalu.CP.Android
2021-11-14 20:45:41.551 1246-1355/? D/GameManagerService: identifyForegroundApp. Nalu.CP.Android, mCurrentUserId: 0, callerUserId: 0
2021-11-14 20:45:41.551 1246-1355/? D/GamePkgDataHelper: getGamePkgData(). Nalu.CP.Android
2021-11-14 20:45:41.552 1246-1355/? D/GameManagerService: identifyForegroundApp. Nalu.CP.Android, mCurrentUserId: 0, callerUserId: 0
2021-11-14 20:45:41.552 1246-1355/? D/GamePkgDataHelper: getGamePkgData(). Nalu.CP.Android
2021-11-14 20:45:41.553 1246-1355/? D/GameManagerService: identifyForegroundApp. Nalu.CP.Android, mCurrentUserId: 0, callerUserId: 0
2021-11-14 20:45:41.553 1246-1355/? D/GamePkgDataHelper: getGamePkgData(). Nalu.CP.Android
2021-11-14 20:45:41.553 1246-1355/? D/GameManagerService: identifyForegroundApp. Nalu.CP.Android, mCurrentUserId: 0, callerUserId: 0
2021-11-14 20:45:41.553 1246-1355/? D/GamePkgDataHelper: getGamePkgData(). Nalu.CP.Android
2021-11-14 20:45:41.554 1246-1355/? D/GameManagerService: identifyForegroundApp. Nalu.CP.Android, mCurrentUserId: 0, callerUserId: 0
2021-11-14 20:45:41.554 1246-1355/? D/GamePkgDataHelper: getGamePkgData(). Nalu.CP.Android
2021-11-14 20:45:41.555 1246-1355/? D/GameManagerService: identifyForegroundApp. Nalu.CP.Android, mCurrentUserId: 0, callerUserId: 0
2021-11-14 20:45:41.555 1246-1355/? D/GamePkgDataHelper: getGamePkgData(). Nalu.CP.Android
2021-11-14 20:45:41.555 1246-1355/? D/GameManagerService: identifyForegroundApp. Nalu.CP.Android, mCurrentUserId: 0, callerUserId: 0
2021-11-14 20:45:41.555 1246-1355/? D/GamePkgDataHelper: getGamePkgData(). Nalu.CP.Android
2021-11-14 20:45:41.556 1246-1355/? D/GameManagerService: identifyForegroundApp. Nalu.CP.Android, mCurrentUserId: 0, callerUserId: 0
2021-11-14 20:45:41.556 1246-1355/? D/GamePkgDataHelper: getGamePkgData(). Nalu.CP.Android
2021-11-14 20:45:41.556 1246-1355/? D/GameManagerService: identifyForegroundApp. Nalu.CP.Android, mCurrentUserId: 0, callerUserId: 0
2021-11-14 20:45:41.556 1246-1355/? D/GamePkgDataHelper: getGamePkgData(). Nalu.CP.Android
2021-11-14 20:45:41.557 1246-1355/? D/GameManagerService: identifyForegroundApp. Nalu.CP.Android, mCurrentUserId: 0, callerUserId: 0
2021-11-14 20:45:41.557 1246-1355/? D/GamePkgDataHelper: getGamePkgData(). Nalu.CP.Android
2021-11-14 20:45:41.558 1246-1355/? D/GameManagerService: identifyForegroundApp. Nalu.CP.Android, mCurrentUserId: 0, callerUserId: 0
2021-11-14 20:45:41.558 1246-1355/? D/GamePkgDataHelper: getGamePkgData(). Nalu.CP.Android
2021-11-14 20:45:41.558 1246-1355/? D/GameManagerService: identifyForegroundApp. Nalu.CP.Android, mCurrentUserId: 0, callerUserId: 0
2021-11-14 20:45:41.558 1246-1355/? D/GamePkgDataHelper: getGamePkgData(). Nalu.CP.Android
2021-11-14 20:45:41.559 1246-1355/? D/GameManagerService: identifyForegroundApp. Nalu.CP.Android, mCurrentUserId: 0, callerUserId: 0
2021-11-14 20:45:41.559 1246-1355/? D/GamePkgDataHelper: getGamePkgData(). Nalu.CP.Android
2021-11-14 20:45:41.559 1246-2165/? I/GenerationRegistry: mBackingStore.isClosed() : false
2021-11-14 20:45:41.560 1246-1355/? D/GameManagerService: identifyForegroundApp. Nalu.CP.Android, mCurrentUserId: 0, callerUserId: 0
2021-11-14 20:45:41.560 1246-1355/? D/GamePkgDataHelper: getGamePkgData(). Nalu.CP.Android
2021-11-14 20:45:41.560 1246-1355/? D/GameManagerService: identifyForegroundApp. Nalu.CP.Android, mCurrentUserId: 0, callerUserId: 0
2021-11-14 20:45:41.561 1246-1355/? D/GamePkgDataHelper: getGamePkgData(). Nalu.CP.Android
2021-11-14 20:45:41.561 1246-1355/? D/GameManagerService: identifyForegroundApp. Nalu.CP.Android, mCurrentUserId: 0, callerUserId: 0
2021-11-14 20:45:41.561 1246-1355/? D/GamePkgDataHelper: getGamePkgData(). Nalu.CP.Android
2021-11-14 20:45:41.562 1246-1355/? D/GameManagerService: identifyForegroundApp. Nalu.CP.Android, mCurrentUserId: 0, callerUserId: 0
2021-11-14 20:45:41.562 1246-1355/? D/GamePkgDataHelper: getGamePkgData(). Nalu.CP.Android
2021-11-14 20:45:41.563 1246-1355/? D/GameManagerService: identifyForegroundApp. Nalu.CP.Android, mCurrentUserId: 0, callerUserId: 0
2021-11-14 20:45:41.563 1246-1355/? D/GamePkgDataHelper: getGamePkgData(). Nalu.CP.Android
2021-11-14 20:45:41.563 1246-1355/? D/GameManagerService: identifyForegroundApp. Nalu.CP.Android, mCurrentUserId: 0, callerUserId: 0
2021-11-14 20:45:41.563 1246-1355/? D/GamePkgDataHelper: getGamePkgData(). Nalu.CP.Android
2021-11-14 20:45:41.564 1246-1355/? D/GameManagerService: identifyForegroundApp. Nalu.CP.Android, mCurrentUserId: 0, callerUserId: 0
2021-11-14 20:45:41.564 1246-1355/? D/GamePkgDataHelper: getGamePkgData(). Nalu.CP.Android
2021-11-14 20:45:41.565 1246-1355/? D/GameManagerService: identifyForegroundApp. Nalu.CP.Android, mCurrentUserId: 0, callerUserId: 0
2021-11-14 20:45:41.565 1246-1355/? D/GamePkgDataHelper: getGamePkgData(). Nalu.CP.Android
2021-11-14 20:45:41.565 1246-1355/? D/GameManagerService: identifyForegroundApp. Nalu.CP.Android, mCurrentUserId: 0, callerUserId: 0
2021-11-14 20:45:41.565 1246-1355/? D/GamePkgDataHelper: getGamePkgData(). Nalu.CP.Android
2021-11-14 20:45:41.566 1246-1355/? D/GameManagerService: identifyForegroundApp. Nalu.CP.Android, mCurrentUserId: 0, callerUserId: 0
2021-11-14 20:45:41.566 1246-1355/? D/GamePkgDataHelper: getGamePkgData(). Nalu.CP.Android
2021-11-14 20:45:41.567 1246-1355/? D/GameManagerService: identifyForegroundApp. Nalu.CP.Android, mCurrentUserId: 0, callerUserId: 0
2021-11-14 20:45:41.567 1246-1355/? D/GamePkgDataHelper: getGamePkgData(). Nalu.CP.Android
2021-11-14 20:45:41.567 1246-1355/? D/GameManagerService: identifyForegroundApp. Nalu.CP.Android, mCurrentUserId: 0, callerUserId: 0
2021-11-14 20:45:41.567 1246-1355/? D/GamePkgDataHelper: getGamePkgData(). Nalu.CP.Android
2021-11-14 20:45:41.568 1246-1355/? D/GameManagerService: identifyForegroundApp. Nalu.CP.Android, mCurrentUserId: 0, callerUserId: 0
2021-11-14 20:45:41.568 1246-1355/? D/GamePkgDataHelper: getGamePkgData(). Nalu.CP.Android
2021-11-14 20:45:41.569 1246-1355/? D/GameManagerService: identifyForegroundApp. Nalu.CP.Android, mCurrentUserId: 0, callerUserId: 0
2021-11-14 20:45:41.569 1246-1355/? D/GamePkgDataHelper: getGamePkgData(). Nalu.CP.Android
2021-11-14 20:45:41.569 1246-1355/? D/GameManagerService: identifyForegroundApp. Nalu.CP.Android, mCurrentUserId: 0, callerUserId: 0
2021-11-14 20:45:41.569 1246-1355/? D/GamePkgDataHelper: getGamePkgData(). Nalu.CP.Android
2021-11-14 20:45:41.570 1246-1355/? D/GameManagerService: identifyForegroundApp. Nalu.CP.Android, mCurrentUserId: 0, callerUserId: 0
2021-11-14 20:45:41.570 1246-1355/? D/GamePkgDataHelper: getGamePkgData(). Nalu.CP.Android
2021-11-14 20:45:41.571 1246-1355/? D/GameManagerService: identifyForegroundApp. Nalu.CP.Android, mCurrentUserId: 0, callerUserId: 0
2021-11-14 20:45:41.571 1246-1355/? D/GamePkgDataHelper: getGamePkgData(). Nalu.CP.Android
2021-11-14 20:45:41.571 1246-1355/? D/GameManagerService: identifyForegroundApp. Nalu.CP.Android, mCurrentUserId: 0, callerUserId: 0
2021-11-14 20:45:41.571 1246-1355/? D/GamePkgDataHelper: getGamePkgData(). Nalu.CP.Android
2021-11-14 20:45:41.572 1246-1355/? D/GameManagerService: identifyForegroundApp. Nalu.CP.Android, mCurrentUserId: 0, callerUserId: 0
2021-11-14 20:45:41.572 1246-1355/? D/GamePkgDataHelper: getGamePkgData(). Nalu.CP.Android
2021-11-14 20:45:41.573 1246-1355/? D/GameManagerService: identifyForegroundApp. Nalu.CP.Android, mCurrentUserId: 0, callerUserId: 0
2021-11-14 20:45:41.573 1246-1355/? D/GamePkgDataHelper: getGamePkgData(). Nalu.CP.Android
2021-11-14 20:45:41.573 1246-1355/? D/GameManagerService: identifyForegroundApp. Nalu.CP.Android, mCurrentUserId: 0, callerUserId: 0
2021-11-14 20:45:41.573 1246-1355/? D/GamePkgDataHelper: getGamePkgData(). Nalu.CP.Android
2021-11-14 20:45:41.574 1246-1355/? D/GameManagerService: identifyForegroundApp. Nalu.CP.Android, mCurrentUserId: 0, callerUserId: 0
2021-11-14 20:45:41.574 1246-1355/? D/GamePkgDataHelper: getGamePkgData(). Nalu.CP.Android
2021-11-14 20:45:41.575 1246-1355/? D/GameManagerService: identifyForegroundApp. Nalu.CP.Android, mCurrentUserId: 0, callerUserId: 0
2021-11-14 20:45:41.575 1246-1355/? D/GamePkgDataHelper: getGamePkgData(). Nalu.CP.Android
2021-11-14 20:45:41.575 1246-1355/? D/GameManagerService: identifyForegroundApp. Nalu.CP.Android, mCurrentUserId: 0, callerUserId: 0
2021-11-14 20:45:41.575 1246-1355/? D/GamePkgDataHelper: getGamePkgData(). Nalu.CP.Android
2021-11-14 20:45:41.576 1246-1355/? D/GameManagerService: identifyForegroundApp. Nalu.CP.Android, mCurrentUserId: 0, callerUserId: 0
2021-11-14 20:45:41.576 1246-1355/? D/GamePkgDataHelper: getGamePkgData(). Nalu.CP.Android
2021-11-14 20:45:41.577 1246-1355/? D/GameManagerService: identifyForegroundApp. Nalu.CP.Android, mCurrentUserId: 0, callerUserId: 0
2021-11-14 20:45:41.577 1246-1355/? D/GamePkgDataHelper: getGamePkgData(). Nalu.CP.Android
2021-11-14 20:45:41.577 1246-1355/? D/GameManagerService: identifyForegroundApp. Nalu.CP.Android, mCurrentUserId: 0, callerUserId: 0
2021-11-14 20:45:41.578 1246-1355/? D/GamePkgDataHelper: getGamePkgData(). Nalu.CP.Android
2021-11-14 20:45:41.578 1246-1355/? D/GameManagerService: identifyForegroundApp. Nalu.CP.Android, mCurrentUserId: 0, callerUserId: 0
2021-11-14 20:45:41.578 1246-1355/? D/GamePkgDataHelper: getGamePkgData(). Nalu.CP.Android
2021-11-14 20:45:41.579 1246-1355/? D/GameManagerService: identifyForegroundApp. Nalu.CP.Android, mCurrentUserId: 0, callerUserId: 0
2021-11-14 20:45:41.579 1246-1355/? D/GamePkgDataHelper: getGamePkgData(). Nalu.CP.Android
2021-11-14 20:45:41.580 1246-1355/? D/GameManagerService: identifyForegroundApp. Nalu.CP.Android, mCurrentUserId: 0, callerUserId: 0
2021-11-14 20:45:41.580 1246-1355/? D/GamePkgDataHelper: getGamePkgData(). Nalu.CP.Android
2021-11-14 20:45:41.580 1246-1355/? W/ActivityTaskManager: Activity pause timeout for ActivityRecord{e488b88 u0 Nalu.CP.Android/crc6429e3927486beccbc.ActivityLogin t6760}
2021-11-14 20:45:41.581 1246-1355/? D/GameManagerService: identifyForegroundApp. Nalu.CP.Android, mCurrentUserId: 0, callerUserId: 0
2021-11-14 20:45:41.581 1246-1355/? D/GamePkgDataHelper: getGamePkgData(). Nalu.CP.Android
2021-11-14 20:45:41.581 1246-1355/? V/WindowManager: performShow on Window{26edfd4 u0 Splash Screen Nalu.CP.Android}: mDrawState=READY_TO_SHOW readyForDisplay=false starting=true during animation: policyVis=false parentHidden=false tok.hiddenRequested=false tok.hidden=true animating=true tok animating=true Callers=com.android.server.wm.WindowState.performShowLocked:4812 com.android.server.wm.WindowStateAnimator.commitFinishDrawingLocked:407 com.android.server.wm.DisplayContent.lambda$new$8$DisplayContent:1026 com.android.server.wm.-$$Lambda$DisplayContent$qxt4izS31fb0LF2uo_OF9DMa7gc.accept:4
2021-11-14 20:45:41.582 1246-1355/? D/GameManagerService: identifyForegroundApp. Nalu.CP.Android, mCurrentUserId: 0, callerUserId: 0
2021-11-14 20:45:41.582 1246-1355/? D/GamePkgDataHelper: getGamePkgData(). Nalu.CP.Android
2021-11-14 20:45:41.583 1246-1355/? D/GameManagerService: identifyForegroundApp. Nalu.CP.Android, mCurrentUserId: 0, callerUserId: 0
2021-11-14 20:45:41.583 1246-1355/? D/GamePkgDataHelper: getGamePkgData(). Nalu.CP.Android
2021-11-14 20:45:41.584 1246-1355/? D/GameManagerService: identifyForegroundApp. Nalu.CP.Android, mCurrentUserId: 0, callerUserId: 0
2021-11-14 20:45:41.584 1246-1355/? D/GamePkgDataHelper: getGamePkgData(). Nalu.CP.Android
2021-11-14 20:45:41.585 1246-1355/? D/GameManagerService: identifyForegroundApp. Nalu.CP.Android, mCurrentUserId: 0, callerUserId: 0
2021-11-14 20:45:41.585 1246-1355/? D/GamePkgDataHelper: getGamePkgData(). Nalu.CP.Android
2021-11-14 20:45:41.586 1246-1355/? D/GameManagerService: identifyForegroundApp. Nalu.CP.Android, mCurrentUserId: 0, callerUserId: 0
2021-11-14 20:45:41.586 1246-1355/? D/GamePkgDataHelper: getGamePkgData(). Nalu.CP.Android
2021-11-14 20:45:41.587 5308-5529/? I/TrayUsageStatesWatcher: notePauseComponent : ComponentInfo{Nalu.CP.Android/crc6429e3927486beccbc.ActivityLogin}, 4
2021-11-14 20:45:41.587 1246-1355/? D/GameManagerService: notePauseComponent(), received paused-component: Nalu.CP.Android
