2021-11-14 20:45:39.291 1246-1680/? D/ConnectivityService: Network NetworkAgentInfo [WIFI () - 615] was already satisfying request 14112. No change.
2021-11-14 20:45:39.291 1246-1680/? D/ConnectivityService: Network NetworkAgentInfo [WIFI () - 615] was already satisfying request 14701. No change.
2021-11-14 20:45:39.291 1246-1680/? D/ConnectivityService: Network NetworkAgentInfo [WIFI () - 615] was already satisfying request 13. No change.
2021-11-14 20:45:39.291 1246-1680/? D/ConnectivityService: Network NetworkAgentInfo [WIFI () - 615] was already satisfying request 14643. No change.
2021-11-14 20:45:39.291 1246-1680/? D/ConnectivityService: sending notification CALLBACK_AVAILABLE for NetworkRequest [ LISTEN id=14720, [ Capabilities: INTERNET&NOT_RESTRICTED&TRUSTED&NOT_VPN&FOREGROUND Uid: 10320] ]
2021-11-14 20:45:39.294 1246-2001/? I/GenerationRegistry: mBackingStore.isClosed() : false
2021-11-14 20:45:39.326 791-2621/? I/vendor.qti.bluetooth@1.0-ibs_handler: ProcessIbsCmd: Received IBS_SLEEP_IND: 0xFE
2021-11-14 20:45:39.326 791-2621/? D/vendor.qti.bluetooth@1.0-ibs_handler: SerialClockVote: vote for UART CLK OFF
2021-11-14 20:45:39.349 1858-1858/? D/KeyguardSecIndicationPolicy: add T Event pos = DEFAULT, type = BATTERY, id = 7528, text = Fully charged, duration = 3000
2021-11-14 20:45:39.350 1858-1858/? D/KeyguardSecIndicationPolicy: update top pos = DEFAULT, item = [id=7526|ty=BATTERY|pr=40|txt=Fully charged|ti=duration=3000|an=false] -> [id=7528|ty=BATTERY|pr=40|txt=Fully charged|ti=duration=3000|an=false]
2021-11-14 20:45:39.350 1858-1858/? D/KeyguardSecIndicationController: updateLockIconVisibility visible : false, isShowAnimation : false
2021-11-14 20:45:39.351 1858-1858/? D/KeyguardSecIndicationPolicy: update Event pos = DEFAULT, type = BATTERY_RESTING, id = 7529, text = Fully charged
2021-11-14 20:45:39.351 1858-1858/? D/KeyguardSecIndicationController: onRefreshBatteryInfo() status = BatteryStatus{status=5,level=100,plugged=2,health=2,maxChargingWattage=-1,remaining=-1ultraFastCharger=0}
2021-11-14 20:45:39.351 1858-1858/? D/KeyguardSecIndicationPolicy: add Event pos = DEFAULT, type = UNLOCK_GUIDE, id = 7530, text = Swipe to unlock
2021-11-14 20:45:39.465 3734-4082/? D/SDHMS:com.sec.android.sdhms.thermal.siop.B: SIOP:: AP:252(284,0) BAT:249(249,0) CHG:280(280,0) USB:0(0,0) PA:-250(-200,50) BLK:258(258,0) SUBBAT:0(0,0) LRP:269(269,0) LRF:269(269) LRB:267(267)
2021-11-14 20:45:39.476 791-2427/? D/vendor.qti.bluetooth@1.0-wake_lock: Release wakelock is released
2021-11-14 20:45:39.516 981-981/? I/CNSS: cnss_open_log_file: directory /data/vendor/log/wifi/ created
2021-11-14 20:45:39.534 791-2621/? I/vendor.qti.bluetooth@1.0-ibs_handler: ProcessIbsCmd: Received IBS_WAKE_IND: 0xFD
2021-11-14 20:45:39.534 791-2621/? D/vendor.qti.bluetooth@1.0-ibs_handler: SerialClockVote: vote for UART CLK ON
2021-11-14 20:45:39.535 791-2621/? D/vendor.qti.bluetooth@1.0-wake_lock: Acquire wakelock is acquired
2021-11-14 20:45:39.535 791-2621/? I/vendor.qti.bluetooth@1.0-ibs_handler: ProcessIbsCmd: Writing IBS_WAKE_ACK
2021-11-14 20:45:39.536 1837-1996/? D/BtGatt.GattService: onScanResult to scannerId: 4- eventType=0x10, addressType=0, address=5C:1, primaryPhy=1, secondaryPhy=0, advertisingSid=0xff, txPower=127, rssi=-69, periodicAdvInt=0x0
2021-11-14 20:45:39.575 791-2621/? I/vendor.qti.bluetooth@1.0-ibs_handler: ProcessIbsCmd: Received IBS_SLEEP_IND: 0xFE
2021-11-14 20:45:39.575 791-2621/? D/vendor.qti.bluetooth@1.0-ibs_handler: SerialClockVote: vote for UART CLK OFF
2021-11-14 20:45:39.577 5308-5308/? I/Utils: isCurrentUser current = 0, ownerId = 0
2021-11-14 20:45:39.577 5308-5308/? I/TrayVisibilityController: getComputedTrayVisible : keyguardState = 2
2021-11-14 20:45:39.577 5308-5308/? I/TrayVisibilityController: updateTrayVisible: State=2 visible=1 mCurrentVisible=1 specificMode=0
2021-11-14 20:45:39.577 5308-5308/? I/TrayStateController: onNotifyUpdateTray: 0 to need to visible? true
2021-11-14 20:45:39.630 791-2621/? I/vendor.qti.bluetooth@1.0-ibs_handler: ProcessIbsCmd: Received IBS_WAKE_IND: 0xFD
2021-11-14 20:45:39.630 791-2621/? D/vendor.qti.bluetooth@1.0-ibs_handler: SerialClockVote: vote for UART CLK ON
2021-11-14 20:45:39.630 791-2621/? I/vendor.qti.bluetooth@1.0-ibs_handler: ProcessIbsCmd: Writing IBS_WAKE_ACK
2021-11-14 20:45:39.631 1837-1996/? D/BtGatt.GattService: onScanResult to scannerId: 4- eventType=0x10, addressType=0, address=5C:1, primaryPhy=1, secondaryPhy=0, advertisingSid=0xff, txPower=127, rssi=-69, periodicAdvInt=0x0
2021-11-14 20:45:39.670 791-2621/? I/vendor.qti.bluetooth@1.0-ibs_handler: ProcessIbsCmd: Received IBS_SLEEP_IND: 0xFE
2021-11-14 20:45:39.670 791-2621/? D/vendor.qti.bluetooth@1.0-ibs_handler: SerialClockVote: vote for UART CLK OFF
2021-11-14 20:45:39.820 791-2427/? D/vendor.qti.bluetooth@1.0-wake_lock: Release wakelock is released
2021-11-14 20:45:39.895 791-2621/? I/vendor.qti.bluetooth@1.0-ibs_handler: ProcessIbsCmd: Received IBS_WAKE_IND: 0xFD
2021-11-14 20:45:39.895 791-2621/? D/vendor.qti.bluetooth@1.0-ibs_handler: SerialClockVote: vote for UART CLK ON
2021-11-14 20:45:39.895 791-2621/? D/vendor.qti.bluetooth@1.0-wake_lock: Acquire wakelock is acquired
2021-11-14 20:45:39.896 791-2621/? I/vendor.qti.bluetooth@1.0-ibs_handler: ProcessIbsCmd: Writing IBS_WAKE_ACK
2021-11-14 20:45:39.897 1837-1996/? D/BtGatt.GattService: onScanResult to scannerId: 4- eventType=0x10, addressType=0, address=5C:1, primaryPhy=1, secondaryPhy=0, advertisingSid=0xff, txPower=127, rssi=-69, periodicAdvInt=0x0
2021-11-14 20:45:39.936 791-2621/? I/vendor.qti.bluetooth@1.0-ibs_handler: ProcessIbsCmd: Received IBS_SLEEP_IND: 0xFE
2021-11-14 20:45:39.936 791-2621/? D/vendor.qti.bluetooth@1.0-ibs_handler: SerialClockVote: vote for UART CLK OFF
2021-11-14 20:45:40.025 791-2621/? I/vendor.qti.bluetooth@1.0-ibs_handler: ProcessIbsCmd: Received IBS_WAKE_IND: 0xFD
2021-11-14 20:45:40.025 791-2621/? D/vendor.qti.bluetooth@1.0-ibs_handler: SerialClockVote: vote for UART CLK ON
2021-11-14 20:45:40.025 791-2621/? I/vendor.qti.bluetooth@1.0-ibs_handler: ProcessIbsCmd: Writing IBS_WAKE_ACK
2021-11-14 20:45:40.027 1837-1996/? D/BtGatt.GattService: onScanResult to scannerId: 4- eventType=0x10, addressType=0, address=5C:1, primaryPhy=1, secondaryPhy=0, advertisingSid=0xff, txPower=127, rssi=-70, periodicAdvInt=0x0
2021-11-14 20:45:40.066 791-2621/? I/vendor.qti.bluetooth@1.0-ibs_handler: ProcessIbsCmd: Received IBS_SLEEP_IND: 0xFE
2021-11-14 20:45:40.066 791-2621/? D/vendor.qti.bluetooth@1.0-ibs_handler: SerialClockVote: vote for UART CLK OFF
2021-11-14 20:45:40.161 804-3433/? I/sensors-hal: handle_sns_std_sensor_event:542, [0][47] A(3) [ 1.676,-0.684, 9.633] 3483440021298346
2021-11-14 20:45:40.170 791-2621/? I/vendor.qti.bluetooth@1.0-ibs_handler: ProcessIbsCmd: Received IBS_WAKE_IND: 0xFD
2021-11-14 20:45:40.171 791-2621/? D/vendor.qti.bluetooth@1.0-ibs_handler: SerialClockVote: vote for UART CLK ON
2021-11-14 20:45:40.171 791-2621/? I/vendor.qti.bluetooth@1.0-ibs_handler: ProcessIbsCmd: Writing IBS_WAKE_ACK
2021-11-14 20:45:40.172 1837-1996/? D/BtGatt.GattService: onScanResult to scannerId: 4- eventType=0x10, addressType=0, address=5C:1, primaryPhy=1, secondaryPhy=0, advertisingSid=0xff, txPower=127, rssi=-69, periodicAdvInt=0x0
2021-11-14 20:45:40.211 791-2621/? I/vendor.qti.bluetooth@1.0-ibs_handler: ProcessIbsCmd: Received IBS_SLEEP_IND: 0xFE
2021-11-14 20:45:40.211 791-2621/? D/vendor.qti.bluetooth@1.0-ibs_handler: SerialClockVote: vote for UART CLK OFF
2021-11-14 20:45:40.283 791-2621/? I/vendor.qti.bluetooth@1.0-ibs_handler: ProcessIbsCmd: Received IBS_WAKE_IND: 0xFD
2021-11-14 20:45:40.283 791-2621/? D/vendor.qti.bluetooth@1.0-ibs_handler: SerialClockVote: vote for UART CLK ON
2021-11-14 20:45:40.283 791-2621/? I/vendor.qti.bluetooth@1.0-ibs_handler: ProcessIbsCmd: Writing IBS_WAKE_ACK
2021-11-14 20:45:40.284 1837-1996/? D/BtGatt.GattService: onScanResult to scannerId: 4- eventType=0x10, addressType=0, address=5C:1, primaryPhy=1, secondaryPhy=0, advertisingSid=0xff, txPower=127, rssi=-70, periodicAdvInt=0x0
2021-11-14 20:45:40.319 1246-1824/? I/Pageboost: Launcher App Execution
2021-11-14 20:45:40.323 791-2621/? I/vendor.qti.bluetooth@1.0-ibs_handler: ProcessIbsCmd: Received IBS_SLEEP_IND: 0xFE
2021-11-14 20:45:40.323 791-2621/? D/vendor.qti.bluetooth@1.0-ibs_handler: SerialClockVote: vote for UART CLK OFF
2021-11-14 20:45:40.348 1858-1858/? D/KeyguardSecIndicationPolicy: remove Item pos = DEFAULT , id = 7526,
2021-11-14 20:45:40.397 791-2621/? I/vendor.qti.bluetooth@1.0-ibs_handler: ProcessIbsCmd: Received IBS_WAKE_IND: 0xFD
2021-11-14 20:45:40.397 791-2621/? D/vendor.qti.bluetooth@1.0-ibs_handler: SerialClockVote: vote for UART CLK ON
2021-11-14 20:45:40.397 791-2621/? I/vendor.qti.bluetooth@1.0-ibs_handler: ProcessIbsCmd: Writing IBS_WAKE_ACK
2021-11-14 20:45:40.398 1837-1996/? D/BtGatt.GattService: onScanResult to scannerId: 4- eventType=0x10, addressType=0, address=5C:1, primaryPhy=1, secondaryPhy=0, advertisingSid=0xff, txPower=127, rssi=-70, periodicAdvInt=0x0
2021-11-14 20:45:40.437 791-2621/? I/vendor.qti.bluetooth@1.0-ibs_handler: ProcessIbsCmd: Received IBS_SLEEP_IND: 0xFE
2021-11-14 20:45:40.437 791-2621/? D/vendor.qti.bluetooth@1.0-ibs_handler: SerialClockVote: vote for UART CLK OFF
2021-11-14 20:45:40.448 2967-2967/? D/BluetoothAdapter: STATE_ON
2021-11-14 20:45:40.469 2967-2967/? I/chatty: uid=10320(Nalu.CP.Android) identical 1 line
2021-11-14 20:45:40.470 2967-2967/? D/BluetoothAdapter: STATE_ON
2021-11-14 20:45:40.470 2967-2967/? D/BluetoothAdapter: BLE support array set: 010011
2021-11-14 20:45:40.471 2967-2967/? D/BluetoothLeScanner: Start Scan with callback
2021-11-14 20:45:40.472 1837-14527/? D/BtGatt.ContextMap: add() - appUid: 10320, appPid: 2967, appName: Nalu.CP.Android
2021-11-14 20:45:40.472 1837-2623/? I/bt_stack: [INFO:gatt_api.cc(958)] GATT_Register c01e43b3-fd78-4ec9-8e00-9096bcd45da9
2021-11-14 20:45:40.472 1837-2623/? I/bt_stack: [INFO:gatt_api.cc(995)] allocated gatt_if=10
2021-11-14 20:45:40.472 1837-1996/? D/BtGatt.GattService: onScannerRegistered() - UUID=c01e43b3-fd78-4ec9-8e00-9096bcd45da9, scannerId=10, status=0
2021-11-14 20:45:40.473 2967-3485/? D/BluetoothLeScanner: onScannerRegistered() - status=0 scannerId=10 mScannerId=0
2021-11-14 20:45:40.473 1837-14527/? D/BluetoothAdapter: STATE_ON
2021-11-14 20:45:40.475 1837-2420/? D/BluetoothAdapter: STATE_ON
2021-11-14 20:45:40.476 1837-2422/? E/BtGatt.GattService: [GSIM LOG]: gsimLogHandler, msg: MESSAGE_SCAN_START, appName: Nalu.CP.Android, scannerId: 10, reportDelayMillis=0
2021-11-14 20:45:40.476 1837-2420/? D/BluetoothAdapter: STATE_ON
2021-11-14 20:45:40.477 1837-2420/? D/BluetoothAdapter: STATE_ON
2021-11-14 20:45:40.477 791-791/? D/vendor.qti.bluetooth@1.0-ibs_handler: SerialClockVote: vote for UART CLK ON
2021-11-14 20:45:40.477 791-791/? I/vendor.qti.bluetooth@1.0-ibs_handler: DeviceWakeUp: Writing IBS_WAKE_IND
2021-11-14 20:45:40.477 791-2621/? I/vendor.qti.bluetooth@1.0-ibs_handler: ProcessIbsCmd: Received IBS_WAKE_ACK: 0xFC
2021-11-14 20:45:40.478 791-2621/? I/vendor.qti.bluetooth@1.0-ibs_handler: ProcessIbsCmd: Received IBS_WAKE_IND: 0xFD
2021-11-14 20:45:40.478 791-2621/? I/vendor.qti.bluetooth@1.0-ibs_handler: ProcessIbsCmd: Writing IBS_WAKE_ACK
2021-11-14 20:45:40.478 1837-2420/? D/BtGatt.ScanManager: configureFilterParamter() : onFoundTimeout | onLostTimeout | onFoundCount | numOfTrackingEntries | scanFilterRssiThreshold | trackableScanFilterRssiThreshold | matchMode
2021-11-14 20:45:40.479 1837-2420/? D/BtGatt.ScanManager: configureFilterParamter() : __________500__|________10000__|___________1__|___________________0__|___________________-128__|____________________________-128__|________1_
2021-11-14 20:45:40.480 1837-2420/? D/BtGatt.ScanManager: configureFilterParamter() : onFoundTimeout | onLostTimeout | onFoundCount | numOfTrackingEntries | scanFilterRssiThreshold | trackableScanFilterRssiThreshold | matchMode
2021-11-14 20:45:40.480 1837-2420/? D/BtGatt.ScanManager: configureFilterParamter() : __________500__|________10000__|___________1__|___________________0__|___________________-128__|____________________________-128__|________1_
2021-11-14 20:45:40.485 1837-2420/? D/BtGatt.ScanManager: configureFilterParamter() : onFoundTimeout | onLostTimeout | onFoundCount | numOfTrackingEntries | scanFilterRssiThreshold | trackableScanFilterRssiThreshold | matchMode
2021-11-14 20:45:40.485 1837-2420/? D/BtGatt.ScanManager: configureFilterParamter() : __________500__|________10000__|___________1__|___________________0__|___________________-128__|____________________________-128__|________1_
2021-11-14 20:45:40.487 1837-2420/? D/BtGatt.ScanManager: configureFilterParamter() : onFoundTimeout | onLostTimeout | onFoundCount | numOfTrackingEntries | scanFilterRssiThreshold | trackableScanFilterRssiThreshold | matchMode
2021-11-14 20:45:40.487 1837-2420/? D/BtGatt.ScanManager: configureFilterParamter() : __________500__|________10000__|___________1__|___________________0__|___________________-128__|____________________________-128__|________1_
2021-11-14 20:45:40.490 1858-1858/? D/KeyguardUpdateMonitor: updateCarrierTextInfo
2021-11-14 20:45:40.490 1858-1858/? D/SecStatusBarWifiView: updateState: WifiIconState(resId=2131232723, visible=true, activityId=2131232731)
2021-11-14 20:45:40.490 1858-2183/? D/Tile.WifiTile: handleUpdateState isTransient=false transientEnabling =false cb.isTransient=false state.state = 2 mStateBeforeClick.value =false enabled =true
2021-11-14 20:45:40.490 1858-1858/? D/FaceWidgetPagesController: onRefreshCarrierInfo()
2021-11-14 20:45:40.491 1858-1858/? D/FaceWidgetClockPage_Full: isNetworkRoamingState id=-1
2021-11-14 20:45:40.491 1858-1858/? D/FaceWidgetClockPage_Full: isNetworkRoamingState false
2021-11-14 20:45:40.491 1858-1858/? D/FaceWidgetClockPage_Full: onRefreshCarrierInfo(pre, now): false, false
2021-11-14 20:45:40.492 1858-1858/? D/FaceWidgetClockPage: isNetworkRoamingState id=-1
2021-11-14 20:45:40.492 1858-1858/? D/FaceWidgetClockPage: isNetworkRoamingState false
2021-11-14 20:45:40.492 1858-1858/? D/FaceWidgetClockPage: onRefreshCarrierInfo(pre, now): false, false
2021-11-14 20:45:40.493 1858-1858/? D/FaceWidgetCloneClockPage: isNetworkRoamingState id=-1
2021-11-14 20:45:40.493 1858-1858/? D/FaceWidgetCloneClockPage: isNetworkRoamingState false
2021-11-14 20:45:40.493 1858-1858/? D/FaceWidgetCloneClockPage: onRefreshCarrierInfo(pre, now): false, false
2021-11-14 20:45:40.519 1837-1996/? D/BtGatt.GattService: onScanResult to scannerId: 4- eventType=0x10, addressType=0, address=5C:1, primaryPhy=1, secondaryPhy=0, advertisingSid=0xff, txPower=127, rssi=-69, periodicAdvInt=0x0
2021-11-14 20:45:40.529 2967-2967/? D/libmdf: libmdf v2.9.0.0 On 64bit PLATFORM
2021-11-14 20:45:40.541 1015-3518/? D/keystore: [getKeyCharacteristics::end]
2021-11-14 20:45:40.557 791-2621/? I/vendor.qti.bluetooth@1.0-ibs_handler: ProcessIbsCmd: Received IBS_SLEEP_IND: 0xFE
2021-11-14 20:45:40.557 674-674/? W/keymaster_tee: [WRN]begin req PARAMS: A32 B32 P1
2021-11-14 20:45:40.559 585-585/? I/hwservicemanager: getTransport: Cannot find entry vendor.samsung.hardware.radio.channel@2.0::ISehChannel/imsd in either framework or device manifest.
2021-11-14 20:45:40.562 674-674/? D/keymaster_swd: keymaster_swd [WRN] (swd_run_cb:249) swd_begin() returns 0
2021-11-14 20:45:40.562 1015-3519/? D/keystore: [BEGIN::end]
2021-11-14 20:45:40.566 674-674/? D/keymaster_swd: keymaster_swd [WRN] (swd_run_cb:249) swd_update() returns 0
2021-11-14 20:45:40.566 1015-3520/? D/keystore: [UPDATE::end]
2021-11-14 20:45:40.568 674-674/? D/keymaster_swd: keymaster_swd [WRN] (swd_run_cb:249) swd_finish() returns 0
2021-11-14 20:45:40.568 1015-3521/? D/keystore: [FINISH::end]
2021-11-14 20:45:40.579 5308-5308/? I/Utils: isCurrentUser current = 0, ownerId = 0
2021-11-14 20:45:40.579 5308-5308/? I/TrayVisibilityController: getComputedTrayVisible : keyguardState = 2
2021-11-14 20:45:40.579 5308-5308/? I/TrayVisibilityController: updateTrayVisible: State=2 visible=1 mCurrentVisible=1 specificMode=0
2021-11-14 20:45:40.579 5308-5308/? I/TrayStateController: onNotifyUpdateTray: 0 to need to visible? true
2021-11-14 20:45:40.581 3734-3734/? D/SDHMS:wb: writeSysfs:: path = /sys/class/scsi_host/host0/../../../clkscale_enable, value = 1
2021-11-14 20:45:40.657 791-2621/? I/vendor.qti.bluetooth@1.0-ibs_handler: ProcessIbsCmd: Received IBS_WAKE_IND: 0xFD
2021-11-14 20:45:40.657 791-2621/? I/vendor.qti.bluetooth@1.0-ibs_handler: ProcessIbsCmd: Writing IBS_WAKE_ACK
2021-11-14 20:45:40.658 1837-1996/? D/BtGatt.GattService: onScanResult to scannerId: 4- eventType=0x10, addressType=0, address=5C:1, primaryPhy=1, secondaryPhy=0, advertisingSid=0xff, txPower=127, rssi=-69, periodicAdvInt=0x0
2021-11-14 20:45:40.697 791-2621/? I/vendor.qti.bluetooth@1.0-ibs_handler: ProcessIbsCmd: Received IBS_SLEEP_IND: 0xFE
2021-11-14 20:45:40.906 791-2621/? I/vendor.qti.bluetooth@1.0-ibs_handler: ProcessIbsCmd: Received IBS_WAKE_IND: 0xFD
2021-11-14 20:45:40.906 791-2621/? I/vendor.qti.bluetooth@1.0-ibs_handler: ProcessIbsCmd: Writing IBS_WAKE_ACK
2021-11-14 20:45:40.907 1837-1996/? D/BtGatt.GattService: onScanResult to scannerId: 4- eventType=0x10, addressType=0, address=5C:1, primaryPhy=1, secondaryPhy=0, advertisingSid=0xff, txPower=127, rssi=-69, periodicAdvInt=0x0
2021-11-14 20:45:40.946 791-2621/? I/vendor.qti.bluetooth@1.0-ibs_handler: ProcessIbsCmd: Received IBS_SLEEP_IND: 0xFE
2021-11-14 20:45:41.068 1246-2165/? I/ActivityTaskManager: START u0 {cmp=Nalu.CP.Android/crc6429e3927486beccbc.ActivityLogin} from uid 10320
2021-11-14 20:45:41.070 1246-2165/? D/ActivityTaskManager: MultiTaskingTaskLaunchParamsModifier:task=null display-from-source=0 display-id=0 display-windowing-mode=1
2021-11-14 20:45:41.070 1246-2165/? D/ActivityTaskManager: MultiTaskingTaskLaunchParamsModifier:task=null display-from-source=0 display-id=0 display-windowing-mode=1 activity-options-fullscreen=Rect(0, 0 - 0, 0) non-freeform-display maximized-bounds
2021-11-14 20:45:41.070 1246-2165/? D/ActivityTaskManager: updateMinimizedState: unknown notifyReason=2
2021-11-14 20:45:41.072 868-1477/? I/SurfaceFlinger: id=56818 createSurf (0x0),-1 flag=80004, AppWindowToken{f9d2146 token=Token{2970921 ActivityRecord{e488b88 u0 Nalu.CP.Android/crc6429e3927486beccbc.ActivityLogin t6760}}}#0
2021-11-14 20:45:41.073 1246-2165/? V/WindowManager: Prepare app transition: transit=TRANSIT_ACTIVITY_OPEN mNextAppTransition=TRANSIT_TASK_OPEN alwaysKeepCurrent=false displayId=0 Callers=com.android.server.wm.DisplayContent.prepareAppTransition:6356 com.android.server.wm.DisplayContent.prepareAppTransition:6350 com.android.server.wm.ActivityStack.startActivityLocked:3999 com.android.server.wm.ActivityStarter.startActivityUnchecked:2918 com.android.server.wm.ActivityStarter.startActivity:2178
2021-11-14 20:45:41.074 1246-2165/? V/WindowManager: Prepare app transition: transit=TRANSIT_ACTIVITY_OPEN mNextAppTransition=TRANSIT_TASK_OPEN alwaysKeepCurrent=false displayId=0 Callers=com.android.server.wm.DisplayContent.prepareAppTransition:6356 com.android.server.wm.DisplayContent.prepareAppTransition:6350 com.android.server.wm.ActivityStack.resumeTopActivityInnerLocked:3554 com.android.server.wm.ActivityStack.resumeTopActivityUncheckedLocked:3154 com.android.server.wm.RootActivityContainer.resumeFocusedStacksTopActivities:1246
2021-11-14 20:45:41.074 1246-2165/? V/WindowManager: rotationForOrientation(orient=2, last=1); user=0
2021-11-14 20:45:41.074 1246-2165/? V/WindowOrientationListener: getProposedRotation: -1
2021-11-14 20:45:41.075 1246-2165/? V/WindowManager: Computed rotation=1 for display id=0 based on lastOrientation=2 and oldRotation=1, caller=com.android.server.wm.DisplayContent.updateOrientationFromAppTokens:1553 com.android.server.wm.DisplayContent.updateOrientationFromAppTokens:1507 com.android.server.wm.RootActivityContainer.ensureVisibilityAndConfig:688 com.android.server.wm.ActivityStackSupervisor.realStartActivityLocked:1009 com.android.server.wm.ActivityStackSupervisor.startSpecificActivityLocked:1303 com.android.server.wm.ActivityStack.resumeTopActivityInnerLocked:3785
2021-11-14 20:45:41.075 1246-2165/? D/TspStateManagerInternal: updateDefaultValue customSetting=null
2021-11-14 20:45:41.075 1246-2165/? D/GamePkgDataHelper: notifyAppCreate(), pkgName: Nalu.CP.Android, sendRet: true
2021-11-14 20:45:41.075 1246-1791/? D/GameManagerService: onLooperPrepared(), msg: { when=0 what=10010 obj=Nalu.CP.Android target=com.samsung.android.game.GameManagerService$FgCheckThread$1 }
2021-11-14 20:45:41.075 1246-1791/? D/GameManagerService: handleMessage(), received MSG_APP_CREATE of pkgName: Nalu.CP.Android
2021-11-14 20:45:41.076 1246-2165/? D/InputDispatcher: Focused application set to (0): f9d2146
2021-11-14 20:45:41.076 1246-2165/? D/MARsPolicyManager: onPackageResumedFG pkgName = Nalu.CP.Android, userId = 0
2021-11-14 20:45:41.076 1246-2165/? D/GameManagerService: identifyForegroundApp. Nalu.CP.Android, mCurrentUserId: 0, callerUserId: 0
2021-11-14 20:45:41.076 1246-2165/? D/GamePkgDataHelper: getGamePkgData(). Nalu.CP.Android
2021-11-14 20:45:41.077 1246-2165/? W/WindowManager: Execute app transition: mNextAppTransition=TRANSIT_TASK_OPEN, displayId: 0 Callers=com.android.server.wm.RootActivityContainer.executeAppTransitionForAllDisplay:1154 com.android.server.wm.ActivityStackSupervisor.reportResumedActivityLocked:2692 com.android.server.wm.ActivityRecord.completeResumeLocked:2704 com.android.server.wm.ActivityStack.minimalResumeActivityLocked:1830 com.android.server.wm.ActivityStackSupervisor.realStartActivityLocked:1214
2021-11-14 20:45:41.078 1246-2165/? V/WindowManager: performShow on Window{26edfd4 u0 Splash Screen Nalu.CP.Android}: mDrawState=READY_TO_SHOW readyForDisplay=false starting=true during animation: policyVis=false parentHidden=false tok.hiddenRequested=false tok.hidden=true animating=true tok animating=true Callers=com.android.server.wm.WindowState.performShowLocked:4812 com.android.server.wm.WindowStateAnimator.commitFinishDrawingLocked:407 com.android.server.wm.DisplayContent.lambda$new$8$DisplayContent:1026 com.android.server.wm.-$$Lambda$DisplayContent$qxt4izS31fb0LF2uo_OF9DMa7gc.accept:4
2021-11-14 20:45:41.079 1246-1356/? I/ViewRootImpl@9d4d85e[Android]: MSG_RESIZED: frame=(0,0,2560,1600) ci=(0,54,0,108) vi=(0,54,0,108) or=2
2021-11-14 20:45:41.080 1246-2165/? V/WindowManager: performShow on Window{26edfd4 u0 Splash Screen Nalu.CP.Android}: mDrawState=READY_TO_SHOW readyForDisplay=false starting=true during animation: policyVis=false parentHidden=false tok.hiddenRequested=false tok.hidden=true animating=true tok animating=true Callers=com.android.server.wm.WindowState.performShowLocked:4812 com.android.server.wm.WindowStateAnimator.commitFinishDrawingLocked:407 com.android.server.wm.DisplayContent.lambda$new$8$DisplayContent:1026 com.android.server.wm.-$$Lambda$DisplayContent$qxt4izS31fb0LF2uo_OF9DMa7gc.accept:4
2021-11-14 20:45:41.081 1246-2165/? I/ActivityTaskManager: Remove from unknown app
2021-11-14 20:45:41.084 5308-5529/? I/TrayUsageStatesWatcher: noteResumeComponent : ComponentInfo{Nalu.CP.Android/crc6429e3927486beccbc.ActivityLogin}, 4
2021-11-14 20:45:41.085 1246-1355/? D/GameManagerService: noteResumeComponent(), received resumed-component: Nalu.CP.Android
2021-11-14 20:45:41.085 1246-1791/? D/GameManagerService: onLooperPrepared(), msg: { when=0 what=10000 obj=ComponentInfo{Nalu.CP.Android/crc6429e3927486beccbc.ActivityLogin} target=com.samsung.android.game.GameManagerService$FgCheckThread$1 }
2021-11-14 20:45:41.085 1246-1791/? D/GameManagerService:NetworkLimit: callRelease
2021-11-14 20:45:41.085 1246-1791/? D/GameManagerService: handleResume(). device is locked yet. ignore
2021-11-14 20:45:41.085 1246-1355/? D/GameManagerService: identifyForegroundApp. Nalu.CP.Android, mCurrentUserId: 0, callerUserId: 0
2021-11-14 20:45:41.085 1246-1355/? D/GamePkgDataHelper: getGamePkgData(). Nalu.CP.Android
2021-11-14 20:45:41.086 4453-4512/? D/[AirCmd]_CallbackRepeater: stopRepeat : isWorking=false
2021-11-14 20:45:41.086 1246-1355/? D/GameManagerService: identifyForegroundApp. Nalu.CP.Android, mCurrentUserId: 0, callerUserId: 0
2021-11-14 20:45:41.086 4453-4512/? D/[AirCmd]_NotRecognizedGestureGuidePanelTrigger: updateState
2021-11-14 20:45:41.086 1246-1355/? D/GamePkgDataHelper: getGamePkgData(). Nalu.CP.Android
2021-11-14 20:45:41.086 1246-1355/? D/GameManagerService: identifyForegroundApp. Nalu.CP.Android, mCurrentUserId: 0, callerUserId: 0
2021-11-14 20:45:41.086 1246-1355/? D/GamePkgDataHelper: getGamePkgData(). Nalu.CP.Android
2021-11-14 20:45:41.086 4453-4512/? D/[AirCmd]_NotSpenActionScreenGuidePanelTrigger: updateState
2021-11-14 20:45:41.086 1246-1355/? D/GameManagerService: identifyForegroundApp. Nalu.CP.Android, mCurrentUserId: 0, callerUserId: 0
2021-11-14 20:45:41.087 1246-1355/? D/GamePkgDataHelper: getGamePkgData(). Nalu.CP.Android
2021-11-14 20:45:41.087 4453-4512/? D/[AirCmd]_MediaControlStateMonitor: getActiveSessionsForUser : userId = 0
2021-11-14 20:45:41.087 1246-1355/? D/GameManagerService: identifyForegroundApp. Nalu.CP.Android, mCurrentUserId: 0, callerUserId: 0
2021-11-14 20:45:41.087 1246-1355/? D/GamePkgDataHelper: getGamePkgData(). Nalu.CP.Android
2021-11-14 20:45:41.088 1246-1355/? D/GameManagerService: identifyForegroundApp. Nalu.CP.Android, mCurrentUserId: 0, callerUserId: 0
2021-11-14 20:45:41.088 1246-1355/? D/GamePkgDataHelper: getGamePkgData(). Nalu.CP.Android
2021-11-14 20:45:41.087 4453-4512/? D/[AirCmd]_MediaControlStateMonitor: getActiveSessionsForUser : userId = 0
2021-11-14 20:45:41.089 4453-4512/? D/[AirCmd]_MediaControlStateMonitor: getActivePackageName : notification list, media session list is null
2021-11-14 20:45:41.089 4453-4512/? D/[AirCmd]_RemoteSpenMainController: hasGeneralAction : packageName is Nalu.CP.Android, activityName is crc6429e3927486beccbc.ActivityLogin, hasActions is false
2021-11-14 20:45:41.089 4453-4512/? D/[AirCmd]_CameraAvailabilityMonitor: isCameraPreviewOn : mIsCameraPreviewOn is false
2021-11-14 20:45:41.089 1246-1355/? D/GameManagerService: identifyForegroundApp. Nalu.CP.Android, mCurrentUserId: 0, callerUserId: 0
2021-11-14 20:45:41.089 1246-1355/? D/GamePkgDataHelper: getGamePkgData(). Nalu.CP.Android
2021-11-14 20:45:41.090 1817-2325/? I/Telephony: SamsungPhoneInterfaceManagerCallHelper: isVideoCall: false
2021-11-14 20:45:41.090 1246-1355/? D/GameManagerService: identifyForegroundApp. Nalu.CP.Android, mCurrentUserId: 0, callerUserId: 0
2021-11-14 20:45:41.090 1246-1355/? D/GamePkgDataHelper: getGamePkgData(). Nalu.CP.Android
2021-11-14 20:45:41.092 1246-1355/? D/GameManagerService: identifyForegroundApp. Nalu.CP.Android, mCurrentUserId: 0, callerUserId: 0
2021-11-14 20:45:41.092 1246-1355/? D/GamePkgDataHelper: getGamePkgData(). Nalu.CP.Android
2021-11-14 20:45:41.092 4453-4512/? D/[AirCmd]_CameraAvailabilityMonitor: isCameraPreviewOn : mIsCameraPreviewOn is false
2021-11-14 20:45:41.093 1246-1355/? D/GameManagerService: identifyForegroundApp. Nalu.CP.Android, mCurrentUserId: 0, callerUserId: 0
2021-11-14 20:45:41.093 1246-1355/? D/GamePkgDataHelper: getGamePkgData(). Nalu.CP.Android
2021-11-14 20:45:41.093 1246-1355/? D/GameManagerService: identifyForegroundApp. Nalu.CP.Android, mCurrentUserId: 0, callerUserId: 0
2021-11-14 20:45:41.093 1246-1355/? D/GamePkgDataHelper: getGamePkgData(). Nalu.CP.Android
2021-11-14 20:45:41.094 1817-2325/? I/Telephony: SamsungPhoneInterfaceManagerCallHelper: isVideoCall: false
2021-11-14 20:45:41.094 1246-1355/? D/GameManagerService: identifyForegroundApp. Nalu.CP.Android, mCurrentUserId: 0, callerUserId: 0
2021-11-14 20:45:41.094 1246-1355/? D/GamePkgDataHelper: getGamePkgData(). Nalu.CP.Android
2021-11-14 20:45:41.095 4453-4512/? D/[AirCmd]_MediaControlStateMonitor: getActiveSessionsForUser : userId = 0
2021-11-14 20:45:41.095 1246-1355/? D/GameManagerService: identifyForegroundApp. Nalu.CP.Android, mCurrentUserId: 0, callerUserId: 0
2021-11-14 20:45:41.095 1246-1355/? D/GamePkgDataHelper: getGamePkgData(). Nalu.CP.Android
2021-11-14 20:45:41.096 1246-1355/? D/GameManagerService: identifyForegroundApp. Nalu.CP.Android, mCurrentUserId: 0, callerUserId: 0
2021-11-14 20:45:41.096 1246-1355/? D/GamePkgDataHelper: getGamePkgData(). Nalu.CP.Android
2021-11-14 20:45:41.097 1246-1355/? D/GameManagerService: identifyForegroundApp. Nalu.CP.Android, mCurrentUserId: 0, callerUserId: 0
2021-11-14 20:45:41.097 1246-1355/? D/GamePkgDataHelper: getGamePkgData(). Nalu.CP.Android
2021-11-14 20:45:41.096 4453-4512/? D/[AirCmd]_MediaControlStateMonitor: getActiveSessionsForUser : userId = 0
2021-11-14 20:45:41.097 4453-4512/? D/[AirCmd]_MediaControlStateMonitor: getActivePackageName : notification list, media session list is null
2021-11-14 20:45:41.097 4453-4512/? D/[AirCmd]_PenActionRule: getAction : get default action data from remote action because pen action data is null.
2021-11-14 20:45:41.097 4453-4512/? D/[AirCmd]_RemoteSpenMainController: onSwitch : has double click action = true
2021-11-14 20:45:41.097 4453-4512/? D/[AirCmd]_BleSpenButtonActionDetector: enableDoubleClickDetection: enabled=true, doubleClickWaitInterval=300
2021-11-14 20:45:41.097 4453-4512/? D/[AirCmd]_RemoteSpenMainController: onSwitch : package is Nalu.CP.Android and activity is crc6429e3927486beccbc.ActivityLogin and isBleConnected is false and hasActions is false
2021-11-14 20:45:41.098 4453-4453/? D/AC:FloatingIconController: onBleFloatingIconStateChanged isEnabled : false, delay : 250
2021-11-14 20:45:41.098 1246-1355/? D/GameManagerService: identifyForegroundApp. Nalu.CP.Android, mCurrentUserId: 0, callerUserId: 0
2021-11-14 20:45:41.098 1246-1355/? D/GamePkgDataHelper: getGamePkgData(). Nalu.CP.Android
2021-11-14 20:45:41.099 1246-1355/? D/GameManagerService: identifyForegroundApp. Nalu.CP.Android, mCurrentUserId: 0, callerUserId: 0
2021-11-14 20:45:41.099 1246-1355/? D/GamePkgDataHelper: getGamePkgData(). Nalu.CP.Android
2021-11-14 20:45:41.100 1246-1355/? D/GameManagerService: identifyForegroundApp. Nalu.CP.Android, mCurrentUserId: 0, callerUserId: 0
2021-11-14 20:45:41.100 1246-1355/? D/GamePkgDataHelper: getGamePkgData(). Nalu.CP.Android
2021-11-14 20:45:41.101 1246-1355/? D/GameManagerService: identifyForegroundApp. Nalu.CP.Android, mCurrentUserId: 0, callerUserId: 0
2021-11-14 20:45:41.101 1246-1355/? D/GamePkgDataHelper: getGamePkgData(). Nalu.CP.Android
2021-11-14 20:45:41.102 1246-1355/? D/GameManagerService: identifyForegroundApp. Nalu.CP.Android, mCurrentUserId: 0, callerUserId: 0
2021-11-14 20:45:41.102 1246-1355/? D/GamePkgDataHelper: getGamePkgData(). Nalu.CP.Android
2021-11-14 20:45:41.103 1246-1355/? D/GameManagerService: identifyForegroundApp. Nalu.CP.Android, mCurrentUserId: 0, callerUserId: 0
2021-11-14 20:45:41.103 1246-1355/? D/GamePkgDataHelper: getGamePkgData(). Nalu.CP.Android
2021-11-14 20:45:41.103 1246-2165/? I/GenerationRegistry: mBackingStore.isClosed() : false
2021-11-14 20:45:41.104 1246-1355/? D/GameManagerService: identifyForegroundApp. Nalu.CP.Android, mCurrentUserId: 0, callerUserId: 0
2021-11-14 20:45:41.104 1246-1355/? D/GamePkgDataHelper: getGamePkgData(). Nalu.CP.Android
2021-11-14 20:45:41.104 1246-1355/? D/GameManagerService: identifyForegroundApp. Nalu.CP.Android, mCurrentUserId: 0, callerUserId: 0
2021-11-14 20:45:41.105 1246-1355/? D/GamePkgDataHelper: getGamePkgData(). Nalu.CP.Android
2021-11-14 20:45:41.105 1246-1355/? D/GameManagerService: identifyForegroundApp. Nalu.CP.Android, mCurrentUserId: 0, callerUserId: 0
2021-11-14 20:45:41.105 1246-1355/? D/GamePkgDataHelper: getGamePkgData(). Nalu.CP.Android
2021-11-14 20:45:41.106 1246-1355/? D/GameManagerService: identifyForegroundApp. Nalu.CP.Android, mCurrentUserId: 0, callerUserId: 0
2021-11-14 20:45:41.106 1246-1355/? D/GamePkgDataHelper: getGamePkgData(). Nalu.CP.Android
2021-11-14 20:45:41.107 1246-1355/? D/GameManagerService: identifyForegroundApp. Nalu.CP.Android, mCurrentUserId: 0, callerUserId: 0
2021-11-14 20:45:41.107 1246-1355/? D/GamePkgDataHelper: getGamePkgData(). Nalu.CP.Android
2021-11-14 20:45:41.108 1246-1355/? D/GameManagerService: identifyForegroundApp. Nalu.CP.Android, mCurrentUserId: 0, callerUserId: 0
2021-11-14 20:45:41.108 1246-1355/? D/GamePkgDataHelper: getGamePkgData(). Nalu.CP.Android
2021-11-14 20:45:41.109 1246-1355/? D/GameManagerService: identifyForegroundApp. Nalu.CP.Android, mCurrentUserId: 0, callerUserId: 0
2021-11-14 20:45:41.109 1246-1355/? D/GamePkgDataHelper: getGamePkgData(). Nalu.CP.Android
2021-11-14 20:45:41.109 2967-2967/? D/PhoneWindow: forceLight changed to true [] from com.android.internal.policy.PhoneWindow.updateForceLightNavigationBar:4274 com.android.internal.policy.DecorView.updateColorViews:1547 com.android.internal.policy.PhoneWindow.dispatchWindowAttributesChanged:3252 android.view.Window.setFlags:1153 com.android.internal.policy.PhoneWindow.generateLayout:2474
2021-11-14 20:45:41.109 2967-2967/? I/MultiWindowDecorSupport: [INFO] isPopOver = false
2021-11-14 20:45:41.110 2967-2967/? I/MultiWindowDecorSupport: updateCaptionType >> DecorView@45f5b24[], isFloating: false, isApplication: true, hasWindowDecorCaption: false, hasWindowControllerCallback: true
2021-11-14 20:45:41.110 2967-2967/? D/MultiWindowDecorSupport: setCaptionType = 0, DecorView = DecorView@45f5b24[]
2021-11-14 20:45:41.110 1246-1355/? D/GameManagerService: identifyForegroundApp. Nalu.CP.Android, mCurrentUserId: 0, callerUserId: 0
2021-11-14 20:45:41.110 1246-1355/? D/GamePkgDataHelper: getGamePkgData(). Nalu.CP.Android
2021-11-14 20:45:41.111 1246-1355/? D/GameManagerService: identifyForegroundApp. Nalu.CP.Android, mCurrentUserId: 0, callerUserId: 0
2021-11-14 20:45:41.111 1246-1355/? D/GamePkgDataHelper: getGamePkgData(). Nalu.CP.Android
2021-11-14 20:45:41.111 1246-1355/? D/GameManagerService: identifyForegroundApp. Nalu.CP.Android, mCurrentUserId: 0, callerUserId: 0
2021-11-14 20:45:41.111 1246-1355/? D/GamePkgDataHelper: getGamePkgData(). Nalu.CP.Android
2021-11-14 20:45:41.112 1246-1355/? D/GameManagerService: identifyForegroundApp. Nalu.CP.Android, mCurrentUserId: 0, callerUserId: 0
2021-11-14 20:45:41.112 1246-1355/? D/GamePkgDataHelper: getGamePkgData(). Nalu.CP.Android
2021-11-14 20:45:41.113 1246-1355/? D/GameManagerService: identifyForegroundApp. Nalu.CP.Android, mCurrentUserId: 0, callerUserId: 0
2021-11-14 20:45:41.113 1246-1355/? D/GamePkgDataHelper: getGamePkgData(). Nalu.CP.Android
2021-11-14 20:45:41.114 1246-1355/? D/GameManagerService: identifyForegroundApp. Nalu.CP.Android, mCurrentUserId: 0, callerUserId: 0
2021-11-14 20:45:41.114 1246-1355/? D/GamePkgDataHelper: getGamePkgData(). Nalu.CP.Android
2021-11-14 20:45:41.115 1246-1355/? D/GameManagerService: identifyForegroundApp. Nalu.CP.Android, mCurrentUserId: 0, callerUserId: 0
2021-11-14 20:45:41.115 1246-1355/? D/GamePkgDataHelper: getGamePkgData(). Nalu.CP.Android
2021-11-14 20:45:41.116 1246-2165/? D/GameManagerService: identifyForegroundApp. Nalu.CP.Android, mCurrentUserId: 0, callerUserId: 0
2021-11-14 20:45:41.116 1246-2165/? D/GamePkgDataHelper: getGamePkgData(). Nalu.CP.Android
2021-11-14 20:45:41.116 1246-1355/? D/GameManagerService: identifyForegroundApp. Nalu.CP.Android, mCurrentUserId: 0, callerUserId: 0
2021-11-14 20:45:41.116 1246-1355/? D/GamePkgDataHelper: getGamePkgData(). Nalu.CP.Android
2021-11-14 20:45:41.117 1246-1355/? D/GameManagerService: identifyForegroundApp. Nalu.CP.Android, mCurrentUserId: 0, callerUserId: 0
2021-11-14 20:45:41.117 1246-1355/? D/GamePkgDataHelper: getGamePkgData(). Nalu.CP.Android
2021-11-14 20:45:41.117 1246-1355/? D/GameManagerService: identifyForegroundApp. Nalu.CP.Android, mCurrentUserId: 0, callerUserId: 0
2021-11-14 20:45:41.117 1246-1355/? D/GamePkgDataHelper: getGamePkgData(). Nalu.CP.Android
2021-11-14 20:45:41.118 1246-1355/? D/GameManagerService: identifyForegroundApp. Nalu.CP.Android, mCurrentUserId: 0, callerUserId: 0
2021-11-14 20:45:41.118 1246-1355/? D/GamePkgDataHelper: getGamePkgData(). Nalu.CP.Android
2021-11-14 20:45:41.118 1246-1355/? D/GameManagerService: identifyForegroundApp. Nalu.CP.Android, mCurrentUserId: 0, callerUserId: 0
2021-11-14 20:45:41.118 1246-1355/? D/GamePkgDataHelper: getGamePkgData(). Nalu.CP.Android
2021-11-14 20:45:41.119 1246-1355/? D/GameManagerService: identifyForegroundApp. Nalu.CP.Android, mCurrentUserId: 0, callerUserId: 0
2021-11-14 20:45:41.119 1246-1355/? D/GamePkgDataHelper: getGamePkgData(). Nalu.CP.Android
2021-11-14 20:45:41.119 1246-1355/? D/GameManagerService: identifyForegroundApp. Nalu.CP.Android, mCurrentUserId: 0, callerUserId: 0
2021-11-14 20:45:41.119 1246-1355/? D/GamePkgDataHelper: getGamePkgData(). Nalu.CP.Android
2021-11-14 20:45:41.120 1246-1355/? D/GameManagerService: identifyForegroundApp. Nalu.CP.Android, mCurrentUserId: 0, callerUserId: 0
2021-11-14 20:45:41.120 1246-1355/? D/GamePkgDataHelper: getGamePkgData(). Nalu.CP.Android
2021-11-14 20:45:41.121 1246-1355/? D/GameManagerService: identifyForegroundApp. Nalu.CP.Android, mCurrentUserId: 0, callerUserId: 0
2021-11-14 20:45:41.121 1246-1355/? D/GamePkgDataHelper: getGamePkgData(). Nalu.CP.Android
2021-11-14 20:45:41.121 1246-1355/? D/GameManagerService: identifyForegroundApp. Nalu.CP.Android, mCurrentUserId: 0, callerUserId: 0
2021-11-14 20:45:41.121 1246-1355/? D/GamePkgDataHelper: getGamePkgData(). Nalu.CP.Android
2021-11-14 20:45:41.122 1246-1355/? D/GameManagerService: identifyForegroundApp. Nalu.CP.Android, mCurrentUserId: 0, callerUserId: 0
2021-11-14 20:45:41.122 1246-1355/? D/GamePkgDataHelper: getGamePkgData(). Nalu.CP.Android
2021-11-14 20:45:41.123 1246-1355/? D/GameManagerService: identifyForegroundApp. Nalu.CP.Android, mCurrentUserId: 0, callerUserId: 0
2021-11-14 20:45:41.123 1246-1355/? D/GamePkgDataHelper: getGamePkgData(). Nalu.CP.Android
2021-11-14 20:45:41.123 1246-1355/? D/GameManagerService: identifyForegroundApp. Nalu.CP.Android, mCurrentUserId: 0, callerUserId: 0
2021-11-14 20:45:41.123 1246-1355/? D/GamePkgDataHelper: getGamePkgData(). Nalu.CP.Android
2021-11-14 20:45:41.124 1246-1355/? D/GameManagerService: identifyForegroundApp. Nalu.CP.Android, mCurrentUserId: 0, callerUserId: 0
2021-11-14 20:45:41.124 1246-1355/? D/GamePkgDataHelper: getGamePkgData(). Nalu.CP.Android
2021-11-14 20:45:41.125 1246-1355/? D/GameManagerService: identifyForegroundApp. Nalu.CP.Android, mCurrentUserId: 0, callerUserId: 0
2021-11-14 20:45:41.125 1246-1355/? D/GamePkgDataHelper: getGamePkgData(). Nalu.CP.Android
2021-11-14 20:45:41.125 1246-1355/? D/GameManagerService: identifyForegroundApp. Nalu.CP.Android, mCurrentUserId: 0, callerUserId: 0
2021-11-14 20:45:41.125 1246-1355/? D/GamePkgDataHelper: getGamePkgData(). Nalu.CP.Android
2021-11-14 20:45:41.125 1246-1355/? D/GameManagerService: identifyForegroundApp. Nalu.CP.Android, mCurrentUserId: 0, callerUserId: 0
2021-11-14 20:45:41.125 1246-1355/? D/GamePkgDataHelper: getGamePkgData(). Nalu.CP.Android
2021-11-14 20:45:41.126 1246-1355/? D/GameManagerService: identifyForegroundApp. Nalu.CP.Android, mCurrentUserId: 0, callerUserId: 0
2021-11-14 20:45:41.126 1246-1355/? D/GamePkgDataHelper: getGamePkgData(). Nalu.CP.Android
2021-11-14 20:45:41.127 1246-1355/? D/GameManagerService: identifyForegroundApp. Nalu.CP.Android, mCurrentUserId: 0, callerUserId: 0
2021-11-14 20:45:41.127 1246-1355/? D/GamePkgDataHelper: getGamePkgData(). Nalu.CP.Android
2021-11-14 20:45:41.127 1246-1355/? D/GameManagerService: identifyForegroundApp. Nalu.CP.Android, mCurrentUserId: 0, callerUserId: 0
2021-11-14 20:45:41.127 1246-1355/? D/GamePkgDataHelper: getGamePkgData(). Nalu.CP.Android
2021-11-14 20:45:41.128 1246-1355/? D/GameManagerService: identifyForegroundApp. Nalu.CP.Android, mCurrentUserId: 0, callerUserId: 0
2021-11-14 20:45:41.128 1246-1355/? D/GamePkgDataHelper: getGamePkgData(). Nalu.CP.Android
2021-11-14 20:45:41.129 1246-1355/? D/GameManagerService: identifyForegroundApp. Nalu.CP.Android, mCurrentUserId: 0, callerUserId: 0
2021-11-14 20:45:41.129 1246-1355/? D/GamePkgDataHelper: getGamePkgData(). Nalu.CP.Android
2021-11-14 20:45:41.129 1246-1355/? D/GameManagerService: identifyForegroundApp. Nalu.CP.Android, mCurrentUserId: 0, callerUserId: 0
2021-11-14 20:45:41.129 1246-1355/? D/GamePkgDataHelper: getGamePkgData(). Nalu.CP.Android
2021-11-14 20:45:41.130 1246-1355/? D/GameManagerService: identifyForegroundApp. Nalu.CP.Android, mCurrentUserId: 0, callerUserId: 0
2021-11-14 20:45:41.130 1246-1355/? D/GamePkgDataHelper: getGamePkgData(). Nalu.CP.Android
2021-11-14 20:45:41.131 1246-1355/? D/GameManagerService: identifyForegroundApp. Nalu.CP.Android, mCurrentUserId: 0, callerUserId: 0
2021-11-14 20:45:41.131 1246-1355/? D/GamePkgDataHelper: getGamePkgData(). Nalu.CP.Android
2021-11-14 20:45:41.131 1246-1355/? D/GameManagerService: identifyForegroundApp. Nalu.CP.Android, mCurrentUserId: 0, callerUserId: 0
2021-11-14 20:45:41.131 1246-1355/? D/GamePkgDataHelper: getGamePkgData(). Nalu.CP.Android
2021-11-14 20:45:41.132 1246-1355/? D/GameManagerService: identifyForegroundApp. Nalu.CP.Android, mCurrentUserId: 0, callerUserId: 0
2021-11-14 20:45:41.132 1246-1355/? D/GamePkgDataHelper: getGamePkgData(). Nalu.CP.Android
2021-11-14 20:45:41.133 1246-1355/? D/GameManagerService: identifyForegroundApp. Nalu.CP.Android, mCurrentUserId: 0, callerUserId: 0
2021-11-14 20:45:41.133 1246-1355/? D/GamePkgDataHelper: getGamePkgData(). Nalu.CP.Android
2021-11-14 20:45:41.133 1246-1355/? D/GameManagerService: identifyForegroundApp. Nalu.CP.Android, mCurrentUserId: 0, callerUserId: 0
2021-11-14 20:45:41.133 1246-1355/? D/GamePkgDataHelper: getGamePkgData(). Nalu.CP.Android
2021-11-14 20:45:41.134 1246-1355/? D/GameManagerService: identifyForegroundApp. Nalu.CP.Android, mCurrentUserId: 0, callerUserId: 0
2021-11-14 20:45:41.134 1246-1355/? D/GamePkgDataHelper: getGamePkgData(). Nalu.CP.Android
2021-11-14 20:45:41.135 1246-1355/? D/GameManagerService: identifyForegroundApp. Nalu.CP.Android, mCurrentUserId: 0, callerUserId: 0
2021-11-14 20:45:41.135 1246-1355/? D/GamePkgDataHelper: getGamePkgData(). Nalu.CP.Android
2021-11-14 20:45:41.135 1246-1355/? D/GameManagerService: identifyForegroundApp. Nalu.CP.Android, mCurrentUserId: 0, callerUserId: 0
2021-11-14 20:45:41.135 1246-1355/? D/GamePkgDataHelper: getGamePkgData(). Nalu.CP.Android
2021-11-14 20:45:41.136 1246-1355/? D/GameManagerService: identifyForegroundApp. Nalu.CP.Android, mCurrentUserId: 0, callerUserId: 0
2021-11-14 20:45:41.136 1246-1355/? D/GamePkgDataHelper: getGamePkgData(). Nalu.CP.Android
2021-11-14 20:45:41.136 1246-1355/? D/GameManagerService: identifyForegroundApp. Nalu.CP.Android, mCurrentUserId: 0, callerUserId: 0
2021-11-14 20:45:41.137 1246-1355/? D/GamePkgDataHelper: getGamePkgData(). Nalu.CP.Android
2021-11-14 20:45:41.137 1246-1355/? D/GameManagerService: identifyForegroundApp. Nalu.CP.Android, mCurrentUserId: 0, callerUserId: 0
2021-11-14 20:45:41.137 1246-1355/? D/GamePkgDataHelper: getGamePkgData(). Nalu.CP.Android
2021-11-14 20:45:41.138 1246-1355/? D/GameManagerService: identifyForegroundApp. Nalu.CP.Android, mCurrentUserId: 0, callerUserId: 0
2021-11-14 20:45:41.138 1246-1355/? D/GamePkgDataHelper: getGamePkgData(). Nalu.CP.Android
2021-11-14 20:45:41.138 1246-1355/? D/GameManagerService: identifyForegroundApp. Nalu.CP.Android, mCurrentUserId: 0, callerUserId: 0
2021-11-14 20:45:41.138 1246-1355/? D/GamePkgDataHelper: getGamePkgData(). Nalu.CP.Android
2021-11-14 20:45:41.139 1246-1355/? D/GameManagerService: identifyForegroundApp. Nalu.CP.Android, mCurrentUserId: 0, callerUserId: 0
2021-11-14 20:45:41.139 1246-1355/? D/GamePkgDataHelper: getGamePkgData(). Nalu.CP.Android
2021-11-14 20:45:41.140 1246-1355/? D/GameManagerService: identifyForegroundApp. Nalu.CP.Android, mCurrentUserId: 0, callerUserId: 0
2021-11-14 20:45:41.140 1246-1355/? D/GamePkgDataHelper: getGamePkgData(). Nalu.CP.Android
2021-11-14 20:45:41.140 1246-1355/? D/GameManagerService: identifyForegroundApp. Nalu.CP.Android, mCurrentUserId: 0, callerUserId: 0
2021-11-14 20:45:41.140 1246-1355/? D/GamePkgDataHelper: getGamePkgData(). Nalu.CP.Android
2021-11-14 20:45:41.141 1246-1355/? D/GameManagerService: identifyForegroundApp. Nalu.CP.Android, mCurrentUserId: 0, callerUserId: 0
2021-11-14 20:45:41.141 1246-1355/? D/GamePkgDataHelper: getGamePkgData(). Nalu.CP.Android
2021-11-14 20:45:41.142 1246-1355/? D/GameManagerService: identifyForegroundApp. Nalu.CP.Android, mCurrentUserId: 0, callerUserId: 0
2021-11-14 20:45:41.142 1246-1355/? D/GamePkgDataHelper: getGamePkgData(). Nalu.CP.Android
2021-11-14 20:45:41.142 1246-1355/? D/GameManagerService: identifyForegroundApp. Nalu.CP.Android, mCurrentUserId: 0, callerUserId: 0
2021-11-14 20:45:41.142 1246-1355/? D/GamePkgDataHelper: getGamePkgData(). Nalu.CP.Android
2021-11-14 20:45:41.143 1246-1355/? D/GameManagerService: identifyForegroundApp. Nalu.CP.Android, mCurrentUserId: 0, callerUserId: 0
2021-11-14 20:45:41.143 1246-1355/? D/GamePkgDataHelper: getGamePkgData(). Nalu.CP.Android
2021-11-14 20:45:41.144 1246-1355/? D/GameManagerService: identifyForegroundApp. Nalu.CP.Android, mCurrentUserId: 0, callerUserId: 0
2021-11-14 20:45:41.144 1246-1355/? D/GamePkgDataHelper: getGamePkgData(). Nalu.CP.Android
2021-11-14 20:45:41.144 1246-1355/? D/GameManagerService: identifyForegroundApp. Nalu.CP.Android, mCurrentUserId: 0, callerUserId: 0
2021-11-14 20:45:41.144 1246-1355/? D/GamePkgDataHelper: getGamePkgData(). Nalu.CP.Android
2021-11-14 20:45:41.145 1246-1355/? D/GameManagerService: identifyForegroundApp. Nalu.CP.Android, mCurrentUserId: 0, callerUserId: 0
2021-11-14 20:45:41.145 1246-1355/? D/GamePkgDataHelper: getGamePkgData(). Nalu.CP.Android
2021-11-14 20:45:41.145 791-2621/? I/vendor.qti.bluetooth@1.0-ibs_handler: ProcessIbsCmd: Received IBS_WAKE_IND: 0xFD
2021-11-14 20:45:41.145 791-2621/? I/vendor.qti.bluetooth@1.0-ibs_handler: ProcessIbsCmd: Writing IBS_WAKE_ACK
2021-11-14 20:45:41.146 1246-1355/? D/GameManagerService: identifyForegroundApp. Nalu.CP.Android, mCurrentUserId: 0, callerUserId: 0
2021-11-14 20:45:41.146 1246-1355/? D/GamePkgDataHelper: getGamePkgData(). Nalu.CP.Android
2021-11-14 20:45:41.146 1246-1355/? D/GameManagerService: identifyForegroundApp. Nalu.CP.Android, mCurrentUserId: 0, callerUserId: 0
2021-11-14 20:45:41.146 1246-1355/? D/GamePkgDataHelper: getGamePkgData(). Nalu.CP.Android
2021-11-14 20:45:41.147 1246-1355/? D/GameManagerService: identifyForegroundApp. Nalu.CP.Android, mCurrentUserId: 0, callerUserId: 0
2021-11-14 20:45:41.147 1246-1355/? D/GamePkgDataHelper: getGamePkgData(). Nalu.CP.Android
2021-11-14 20:45:41.148 1837-1996/? D/BtGatt.GattService: onScanResult to scannerId: 4- eventType=0x10, addressType=0, address=5C:1, primaryPhy=1, secondaryPhy=0, advertisingSid=0xff, txPower=127, rssi=-69, periodicAdvInt=0x0
2021-11-14 20:45:41.148 1246-1355/? D/GameManagerService: identifyForegroundApp. Nalu.CP.Android, mCurrentUserId: 0, callerUserId: 0
2021-11-14 20:45:41.148 1246-1355/? D/GamePkgDataHelper: getGamePkgData(). Nalu.CP.Android
2021-11-14 20:45:41.148 1246-1355/? D/GameManagerService: identifyForegroundApp. Nalu.CP.Android, mCurrentUserId: 0, callerUserId: 0
2021-11-14 20:45:41.148 1246-1355/? D/GamePkgDataHelper: getGamePkgData(). Nalu.CP.Android
2021-11-14 20:45:41.149 1246-1355/? D/GameManagerService: identifyForegroundApp. Nalu.CP.Android, mCurrentUserId: 0, callerUserId: 0
2021-11-14 20:45:41.149 1246-1355/? D/GamePkgDataHelper: getGamePkgData(). Nalu.CP.Android
2021-11-14 20:45:41.150 1246-1355/? D/GameManagerService: identifyForegroundApp. Nalu.CP.Android, mCurrentUserId: 0, callerUserId: 0
2021-11-14 20:45:41.150 1246-1355/? D/GamePkgDataHelper: getGamePkgData(). Nalu.CP.Android
2021-11-14 20:45:41.150 1246-1355/? D/GameManagerService: identifyForegroundApp. Nalu.CP.Android, mCurrentUserId: 0, callerUserId: 0
2021-11-14 20:45:41.150 1246-1355/? D/GamePkgDataHelper: getGamePkgData(). Nalu.CP.Android
2021-11-14 20:45:41.151 3182-3462/? W/gle.android.gm: Long monitor contention with owner lowpool[3] (3226) at void ova.h()(:com.google.android.gms@213918037@21.39.18 (120400-407637301):1) waiters=0 in boolean ova.n() for 2.001s
2021-11-14 20:45:41.151 1246-1355/? D/GameManagerService: identifyForegroundApp. Nalu.CP.Android, mCurrentUserId: 0, callerUserId: 0
2021-11-14 20:45:41.151 1246-1355/? D/GamePkgDataHelper: getGamePkgData(). Nalu.CP.Android
2021-11-14 20:45:41.152 1246-1355/? D/GameManagerService: identifyForegroundApp. Nalu.CP.Android, mCurrentUserId: 0, callerUserId: 0
2021-11-14 20:45:41.152 1246-1355/? D/GamePkgDataHelper: getGamePkgData(). Nalu.CP.Android
2021-11-14 20:45:41.152 3182-3226/? W/MdnsDeviceScannerEntry: Invalid remote control notifications enabled status; 0
2021-11-14 20:45:41.152 1246-1355/? D/GameManagerService: identifyForegroundApp. Nalu.CP.Android, mCurrentUserId: 0, callerUserId: 0
2021-11-14 20:45:41.152 1246-1355/? D/GamePkgDataHelper: getGamePkgData(). Nalu.CP.Android
2021-11-14 20:45:41.153 1246-1355/? D/GameManagerService: identifyForegroundApp. Nalu.CP.Android, mCurrentUserId: 0, callerUserId: 0
2021-11-14 20:45:41.153 1246-1355/? D/GamePkgDataHelper: getGamePkgData(). Nalu.CP.Android
2021-11-14 20:45:41.154 1246-1355/? D/GameManagerService: identifyForegroundApp. Nalu.CP.Android, mCurrentUserId: 0, callerUserId: 0
2021-11-14 20:45:41.154 1246-1355/? D/GamePkgDataHelper: getGamePkgData(). Nalu.CP.Android
2021-11-14 20:45:41.155 1246-1355/? D/GameManagerService: identifyForegroundApp. Nalu.CP.Android, mCurrentUserId: 0, callerUserId: 0
2021-11-14 20:45:41.155 1246-1355/? D/GamePkgDataHelper: getGamePkgData(). Nalu.CP.Android
2021-11-14 20:45:41.155 1246-1355/? D/GameManagerService: identifyForegroundApp. Nalu.CP.Android, mCurrentUserId: 0, callerUserId: 0
2021-11-14 20:45:41.155 1246-1355/? D/GamePkgDataHelper: getGamePkgData(). Nalu.CP.Android
2021-11-14 20:45:41.156 1246-1355/? D/GameManagerService: identifyForegroundApp. Nalu.CP.Android, mCurrentUserId: 0, callerUserId: 0
